--
-- Host: localhost    Database: solarblock
-- ------------------------------------------------------


--
-- Table structure for table `actions`
--

CREATE TABLE `actions` (
  `id` int(11) NOT NULL AUTO_INCREMENT,
  `storage_item` int(11) DEFAULT NULL,
  `action_id` int(11) DEFAULT NULL,
  `order` int(11) DEFAULT NULL,
  `qty` int(11) DEFAULT NULL,
  `parts` varchar(255) DEFAULT NULL,
  `created_at` datetime DEFAULT NULL,
  `prev` text,
  `user_id` int(11) DEFAULT NULL,
  `comment` varchar(255) DEFAULT NULL,
  PRIMARY KEY (`id`),
  KEY `FK_actions_storage` (`storage_item`),
  CONSTRAINT `FK_actions_storage` FOREIGN KEY (`storage_item`) REFERENCES `storage` (`id`) ON DELETE CASCADE ON UPDATE CASCADE
) ENGINE=InnoDB AUTO_INCREMENT=229 DEFAULT CHARSET=utf8;

--
-- Dumping data for table `actions`
--

INSERT INTO `actions` VALUES (1,2,1,321,1,NULL,'2017-07-26 13:29:24','{\"qty\":10,\"parts\":[],\"reserved\":[]}',6,NULL),(2,5,1,299,NULL,'6','2017-07-26 13:37:25','{\"qty\":10,\"parts\":[],\"reserved\":[]}',6,NULL),(3,1,4,NULL,25,NULL,'2017-10-16 16:16:06','{\"qty\":10,\"parts\":[],\"reserved\":[]}',6,NULL),(4,1,3,NULL,NULL,'22','2017-10-16 16:16:22','{\"qty\":35,\"parts\":[],\"reserved\":[]}',6,NULL),(5,1,1,NULL,32,NULL,'2017-10-16 16:18:11','{\"qty\":35,\"parts\":[],\"reserved\":[]}',6,NULL),(6,2,4,NULL,4,NULL,'2017-10-16 16:18:41','{\"qty\":9,\"parts\":[],\"reserved\":[]}',6,NULL),(10,5,4,NULL,5,NULL,'2017-10-16 16:20:52','{\"qty\":9,\"parts\":[{\"id\":1,\"length\":24}],\"reserved\":[]}',6,NULL),(11,5,3,NULL,NULL,'12','2017-10-16 16:21:02','{\"qty\":14,\"parts\":[{\"id\":1,\"length\":24}],\"reserved\":[]}',6,NULL),(12,3,4,NULL,7,NULL,'2017-10-16 16:21:40','{\"qty\":10,\"parts\":[],\"reserved\":[]}',6,NULL),(13,3,3,NULL,NULL,'26','2017-10-16 16:21:46','{\"qty\":17,\"parts\":[],\"reserved\":[]}',6,NULL),(14,4,4,NULL,1,NULL,'2017-10-16 16:22:06','{\"qty\":10,\"parts\":[],\"reserved\":[]}',6,NULL),(15,4,3,NULL,NULL,'26','2017-10-16 16:22:17','{\"qty\":11,\"parts\":[],\"reserved\":[]}',6,NULL),(16,4,3,NULL,NULL,'22','2017-10-16 16:22:21','{\"qty\":11,\"parts\":[],\"reserved\":[]}',6,NULL),(17,13,4,NULL,22,NULL,'2017-10-16 16:23:06','{\"qty\":1,\"parts\":[],\"reserved\":[]}',6,NULL),(18,13,3,NULL,NULL,'20','2017-10-16 16:26:42','{\"qty\":23,\"parts\":[],\"reserved\":[]}',6,NULL),(19,13,3,NULL,NULL,'5','2017-10-16 16:26:46','{\"qty\":23,\"parts\":[],\"reserved\":[]}',6,NULL),(20,13,3,NULL,NULL,'10','2017-10-16 16:26:50','{\"qty\":23,\"parts\":[],\"reserved\":[]}',6,NULL),(21,6,1,NULL,NULL,'2','2017-10-16 16:27:19','{\"qty\":5,\"parts\":[],\"reserved\":[]}',6,NULL),(22,10,4,NULL,6,NULL,'2017-10-16 16:27:44','{\"qty\":4,\"parts\":[],\"reserved\":[]}',6,NULL),(23,10,1,NULL,NULL,'4','2017-10-16 16:27:49','{\"qty\":10,\"parts\":[],\"reserved\":[]}',6,NULL),(24,7,4,NULL,24,NULL,'2017-10-16 16:28:15','{\"qty\":10,\"parts\":[],\"reserved\":[]}',6,NULL),(25,7,1,NULL,NULL,'8','2017-10-16 16:28:20','{\"qty\":34,\"parts\":[],\"reserved\":[]}',6,NULL),(26,2,3,NULL,NULL,'25','2017-10-17 08:59:01','{\"qty\":13,\"parts\":[],\"reserved\":[]}',6,NULL),(27,2,3,NULL,NULL,'10','2017-10-17 08:59:05','{\"qty\":13,\"parts\":[{\"id\":5,\"length\":25}],\"reserved\":[]}',6,NULL),(28,2,3,NULL,NULL,'16','2017-10-17 08:59:10','{\"qty\":13,\"parts\":[{\"id\":5,\"length\":25},{\"id\":6,\"length\":10}],\"reserved\":[]}',6,NULL),(29,15,1,NULL,NULL,'7','2017-10-17 15:37:37','{\"qty\":2,\"parts\":[],\"reserved\":[]}',6,NULL),(30,1,3,NULL,8,'','2017-10-20 14:57:41','{\"qty\":3,\"parts\":[],\"reserved\":[]}',6,NULL),(32,7,1,619,NULL,'4','2017-10-23 16:55:35','{\"qty\":33,\"parts\":[{\"id\":4,\"length\":22}],\"reserved\":[]}',6,NULL),(33,7,1,630,NULL,'3','2017-10-23 16:55:58','{\"qty\":32,\"parts\":[{\"id\":4,\"length\":22},{\"id\":9,\"length\":26}],\"reserved\":[]}',6,NULL),(34,3,1,610,1,NULL,'2017-10-23 16:56:37','{\"qty\":17,\"parts\":[],\"reserved\":[]}',6,NULL),(35,3,1,625,3,NULL,'2017-10-23 16:56:45','{\"qty\":16,\"parts\":[],\"reserved\":[]}',6,NULL),(36,1,1,615,NULL,'3','2017-10-23 16:57:23','{\"qty\":11,\"parts\":[],\"reserved\":[]}',6,NULL),(37,1,1,633,NULL,'1','2017-10-23 16:58:50','{\"qty\":10,\"parts\":[{\"id\":11,\"length\":27}],\"reserved\":[]}',6,NULL),(38,7,1,642,NULL,'8','2017-10-23 23:36:16','{\"qty\":31,\"parts\":[{\"id\":4,\"length\":22},{\"id\":9,\"length\":26},{\"id\":10,\"length\":27}],\"reserved\":[]}',6,NULL),(39,10,1,640,1,'15','2017-10-23 23:36:46','{\"qty\":9,\"parts\":[{\"id\":3,\"length\":26}],\"reserved\":[]}',6,NULL),(40,2,1,648,NULL,'3','2017-10-23 23:37:55','{\"qty\":13,\"parts\":[{\"id\":5,\"length\":25},{\"id\":6,\"length\":10},{\"id\":7,\"length\":16}],\"reserved\":[]}',6,NULL),(41,13,1,651,NULL,'4','2017-10-23 23:38:36','{\"qty\":23,\"parts\":[],\"reserved\":[]}',6,NULL),(43,4,3,NULL,4,'','2017-10-25 15:37:29','{\"qty\":11,\"parts\":[],\"reserved\":[]}',6,NULL),(44,1,3,NULL,2,'','2017-10-25 15:37:45','{\"qty\":9,\"parts\":[{\"id\":17,\"length\":27},{\"id\":18,\"length\":29}],\"reserved\":[]}',6,NULL),(45,1,1,682,NULL,'2','2017-10-27 09:17:09','{\"qty\":11,\"parts\":[{\"id\":17,\"length\":27},{\"id\":18,\"length\":29}],\"reserved\":[]}',286,'Заявка №682'),(46,37,3,NULL,NULL,'25','2017-10-28 13:56:11','{\"qty\":null,\"parts\":[],\"reserved\":[]}',6,NULL),(47,37,3,NULL,NULL,'23','2017-10-28 13:56:31','{\"qty\":0,\"parts\":[{\"id\":19,\"length\":25}],\"reserved\":[]}',6,NULL),(48,17,3,NULL,NULL,'24','2017-10-28 13:56:56','{\"qty\":null,\"parts\":[],\"reserved\":[]}',6,NULL),(49,18,3,NULL,NULL,'17','2017-10-28 13:57:15','{\"qty\":null,\"parts\":[],\"reserved\":[]}',6,NULL),(50,19,3,NULL,NULL,'4','2017-10-28 13:57:38','{\"qty\":null,\"parts\":[],\"reserved\":[]}',6,NULL),(51,20,3,NULL,NULL,'20','2017-10-28 13:57:56','{\"qty\":null,\"parts\":[],\"reserved\":[]}',6,NULL),(52,21,3,NULL,NULL,'6','2017-10-28 13:58:13','{\"qty\":null,\"parts\":[],\"reserved\":[]}',6,NULL),(53,23,3,NULL,NULL,'22','2017-10-28 13:58:53','{\"qty\":null,\"parts\":[],\"reserved\":[]}',6,NULL),(54,23,3,NULL,NULL,'13','2017-10-28 13:59:03','{\"qty\":0,\"parts\":[{\"id\":26,\"length\":22}],\"reserved\":[]}',6,NULL),(55,24,3,NULL,NULL,'14','2017-10-28 13:59:19','{\"qty\":null,\"parts\":[],\"reserved\":[]}',6,NULL),(56,38,3,NULL,NULL,'15','2017-10-28 13:59:49','{\"qty\":null,\"parts\":[],\"reserved\":[]}',6,NULL),(57,11,3,NULL,NULL,'7','2017-10-28 14:00:17','{\"qty\":1,\"parts\":[],\"reserved\":[]}',6,NULL),(58,11,3,NULL,NULL,'2','2017-10-28 14:00:28','{\"qty\":1,\"parts\":[{\"id\":30,\"length\":7}],\"reserved\":[]}',6,NULL),(59,11,3,NULL,NULL,'2','2017-10-28 14:00:35','{\"qty\":1,\"parts\":[{\"id\":30,\"length\":7},{\"id\":31,\"length\":2}],\"reserved\":[]}',6,NULL),(60,11,3,NULL,NULL,'12','2017-10-28 14:00:43','{\"qty\":1,\"parts\":[{\"id\":30,\"length\":7},{\"id\":31,\"length\":2},{\"id\":32,\"length\":2}],\"reserved\":[]}',6,NULL),(61,27,3,NULL,NULL,'3','2017-10-28 14:01:19','{\"qty\":null,\"parts\":[],\"reserved\":[]}',6,NULL),(62,28,3,NULL,NULL,'1','2017-10-28 14:01:52','{\"qty\":null,\"parts\":[],\"reserved\":[]}',6,NULL),(68,28,3,NULL,NULL,'2','2017-10-28 14:07:50','{\"qty\":0,\"parts\":[{\"id\":59,\"length\":1}],\"reserved\":[]}',6,NULL),(69,28,3,NULL,NULL,'2','2017-10-28 14:07:58','{\"qty\":0,\"parts\":[{\"id\":59,\"length\":1},{\"id\":60,\"length\":2}],\"reserved\":[]}',6,NULL),(70,28,3,NULL,NULL,'7','2017-10-28 14:08:04','{\"qty\":0,\"parts\":[{\"id\":59,\"length\":1},{\"id\":60,\"length\":2},{\"id\":61,\"length\":2}],\"reserved\":[]}',6,NULL),(71,28,3,NULL,NULL,'25','2017-10-28 14:08:28','{\"qty\":0,\"parts\":[{\"id\":59,\"length\":1},{\"id\":60,\"length\":2},{\"id\":61,\"length\":2},{\"id\":62,\"length\":7}],\"reserved\":[]}',6,NULL),(72,29,3,NULL,NULL,'4','2017-10-28 14:08:46','{\"qty\":null,\"parts\":[],\"reserved\":[]}',6,NULL),(73,30,3,NULL,NULL,'16','2017-10-28 14:09:08','{\"qty\":null,\"parts\":[],\"reserved\":[]}',6,NULL),(74,31,3,NULL,NULL,'13','2017-10-28 14:09:30','{\"qty\":null,\"parts\":[],\"reserved\":[]}',6,NULL),(75,32,3,NULL,NULL,'25','2017-10-28 14:10:05','{\"qty\":null,\"parts\":[],\"reserved\":[]}',6,NULL),(76,32,3,NULL,2,'','2017-10-28 14:10:23','{\"qty\":0,\"parts\":[{\"id\":67,\"length\":25}],\"reserved\":[]}',6,NULL),(77,33,3,NULL,NULL,'1','2017-10-28 14:10:55','{\"qty\":null,\"parts\":[],\"reserved\":[]}',6,NULL),(78,34,3,NULL,NULL,'7','2017-10-28 14:11:14','{\"qty\":null,\"parts\":[],\"reserved\":[]}',6,NULL),(79,35,3,NULL,NULL,'1','2017-10-28 14:11:35','{\"qty\":null,\"parts\":[],\"reserved\":[]}',6,NULL),(80,36,3,NULL,NULL,'20','2017-10-28 14:11:52','{\"qty\":null,\"parts\":[],\"reserved\":[]}',6,NULL),(81,13,1,653,NULL,'5','2017-10-30 16:54:43','{\"qty\":22,\"parts\":[{\"id\":16,\"length\":26}],\"reserved\":[]}',6,NULL),(82,13,1,658,NULL,'6','2017-10-30 16:55:05','{\"qty\":22,\"parts\":[{\"id\":16,\"length\":21}],\"reserved\":[]}',6,NULL),(83,7,1,646,1,NULL,'2017-10-30 16:56:00','{\"qty\":30,\"parts\":[{\"id\":4,\"length\":22},{\"id\":9,\"length\":26},{\"id\":10,\"length\":27},{\"id\":13,\"length\":22}],\"reserved\":[]}',6,NULL),(84,7,1,663,NULL,'2','2017-10-30 16:56:20','{\"qty\":29,\"parts\":[{\"id\":4,\"length\":22},{\"id\":9,\"length\":26},{\"id\":10,\"length\":27},{\"id\":13,\"length\":22}],\"reserved\":[]}',6,NULL),(85,13,1,656,NULL,'7','2017-10-30 16:56:44','{\"qty\":22,\"parts\":[{\"id\":16,\"length\":15}],\"reserved\":[]}',6,NULL),(86,16,1,674,NULL,'6','2017-10-30 16:57:13','{\"qty\":2,\"parts\":[],\"reserved\":[]}',6,NULL),(87,7,1,666,NULL,'2','2017-10-30 16:57:47','{\"qty\":29,\"parts\":[{\"id\":4,\"length\":20},{\"id\":9,\"length\":26},{\"id\":10,\"length\":27},{\"id\":13,\"length\":22}],\"reserved\":[]}',6,NULL),(89,29,1,666,NULL,'1','2017-10-31 06:24:36','{\"qty\":0,\"parts\":[{\"id\":74,\"length\":4}],\"reserved\":[]}',6,NULL),(90,10,1,671,NULL,'5','2017-10-31 06:34:51','{\"qty\":7,\"parts\":[{\"id\":3,\"length\":26},{\"id\":14,\"length\":15}],\"reserved\":[]}',6,NULL),(91,8,1,672,NULL,'3','2017-10-31 06:35:25','{\"qty\":10,\"parts\":[],\"reserved\":[]}',6,NULL),(92,4,1,643,NULL,'2','2017-10-31 06:36:06','{\"qty\":15,\"parts\":[],\"reserved\":[]}',6,NULL),(93,13,1,686,NULL,'2','2017-10-31 06:36:35','{\"qty\":22,\"parts\":[{\"id\":16,\"length\":8}],\"reserved\":[]}',6,NULL),(94,7,1,632,3,NULL,'2017-10-31 06:36:59','{\"qty\":29,\"parts\":[{\"id\":4,\"length\":18},{\"id\":9,\"length\":26},{\"id\":10,\"length\":27},{\"id\":13,\"length\":22}],\"reserved\":[]}',6,NULL),(95,7,1,659,1,NULL,'2017-10-31 06:37:35','{\"qty\":26,\"parts\":[{\"id\":4,\"length\":18},{\"id\":9,\"length\":26},{\"id\":10,\"length\":27},{\"id\":13,\"length\":22}],\"reserved\":[]}',6,NULL),(96,4,1,685,NULL,'4','2017-10-31 06:38:07','{\"qty\":14,\"parts\":[{\"id\":76,\"length\":28}],\"reserved\":[]}',6,NULL),(97,30,1,0,NULL,'1','2017-10-31 06:48:31','{\"qty\":0,\"parts\":[{\"id\":65,\"length\":16}],\"reserved\":[]}',6,NULL),(98,23,1,0,NULL,'1','2017-10-31 06:49:25','{\"qty\":0,\"parts\":[{\"id\":26,\"length\":22},{\"id\":27,\"length\":13}],\"reserved\":[]}',6,NULL),(99,27,1,0,NULL,'1','2017-10-31 06:49:43','{\"qty\":0,\"parts\":[{\"id\":34,\"length\":3}],\"reserved\":[]}',6,NULL),(100,21,1,0,NULL,'1','2017-10-31 06:50:11','{\"qty\":0,\"parts\":[{\"id\":25,\"length\":6}],\"reserved\":[]}',6,NULL),(101,18,1,0,NULL,'1','2017-10-31 06:50:30','{\"qty\":0,\"parts\":[{\"id\":22,\"length\":17}],\"reserved\":[]}',6,NULL),(102,24,1,0,NULL,'1','2017-10-31 06:50:51','{\"qty\":0,\"parts\":[{\"id\":28,\"length\":14}],\"reserved\":[]}',6,NULL),(103,14,1,0,NULL,'1','2017-10-31 06:51:12','{\"qty\":1,\"parts\":[],\"reserved\":[]}',6,NULL),(104,13,1,0,NULL,'1','2017-10-31 06:51:31','{\"qty\":22,\"parts\":[{\"id\":16,\"length\":6}],\"reserved\":[]}',6,NULL),(105,1,1,0,NULL,'1','2017-10-31 06:56:47','{\"qty\":11,\"parts\":[{\"id\":17,\"length\":25},{\"id\":18,\"length\":29}],\"reserved\":[]}',6,NULL),(106,2,1,0,NULL,'1','2017-10-31 06:57:09','{\"qty\":12,\"parts\":[{\"id\":5,\"length\":25},{\"id\":6,\"length\":10},{\"id\":7,\"length\":16},{\"id\":15,\"length\":27}],\"reserved\":[]}',6,NULL),(107,5,1,0,NULL,'1','2017-10-31 06:57:19','{\"qty\":14,\"parts\":[{\"id\":1,\"length\":24}],\"reserved\":[]}',6,NULL),(108,3,1,0,NULL,'1','2017-10-31 06:58:04','{\"qty\":13,\"parts\":[],\"reserved\":[]}',6,NULL),(109,4,1,0,NULL,'1','2017-10-31 06:58:18','{\"qty\":14,\"parts\":[{\"id\":76,\"length\":24}],\"reserved\":[]}',6,NULL),(110,6,1,0,NULL,'1','2017-10-31 06:58:31','{\"qty\":4,\"parts\":[{\"id\":2,\"length\":28}],\"reserved\":[]}',6,NULL),(111,10,1,0,NULL,'1','2017-10-31 06:58:48','{\"qty\":7,\"parts\":[{\"id\":3,\"length\":26},{\"id\":14,\"length\":10}],\"reserved\":[]}',6,NULL),(112,7,1,0,NULL,'1','2017-10-31 06:59:07','{\"qty\":25,\"parts\":[{\"id\":4,\"length\":18},{\"id\":9,\"length\":26},{\"id\":10,\"length\":27},{\"id\":13,\"length\":22}],\"reserved\":[]}',6,NULL),(113,1,1,615,NULL,'3','2017-10-31 21:05:36','{\"qty\":11,\"parts\":[{\"id\":17,\"length\":24},{\"id\":18,\"length\":29}],\"reserved\":[]}',6,'Заявка №615'),(114,7,1,632,3,NULL,'2017-10-31 21:13:38','{\"qty\":25,\"parts\":[{\"id\":4,\"length\":17},{\"id\":9,\"length\":26},{\"id\":10,\"length\":27},{\"id\":13,\"length\":22}],\"reserved\":[]}',6,'Заявка №632'),(115,10,1,640,1,NULL,'2017-10-31 21:19:53','{\"qty\":7,\"parts\":[{\"id\":3,\"length\":26},{\"id\":14,\"length\":9}],\"reserved\":[]}',6,'Заявка №640'),(116,10,1,640,NULL,'15','2017-10-31 21:19:53','{\"qty\":6,\"parts\":[{\"id\":3,\"length\":26},{\"id\":14,\"length\":9}],\"reserved\":[]}',6,'Заявка №640'),(117,7,1,646,1,NULL,'2017-10-31 21:23:17','{\"qty\":22,\"parts\":[{\"id\":4,\"length\":17},{\"id\":9,\"length\":26},{\"id\":10,\"length\":27},{\"id\":13,\"length\":22}],\"reserved\":[]}',6,'Заявка №646'),(118,13,1,653,NULL,'5','2017-10-31 21:24:37','{\"qty\":22,\"parts\":[{\"id\":16,\"length\":5}],\"reserved\":[]}',6,'Заявка №653'),(119,7,1,666,NULL,'2','2017-10-31 21:34:30','{\"qty\":21,\"parts\":[{\"id\":4,\"length\":17},{\"id\":9,\"length\":26},{\"id\":10,\"length\":27},{\"id\":13,\"length\":22}],\"reserved\":[]}',6,'Заявка №666'),(120,29,1,666,NULL,'1','2017-10-31 21:34:30','{\"qty\":0,\"parts\":[{\"id\":74,\"length\":3}],\"reserved\":[]}',6,'Заявка №666'),(121,1,1,707,NULL,'1','2017-11-01 15:44:37','{\"qty\":11,\"parts\":[{\"id\":17,\"length\":21},{\"id\":18,\"length\":29}],\"reserved\":[]}',6,'Заявка №707'),(122,1,1,698,1,NULL,'2017-11-01 20:04:11','{\"qty\":11,\"parts\":[{\"id\":17,\"length\":20},{\"id\":18,\"length\":29}],\"reserved\":[]}',6,'Заявка №698'),(123,7,1,710,NULL,'2','2017-11-02 11:11:29','{\"qty\":21,\"parts\":[{\"id\":4,\"length\":15},{\"id\":9,\"length\":26},{\"id\":10,\"length\":27},{\"id\":13,\"length\":22}],\"reserved\":[]}',6,'Заявка №710'),(124,1,1,711,NULL,'1','2017-11-02 12:55:40','{\"qty\":10,\"parts\":[{\"id\":17,\"length\":20},{\"id\":18,\"length\":29}],\"reserved\":[]}',6,'Заявка №711'),(125,1,1,719,NULL,'1','2017-11-03 15:49:22','{\"qty\":10,\"parts\":[{\"id\":17,\"length\":19},{\"id\":18,\"length\":29}],\"reserved\":[]}',6,'Заявка №719'),(126,8,1,716,2,NULL,'2017-11-03 15:51:13','{\"qty\":9,\"parts\":[{\"id\":75,\"length\":27}],\"reserved\":[]}',6,'Заявка №716'),(127,39,1,611,2,NULL,'2017-11-07 11:30:56','{\"qty\":2,\"parts\":[],\"reserved\":[]}',6,NULL),(128,19,1,665,3,NULL,'2017-11-07 12:49:42','{\"qty\":3,\"parts\":[{\"id\":23,\"length\":4}],\"reserved\":[]}',6,NULL),(129,29,1,697,5,NULL,'2017-11-07 12:50:07','{\"qty\":6,\"parts\":[{\"id\":74,\"length\":2}],\"reserved\":[]}',6,NULL),(130,40,1,637,1,NULL,'2017-11-07 12:50:30','{\"qty\":1,\"parts\":[],\"reserved\":[]}',6,NULL),(131,4,1,705,NULL,'5','2017-11-07 12:51:14','{\"qty\":14,\"parts\":[{\"id\":76,\"length\":23}],\"reserved\":[]}',6,NULL),(132,4,1,703,NULL,'2','2017-11-07 12:51:35','{\"qty\":14,\"parts\":[{\"id\":76,\"length\":18}],\"reserved\":[]}',6,NULL),(134,1,1,645,NULL,'4','2017-11-07 12:52:31','{\"qty\":10,\"parts\":[{\"id\":79,\"length\":18},{\"id\":80,\"length\":29}],\"reserved\":[]}',6,NULL),(135,6,4,NULL,6,NULL,'2017-11-07 12:55:17','{\"qty\":4,\"parts\":[{\"id\":2,\"length\":27}],\"reserved\":[]}',6,NULL),(136,32,1,701,1,NULL,'2017-11-07 12:57:56','{\"qty\":2,\"parts\":[{\"id\":67,\"length\":25}],\"reserved\":[]}',6,'Заявка №701'),(137,10,1,714,1,NULL,'2017-11-07 13:02:23','{\"qty\":6,\"parts\":[{\"id\":3,\"length\":11},{\"id\":14,\"length\":9}],\"reserved\":[]}',6,'Заявка №714'),(138,13,1,717,NULL,'5','2017-11-07 13:02:54','{\"qty\":22,\"parts\":[],\"reserved\":[]}',6,'Заявка №717'),(139,7,1,718,10,NULL,'2017-11-07 13:03:29','{\"qty\":21,\"parts\":[{\"id\":4,\"length\":13},{\"id\":9,\"length\":26},{\"id\":10,\"length\":27},{\"id\":13,\"length\":22}],\"reserved\":[]}',6,'Заявка №718'),(140,10,1,718,1,NULL,'2017-11-07 13:03:29','{\"qty\":5,\"parts\":[{\"id\":3,\"length\":11},{\"id\":14,\"length\":9}],\"reserved\":[]}',6,'Заявка №718'),(141,7,1,721,NULL,'3','2017-11-07 13:03:58','{\"qty\":11,\"parts\":[{\"id\":4,\"length\":13},{\"id\":9,\"length\":26},{\"id\":10,\"length\":27},{\"id\":13,\"length\":22}],\"reserved\":[]}',6,'Заявка №721'),(142,7,1,694,8,NULL,'2017-11-07 13:04:51','{\"qty\":11,\"parts\":[{\"id\":4,\"length\":10},{\"id\":9,\"length\":26},{\"id\":10,\"length\":27},{\"id\":13,\"length\":22}],\"reserved\":[]}',6,'Заявка №694'),(143,6,1,668,6,NULL,'2017-11-07 13:07:40','{\"qty\":10,\"parts\":[{\"id\":2,\"length\":27}],\"reserved\":[]}',6,NULL),(144,19,1,693,1,NULL,'2017-11-07 13:09:01','{\"qty\":1,\"parts\":[{\"id\":23,\"length\":4}],\"reserved\":[]}',6,NULL),(145,4,1,693,NULL,'1','2017-11-07 13:09:34','{\"qty\":14,\"parts\":[{\"id\":76,\"length\":16}],\"reserved\":[]}',6,NULL),(146,2,1,719,NULL,'1','2017-11-07 13:13:28','{\"qty\":12,\"parts\":[{\"id\":5,\"length\":25},{\"id\":6,\"length\":9},{\"id\":7,\"length\":16},{\"id\":15,\"length\":27}],\"reserved\":[]}',6,NULL),(147,2,1,716,3,NULL,'2017-11-07 13:14:31','{\"qty\":12,\"parts\":[{\"id\":5,\"length\":25},{\"id\":6,\"length\":8},{\"id\":7,\"length\":16},{\"id\":15,\"length\":27}],\"reserved\":[]}',6,NULL),(148,10,1,687,NULL,'2','2017-11-07 13:15:18','{\"qty\":4,\"parts\":[{\"id\":3,\"length\":11},{\"id\":14,\"length\":9}],\"reserved\":[]}',6,NULL),(149,4,1,715,NULL,'2','2017-11-07 13:17:03','{\"qty\":14,\"parts\":[{\"id\":76,\"length\":15}],\"reserved\":[]}',6,NULL),(150,2,1,715,NULL,'2','2017-11-07 13:17:28','{\"qty\":9,\"parts\":[{\"id\":5,\"length\":25},{\"id\":6,\"length\":8},{\"id\":7,\"length\":16},{\"id\":15,\"length\":27}],\"reserved\":[]}',6,NULL),(151,7,1,701,1,NULL,'2017-11-07 13:18:59','{\"qty\":3,\"parts\":[{\"id\":4,\"length\":10},{\"id\":9,\"length\":26},{\"id\":10,\"length\":27},{\"id\":13,\"length\":22}],\"reserved\":[]}',6,NULL),(152,10,3,NULL,2,'','2017-11-07 13:26:46','{\"qty\":4,\"parts\":[{\"id\":3,\"length\":11},{\"id\":14,\"length\":7}],\"reserved\":[]}',6,NULL),(153,1,3,NULL,NULL,'3','2017-11-07 13:52:26','{\"qty\":10,\"parts\":[{\"id\":79,\"length\":14},{\"id\":80,\"length\":29}],\"reserved\":[]}',6,NULL),(154,29,3,NULL,NULL,'1','2017-11-07 13:55:56','{\"qty\":1,\"parts\":[{\"id\":74,\"length\":2}],\"reserved\":[]}',6,NULL),(155,10,3,NULL,1,'15','2017-11-07 13:56:25','{\"qty\":6,\"parts\":[{\"id\":3,\"length\":11},{\"id\":14,\"length\":7}],\"reserved\":[]}',6,NULL),(156,13,3,NULL,NULL,'5','2017-11-07 13:58:31','{\"qty\":21,\"parts\":[{\"id\":81,\"length\":25}],\"reserved\":[]}',6,NULL),(157,13,1,725,NULL,'1','2017-11-07 14:16:54','{\"qty\":21,\"parts\":[{\"id\":81,\"length\":25},{\"id\":85,\"length\":5}],\"reserved\":[]}',6,'Заявка №725'),(161,4,1,728,NULL,'4','2017-11-08 21:11:28','{\"qty\":14,\"parts\":[{\"id\":76,\"length\":13}],\"reserved\":[]}',6,'Заявка №728'),(162,4,1,730,NULL,'4','2017-11-09 11:47:29','{\"qty\":14,\"parts\":[{\"id\":76,\"length\":9}],\"reserved\":[]}',6,'Заявка №730'),(163,1,1,732,NULL,'2','2017-11-09 12:28:52','{\"qty\":10,\"parts\":[{\"id\":92,\"length\":14},{\"id\":93,\"length\":29},{\"id\":94,\"length\":3}],\"reserved\":[]}',6,'Заявка №732'),(164,1,1,731,NULL,'6','2017-11-09 13:22:14','{\"qty\":10,\"parts\":[{\"id\":92,\"length\":14},{\"id\":93,\"length\":29},{\"id\":94,\"length\":1}],\"reserved\":[]}',6,'Заявка №731'),(165,13,1,736,NULL,'6','2017-11-09 16:39:47','{\"qty\":21,\"parts\":[{\"id\":81,\"length\":25},{\"id\":85,\"length\":4}],\"reserved\":[]}',6,'Заявка №736'),(166,29,1,746,NULL,'2','2017-11-10 16:02:52','{\"qty\":1,\"parts\":[{\"id\":74,\"length\":2},{\"id\":83,\"length\":1}],\"reserved\":[]}',6,'Заявка №746'),(167,1,1,729,1,NULL,'2017-11-13 12:21:37','{\"qty\":10,\"parts\":[{\"id\":92,\"length\":8},{\"id\":93,\"length\":29},{\"id\":94,\"length\":1}],\"reserved\":[]}',6,'Заявка №729'),(168,13,1,734,NULL,'1','2017-11-13 12:22:17','{\"qty\":21,\"parts\":[{\"id\":81,\"length\":19},{\"id\":85,\"length\":4}],\"reserved\":[]}',6,'Заявка №734'),(169,29,1,738,NULL,'4','2017-11-13 12:22:44','{\"qty\":1,\"parts\":[{\"id\":83,\"length\":1}],\"reserved\":[]}',6,'Заявка №738'),(170,13,1,739,NULL,'5','2017-11-13 12:25:43','{\"qty\":21,\"parts\":[{\"id\":81,\"length\":19},{\"id\":85,\"length\":3}],\"reserved\":[]}',6,'Заявка №739'),(171,7,1,742,1,NULL,'2017-11-13 12:26:22','{\"qty\":2,\"parts\":[{\"id\":4,\"length\":10},{\"id\":9,\"length\":26},{\"id\":10,\"length\":27},{\"id\":13,\"length\":22}],\"reserved\":[]}',6,'Заявка №742'),(172,1,1,753,NULL,'1','2017-11-13 15:51:01','{\"qty\":9,\"parts\":[{\"id\":92,\"length\":8},{\"id\":93,\"length\":29},{\"id\":94,\"length\":1}],\"reserved\":[]}',6,'Заявка №753'),(173,1,1,727,1,NULL,'2017-11-13 20:07:59','{\"qty\":9,\"parts\":[{\"id\":92,\"length\":8},{\"id\":93,\"length\":29}],\"reserved\":[]}',6,NULL),(175,19,1,735,NULL,'3','2017-11-13 20:16:23','{\"qty\":0,\"parts\":[{\"id\":97,\"length\":4}],\"reserved\":[]}',6,NULL),(176,5,1,751,NULL,'2','2017-11-14 11:41:21','{\"qty\":14,\"parts\":[{\"id\":1,\"length\":23}],\"reserved\":[]}',6,'Заявка №751'),(177,19,4,NULL,2,NULL,'2017-11-14 11:43:18','{\"qty\":0,\"parts\":[{\"id\":97,\"length\":1}],\"reserved\":[]}',6,NULL),(178,1,1,748,NULL,'1','2017-11-14 17:16:56','{\"qty\":8,\"parts\":[{\"id\":92,\"length\":8},{\"id\":93,\"length\":29}],\"reserved\":[]}',6,'Заявка №748'),(179,6,1,758,NULL,'1','2017-11-15 10:40:50','{\"qty\":4,\"parts\":[{\"id\":2,\"length\":27}],\"reserved\":[]}',6,'Заявка №758'),(181,4,1,762,1,NULL,'2017-11-17 11:38:55','{\"qty\":14,\"parts\":[{\"id\":76,\"length\":5}],\"reserved\":[]}',6,'Заявка №762'),(182,7,1,772,NULL,'1','2017-11-17 13:28:42','{\"qty\":1,\"parts\":[{\"id\":4,\"length\":10},{\"id\":9,\"length\":26},{\"id\":10,\"length\":27},{\"id\":13,\"length\":22}],\"reserved\":[]}',6,'Заявка №772'),(183,13,1,757,NULL,'4','2017-11-17 14:40:01','{\"qty\":21,\"parts\":[{\"id\":81,\"length\":14},{\"id\":85,\"length\":3}],\"reserved\":[]}',6,'Заявка №757'),(184,1,1,768,1,NULL,'2017-11-17 17:30:54','{\"qty\":8,\"parts\":[{\"id\":98,\"length\":7},{\"id\":99,\"length\":29}],\"reserved\":[]}',6,'Заявка №768'),(185,7,1,210,NULL,'3','2017-11-19 17:56:58','{\"qty\":1,\"parts\":[{\"id\":4,\"length\":9},{\"id\":9,\"length\":26},{\"id\":10,\"length\":27},{\"id\":13,\"length\":22}],\"reserved\":[]}',6,'Заявка №210'),(186,19,1,769,NULL,'3','2017-11-20 16:27:37','{\"qty\":2,\"parts\":[{\"id\":97,\"length\":1}],\"reserved\":[]}',6,NULL),(187,1,1,779,NULL,'2','2017-11-20 16:42:13','{\"qty\":7,\"parts\":[{\"id\":98,\"length\":7},{\"id\":99,\"length\":29}],\"reserved\":[]}',6,'Заявка №779'),(188,1,1,781,1,NULL,'2017-11-20 16:44:08','{\"qty\":7,\"parts\":[{\"id\":98,\"length\":5},{\"id\":99,\"length\":29}],\"reserved\":[]}',6,'Заявка №781'),(189,1,1,755,NULL,'4','2017-11-20 21:09:09','{\"qty\":6,\"parts\":[{\"id\":98,\"length\":5},{\"id\":99,\"length\":29}],\"reserved\":[]}',6,'Заявка №755'),(191,1,3,NULL,2,'','2017-11-22 12:05:26','{\"qty\":6,\"parts\":[{\"id\":98,\"length\":1},{\"id\":99,\"length\":29}],\"reserved\":[]}',6,NULL),(192,2,3,NULL,2,'','2017-11-22 12:05:43','{\"qty\":9,\"parts\":[{\"id\":5,\"length\":25},{\"id\":6,\"length\":6},{\"id\":7,\"length\":16},{\"id\":15,\"length\":27}],\"reserved\":[]}',6,NULL),(193,7,3,NULL,6,'','2017-11-22 12:06:07','{\"qty\":1,\"parts\":[{\"id\":4,\"length\":6},{\"id\":9,\"length\":26},{\"id\":10,\"length\":27},{\"id\":13,\"length\":22}],\"reserved\":[]}',6,NULL),(194,10,3,NULL,2,'','2017-11-22 12:06:21','{\"qty\":7,\"parts\":[{\"id\":101,\"length\":11},{\"id\":102,\"length\":7},{\"id\":103,\"length\":15}],\"reserved\":[]}',6,NULL),(195,13,1,786,1,NULL,'2017-11-22 14:51:42','{\"qty\":21,\"parts\":[{\"id\":81,\"length\":10},{\"id\":85,\"length\":3}],\"reserved\":[]}',6,'Заявка №786'),(196,7,1,784,NULL,'6','2017-11-23 11:15:50','{\"qty\":7,\"parts\":[{\"id\":4,\"length\":6},{\"id\":9,\"length\":26},{\"id\":10,\"length\":27},{\"id\":13,\"length\":22}],\"reserved\":[]}',6,'Заявка №784'),(197,10,3,NULL,40,'','2017-11-23 15:19:40','{\"qty\":9,\"parts\":[{\"id\":101,\"length\":11},{\"id\":102,\"length\":7},{\"id\":103,\"length\":15}],\"reserved\":[]}',6,NULL),(198,7,3,NULL,25,'','2017-11-23 15:19:51','{\"qty\":7,\"parts\":[{\"id\":9,\"length\":26},{\"id\":10,\"length\":27},{\"id\":13,\"length\":22}],\"reserved\":[]}',6,NULL),(199,7,1,785,8,NULL,'2017-11-24 16:45:24','{\"qty\":32,\"parts\":[{\"id\":9,\"length\":26},{\"id\":10,\"length\":27},{\"id\":13,\"length\":22}],\"reserved\":[]}',6,'Заявка №785'),(200,8,1,785,2,NULL,'2017-11-24 16:45:24','{\"qty\":7,\"parts\":[{\"id\":75,\"length\":27}],\"reserved\":[]}',6,'Заявка №785'),(201,10,1,785,6,NULL,'2017-11-24 16:45:24','{\"qty\":49,\"parts\":[{\"id\":101,\"length\":11},{\"id\":102,\"length\":7},{\"id\":103,\"length\":15}],\"reserved\":[]}',6,'Заявка №785'),(202,13,1,785,2,NULL,'2017-11-24 16:45:24','{\"qty\":20,\"parts\":[{\"id\":81,\"length\":10},{\"id\":85,\"length\":3}],\"reserved\":[]}',6,'Заявка №785'),(203,1,1,792,1,NULL,'2017-11-27 14:23:35','{\"qty\":8,\"parts\":[{\"id\":98,\"length\":1},{\"id\":99,\"length\":29}],\"reserved\":[]}',6,'Заявка №792'),(204,2,1,790,1,NULL,'2017-11-27 14:23:56','{\"qty\":11,\"parts\":[{\"id\":5,\"length\":25},{\"id\":6,\"length\":6},{\"id\":7,\"length\":16},{\"id\":15,\"length\":27}],\"reserved\":[]}',6,'Заявка №790'),(205,10,1,789,NULL,'3','2017-11-27 14:24:28','{\"qty\":43,\"parts\":[{\"id\":101,\"length\":11},{\"id\":102,\"length\":7},{\"id\":103,\"length\":15}],\"reserved\":[]}',6,'Заявка №789'),(206,7,1,778,3,NULL,'2017-11-27 14:26:01','{\"qty\":24,\"parts\":[{\"id\":9,\"length\":26},{\"id\":10,\"length\":27},{\"id\":13,\"length\":22}],\"reserved\":[]}',6,'Заявка №778'),(207,13,1,767,2,NULL,'2017-11-27 14:31:28','{\"qty\":18,\"parts\":[{\"id\":81,\"length\":10},{\"id\":85,\"length\":3}],\"reserved\":[]}',6,'Заявка №767'),(208,1,1,776,1,NULL,'2017-11-28 10:24:27','{\"qty\":7,\"parts\":[{\"id\":98,\"length\":1},{\"id\":99,\"length\":29}],\"reserved\":[]}',6,'Заявка №776'),(209,1,1,800,NULL,'2','2017-11-28 12:36:45','{\"qty\":6,\"parts\":[{\"id\":98,\"length\":1},{\"id\":99,\"length\":29}],\"reserved\":[]}',6,'Заявка №800'),(210,1,1,791,1,NULL,'2017-11-28 14:43:11','{\"qty\":6,\"parts\":[{\"id\":98,\"length\":1},{\"id\":99,\"length\":27}],\"reserved\":[]}',6,'Заявка №791'),(211,2,1,810,NULL,'1','2017-11-28 14:55:28','{\"qty\":10,\"parts\":[{\"id\":5,\"length\":25},{\"id\":6,\"length\":6},{\"id\":7,\"length\":16},{\"id\":15,\"length\":27}],\"reserved\":[]}',6,'Заявка №810'),(212,10,1,NULL,31,NULL,'2017-11-29 10:58:49','{\"qty\":43,\"parts\":[{\"id\":101,\"length\":11},{\"id\":102,\"length\":4},{\"id\":103,\"length\":15}],\"reserved\":[]}',1,NULL),(213,10,1,NULL,NULL,'11,2,15','2017-11-29 10:58:59','{\"qty\":12,\"parts\":[{\"id\":101,\"length\":11},{\"id\":102,\"length\":4},{\"id\":103,\"length\":15}],\"reserved\":[]}',1,NULL),(214,10,1,NULL,NULL,'2','2017-11-29 10:59:04','{\"qty\":12,\"parts\":[{\"id\":102,\"length\":2}],\"reserved\":[]}',1,NULL),(215,6,1,814,1,NULL,'2017-11-29 16:07:23','{\"qty\":4,\"parts\":[{\"id\":2,\"length\":26}],\"reserved\":[]}',6,'Заявка №814'),(216,1,1,816,NULL,'2','2017-11-30 12:16:14','{\"qty\":5,\"parts\":[{\"id\":98,\"length\":1},{\"id\":99,\"length\":27}],\"reserved\":[]}',6,'Заявка №816'),(217,13,1,820,NULL,'5','2017-12-01 14:30:49','{\"qty\":16,\"parts\":[{\"id\":81,\"length\":10},{\"id\":85,\"length\":3}],\"reserved\":[]}',6,'Заявка №820'),(218,15,1,822,NULL,'4','2017-12-01 14:31:31','{\"qty\":1,\"parts\":[{\"id\":8,\"length\":23}],\"reserved\":[]}',6,'Заявка №822'),(219,13,1,807,1,NULL,'2017-12-01 15:07:30','{\"qty\":16,\"parts\":[{\"id\":81,\"length\":5},{\"id\":85,\"length\":3}],\"reserved\":[]}',6,'Заявка №807'),(220,4,1,793,NULL,'2','2017-12-04 11:50:58','{\"qty\":13,\"parts\":[{\"id\":76,\"length\":5}],\"reserved\":[]}',6,'Заявка №793'),(221,7,1,802,NULL,'2','2017-12-04 11:51:31','{\"qty\":21,\"parts\":[{\"id\":9,\"length\":26},{\"id\":10,\"length\":27},{\"id\":13,\"length\":22}],\"reserved\":[]}',6,'Заявка №802'),(222,29,1,806,NULL,'2','2017-12-04 13:18:07','{\"qty\":0,\"parts\":[{\"id\":83,\"length\":1},{\"id\":95,\"length\":26}],\"reserved\":[]}',6,'Заявка №806'),(223,4,1,823,NULL,'4','2017-12-04 13:18:31','{\"qty\":13,\"parts\":[{\"id\":76,\"length\":3}],\"reserved\":[]}',6,'Заявка №823'),(224,1,1,787,NULL,'1','2017-12-04 14:44:29','{\"qty\":5,\"parts\":[{\"id\":98,\"length\":1},{\"id\":99,\"length\":25}],\"reserved\":[]}',6,'Заявка №787'),(225,8,3,NULL,4,'','2017-12-05 14:21:35','{\"qty\":5,\"parts\":[{\"id\":75,\"length\":27}],\"reserved\":[]}',6,NULL),(226,6,3,NULL,4,'','2017-12-05 14:21:49','{\"qty\":3,\"parts\":[{\"id\":2,\"length\":26}],\"reserved\":[]}',6,NULL),(227,1,3,NULL,10,'','2017-12-05 14:22:01','{\"qty\":5,\"parts\":[{\"id\":99,\"length\":25}],\"reserved\":[]}',6,NULL),(228,4,1,828,NULL,'2','2017-12-06 16:46:38','{\"qty\":12,\"parts\":[{\"id\":76,\"length\":3},{\"id\":104,\"length\":26}],\"reserved\":[]}',6,'Заявка №828');

--
-- Table structure for table `auth_assignment`
--

CREATE TABLE `auth_assignment` (
  `item_name` varchar(64) COLLATE utf8_unicode_ci NOT NULL,
  `user_id` varchar(64) COLLATE utf8_unicode_ci NOT NULL,
  `created_at` int(11) DEFAULT NULL,
  PRIMARY KEY (`item_name`,`user_id`),
  CONSTRAINT `auth_assignment_ibfk_1` FOREIGN KEY (`item_name`) REFERENCES `auth_item` (`name`) ON DELETE CASCADE ON UPDATE CASCADE
) ENGINE=InnoDB DEFAULT CHARSET=utf8 COLLATE=utf8_unicode_ci;

--
-- Dumping data for table `auth_assignment`
--

INSERT INTO `auth_assignment` VALUES ('admin','1',1501226505),('operator','6',1501227125);

--
-- Table structure for table `auth_item`
--

CREATE TABLE `auth_item` (
  `name` varchar(64) COLLATE utf8_unicode_ci NOT NULL,
  `type` int(11) NOT NULL,
  `description` text COLLATE utf8_unicode_ci,
  `rule_name` varchar(64) COLLATE utf8_unicode_ci DEFAULT NULL,
  `data` text COLLATE utf8_unicode_ci,
  `created_at` int(11) DEFAULT NULL,
  `updated_at` int(11) DEFAULT NULL,
  PRIMARY KEY (`name`),
  KEY `rule_name` (`rule_name`),
  KEY `idx-auth_item-type` (`type`),
  CONSTRAINT `auth_item_ibfk_1` FOREIGN KEY (`rule_name`) REFERENCES `auth_rule` (`name`) ON DELETE SET NULL ON UPDATE CASCADE
) ENGINE=InnoDB DEFAULT CHARSET=utf8 COLLATE=utf8_unicode_ci;

--
-- Dumping data for table `auth_item`
--

INSERT INTO `auth_item` VALUES ('admin',1,'Администратор',NULL,NULL,1468410217,1468410217),('operator',1,'Оператор',NULL,NULL,1468410217,1468410217);

--
-- Table structure for table `auth_item_child`
--

CREATE TABLE `auth_item_child` (
  `parent` varchar(64) COLLATE utf8_unicode_ci NOT NULL,
  `child` varchar(64) COLLATE utf8_unicode_ci NOT NULL,
  PRIMARY KEY (`parent`,`child`),
  KEY `child` (`child`),
  CONSTRAINT `auth_item_child_ibfk_1` FOREIGN KEY (`parent`) REFERENCES `auth_item` (`name`) ON DELETE CASCADE ON UPDATE CASCADE,
  CONSTRAINT `auth_item_child_ibfk_2` FOREIGN KEY (`child`) REFERENCES `auth_item` (`name`) ON DELETE CASCADE ON UPDATE CASCADE
) ENGINE=InnoDB DEFAULT CHARSET=utf8 COLLATE=utf8_unicode_ci;

--
-- Dumping data for table `auth_item_child`
--


--
-- Table structure for table `auth_rule`
--

CREATE TABLE `auth_rule` (
  `name` varchar(64) COLLATE utf8_unicode_ci NOT NULL,
  `data` text COLLATE utf8_unicode_ci,
  `created_at` int(11) DEFAULT NULL,
  `updated_at` int(11) DEFAULT NULL,
  PRIMARY KEY (`name`)
) ENGINE=InnoDB DEFAULT CHARSET=utf8 COLLATE=utf8_unicode_ci;

--
-- Dumping data for table `auth_rule`
--


--
-- Table structure for table `clients`
--

CREATE TABLE `clients` (
  `id` int(11) NOT NULL AUTO_INCREMENT,
  `username` varchar(255) COLLATE utf8_unicode_ci DEFAULT NULL,
  `auth_key` varchar(32) COLLATE utf8_unicode_ci NOT NULL,
  `password_hash` varchar(255) COLLATE utf8_unicode_ci NOT NULL,
  `password_reset_token` varchar(255) COLLATE utf8_unicode_ci DEFAULT NULL,
  `email` varchar(255) COLLATE utf8_unicode_ci DEFAULT NULL,
  `status` smallint(6) NOT NULL DEFAULT '10',
  `created_at` int(11) NOT NULL,
  `updated_at` int(11) NOT NULL,
  `is_admin` tinyint(4) NOT NULL DEFAULT '0',
  `discount` decimal(10,2) DEFAULT NULL,
  `till` date DEFAULT NULL,
  `turnover` decimal(10,2) NOT NULL DEFAULT '0.00',
  `inn` varchar(255) COLLATE utf8_unicode_ci DEFAULT NULL,
  `fio` varchar(255) COLLATE utf8_unicode_ci DEFAULT NULL,
  `f_address` varchar(255) COLLATE utf8_unicode_ci DEFAULT NULL,
  `phone` varchar(255) COLLATE utf8_unicode_ci DEFAULT NULL,
  `name` varchar(255) COLLATE utf8_unicode_ci DEFAULT NULL,
  `kpp` varchar(50) COLLATE utf8_unicode_ci DEFAULT NULL,
  `address` varchar(255) COLLATE utf8_unicode_ci DEFAULT NULL,
  `rs` varchar(255) COLLATE utf8_unicode_ci DEFAULT NULL,
  `bank` varchar(255) COLLATE utf8_unicode_ci DEFAULT NULL,
  `bik` varchar(255) COLLATE utf8_unicode_ci DEFAULT NULL,
  `ks` varchar(255) COLLATE utf8_unicode_ci DEFAULT NULL,
  `ban` tinyint(4) NOT NULL DEFAULT '0',
  `type` tinyint(1) NOT NULL DEFAULT '0',
  `comment` text COLLATE utf8_unicode_ci,
  `ogrn` varchar(255) COLLATE utf8_unicode_ci DEFAULT NULL,
  `site` int(11) NOT NULL,
  PRIMARY KEY (`id`),
  UNIQUE KEY `password_reset_token` (`password_reset_token`),
  UNIQUE KEY `email` (`email`,`site`),
  UNIQUE KEY `username` (`username`,`site`)
) ENGINE=InnoDB AUTO_INCREMENT=418 DEFAULT CHARSET=utf8 COLLATE=utf8_unicode_ci;

--
-- Dumping data for table `clients`
--

INSERT INTO `clients` VALUES (1,'admin','7_w4YSXOlZdRGE26fDmOLhMFA-O4Flew','$2y$13$/.0999/wydsZXX86YYDy8OHI101tVKaYtTdPWaQQ0bWWPqpH.giCK',NULL,'admin@127.0.0.1',10,1494228443,1500623182,1,NULL,NULL,0.00,'','',NULL,'','','','','','','','',0,0,NULL,NULL,1),(2,'zuihao905@yeah.net','Z4jTeMBxf-5GAn5R5hzLyNa0v1__BSc0','$2y$13$NFKCuRBBofKMGyxkxfpKM.G3L15SnknKEgePCkb/ArKf2alpnbrby',NULL,'zuihao905@yeah.net',10,1500620674,1500620674,0,NULL,NULL,0.00,'',NULL,NULL,NULL,NULL,NULL,NULL,NULL,NULL,NULL,NULL,0,0,NULL,NULL,1),(3,'grmaxim@mail.ru','K-zUd8Ik9mttnQIWtWRaVrwT2njCOHI0','$2y$13$NdyMyOtwyyGwa/8uPWT0K.FtgDrvvefBRi2yFKeGf5MCFAzBwmlkO',NULL,'grmaxim@mail.ru',10,1500623256,1500624085,0,NULL,NULL,0.00,'','Петров Иван Петрович',NULL,'891341241214212','','','Ленина 2','','','','',0,0,NULL,NULL,1),(6,'30101810400000000225','','$2y$13$SZiJCtFQdMML8z7c7x8iIuYocjc/mWUbmqzLJIkxLvtxUNlM7IMMa',NULL,'30101810400000000225',10,1500626299,1500626299,0,NULL,NULL,0.00,'7723733027','',NULL,' Лысенко Игорь т.8 916 610-61-90','Общество с ограниченной ответственностью \"АВИС\"','772301001','109387, г.Москва, ул. Люблинская, д. 42','40702810638250041385','Сбербанк России ОАО г.Москва','044525225','30101810400000000225',0,1,NULL,NULL,1),(7,'grmaxim@gmail.com','ACBYA3KSQJtVROd4A0MckXSWV4dHvvVi','$2y$13$1p0wbQXJV/DS7AeTmpyoluZFHSFBdNk6AreOeyug90/9wvPHrCaFO',NULL,'grmaxim@gmail.com',10,1500628058,1500644481,0,10.00,'2017-12-31',0.00,'','',NULL,'','','','','','','','',0,0,NULL,NULL,1),(8,'12312312@dsfdwfdfdf.ru','Yh_tJCanWqUB38MNKVl9WFqDKhFIokJu','$2y$13$psbQTQLYIc07RET5xhopT.apOLlByTBShktAG.esmc/2w9jLBJRWy',NULL,'12312312@dsfdwfdfdf.ru',10,1500628507,1500628507,0,NULL,NULL,0.00,NULL,NULL,NULL,NULL,NULL,NULL,NULL,NULL,NULL,NULL,NULL,0,0,NULL,NULL,1),(9,'EntevyStiftsnishhip@progonrumarket.ru','CS14Qu9gsSbA90pKF8vZo9yREYLa8vgi','$2y$13$CJYl2wSwmPU1OvSrl7wOfef9H.0Ae28mgEIeSM1fmklwIonQz4R.S',NULL,'EntevyStiftsnishhip@progonrumarket.ru',10,1500628656,1500628656,0,NULL,NULL,0.00,'',NULL,NULL,NULL,NULL,NULL,NULL,NULL,NULL,NULL,NULL,0,0,NULL,NULL,1),(10,'gray-82@yandex.ru','YocF0oMsK4EjQSEc2Y52craUrUJ1f5hJ','$2y$13$2ua/4T0nDlIqOeQIMTH1lusY9Hqzw7dP5IAu1XZ2pMSj6EecazChS',NULL,'gray-82@yandex.ru',10,1500628726,1501504554,0,NULL,NULL,0.00,'','',NULL,'','','','','','','','',0,0,'',NULL,1),(11,'dgk@actorc.ru','','$2y$13$Br76sI3T.UdRhK.rY3VL7ujAdwFcP/wm9YUwL5e6mPAwd4x.ufpnu',NULL,'dgk@actorc.ru',10,1500644739,1500644739,0,NULL,NULL,0.00,'7724342594','',NULL,'Ельцов Олег 7(926)-643-17-70','Общество с ограниченной ответственностью «ИТЕСНА»','772401001','117105, г. Москва, Варшавское шоссе, д. 37А, стр. 2, офис 26','40702810438000086185','ПАО Сбербанк','044525225','30101810400000000225',0,1,NULL,NULL,1),(12,'seniorbest2@gmail.com','5y307shmw2Gv_jn1o7JKx7eKWPqhSsHZ','$2y$13$tU2UTaZakfbWlCMlq/DmWe7viNvWCZXOueWLMWnva3Nq3eM3lTy6W',NULL,'seniorbest2@gmail.com',10,1500669414,1500669414,0,NULL,NULL,0.00,'',NULL,NULL,NULL,NULL,NULL,NULL,NULL,NULL,NULL,NULL,0,0,NULL,NULL,1),(13,'info@atlanttonirovka.ru','','$2y$13$HkzWpZQR10q9/lGbDhUg3eN.XmsIZFbS92fqATBj0se1ldGj9y1Ue',NULL,'toncompanyru@yandex.ru',10,1500798623,1500883062,0,NULL,NULL,0.00,'7736301419','',NULL,'Атаев Зуфар 8(926)888-56-59, 8 9777143231','ООО «Атлант СТ» ','773601001','119331 г. Москва, ул. Марии Ульяновой,д.9,корпус 2,помещение IX,комната 4.','40702810000000040629','АО \"Райффайзенбанк\", г.Москва','044525700','30101810200000000700',0,1,NULL,NULL,1),(14,'EntevyStiftsnishhip@sklad.progonrumarket.ru','ArugvQNEEq6polRCDiA1h37tYR1EDzch','$2y$13$W7WMil8VrA3qB0mnu2z6Yu8SGEXQnsIjnOKzm7/MkzT.2M3on.o6u',NULL,'EntevyStiftsnishhip@sklad.progonrumarket.ru',10,1500802130,1500802130,0,NULL,NULL,0.00,'',NULL,NULL,NULL,NULL,NULL,NULL,NULL,NULL,NULL,NULL,0,0,NULL,NULL,1),(15,'a.emelyanova@waxandgo.ru','','$2y$13$xsa/j85TyWW9RfeyY9v8G.1ua4NX2UeYhiFsLv.tTRqP4KCOFY3va',NULL,'a.emelyanova@waxandgo.ru',10,1500839264,1501594992,0,NULL,NULL,0.00,'7731364334','Алеся Емельянова',NULL,' Алеся Емельянова  +7(926) 882-92-97','ООО «ВАКС ЭНД ГОУ КР»','773101001','121609, г.Москва, Рублевское ш.,д.42, к.1','40702810187120000121','Московский филиал ПАО Росбанк ','044525256','30101810000000000256',0,1,'',NULL,1),(16,'g_kf fjgjajf3457@mail/ru','','$2y$13$CQxYwQJaz7tgXPWkoqRJXuIQcj5dB6vpOcH4XbQjYOQCWGVPGsRUq',NULL,'g_kf fjgjajf3457@mail/ru',10,1500840939,1500840939,0,NULL,NULL,0.00,'','Константин',NULL,'89067239321','','','г.Москва, ул. Андропова,  д.22, БЦ Нагатино','','','','',0,0,NULL,NULL,1),(17,'24234213213@wefsd.rtu','','$2y$13$iLc0MUfFwtf8m2b6Oa66BeHFgVGqScAjO9May1TSbjCbzZyoy0Wl6',NULL,'24234213213@wefsd.rtu',10,1500906083,1500967913,0,NULL,NULL,0.00,'12432352345656','',NULL,'Имя 234324232','ООО Тест 23','2342354132','адресссссс в админке','23423214','3423423423423','4213423','234234',1,1,NULL,NULL,1),(18,'olga@trofimoff.co.uk','','$2y$13$tVUTGMP2IWe2X784ChO/RuXxH6TYiQHGGb63LhlQEPx/qrP/JCW0e',NULL,'olga@trofimoff.co.uk',10,1500906625,1500906625,0,NULL,NULL,0.00,'','Ольга',NULL,'89257156681','','','г.Москва, Новохорошёвский проезд 19к2','','','','',0,0,NULL,NULL,1),(19,'t.in.ed.ol@artquery.info','e8LIboFNTCRJ1GK99wIBZr8tjeSEJcBE','$2y$13$5k4TV6funGmZstl1dB4XN.auCwZrES9xX/xGJVgvOmiF3rCcBc6FK',NULL,'t.in.ed.ol@artquery.info',10,1500969881,1500969881,0,NULL,NULL,0.00,'',NULL,NULL,NULL,NULL,NULL,NULL,NULL,NULL,NULL,NULL,0,0,NULL,NULL,1),(20,'t.i.n.e.do.l@artquery.info','cwHuEr3-jgPfBJj1qpEejPCckMv10xyu','$2y$13$zGwYQM/x/GWa30pi7ZyJ2ercwucXnR53KRYJlP02DoxlwgpjZaHay',NULL,'t.i.n.e.do.l@artquery.info',10,1501055102,1501055102,0,NULL,NULL,0.00,'',NULL,NULL,NULL,NULL,NULL,NULL,NULL,NULL,NULL,NULL,0,0,NULL,NULL,1),(21,'info@rs-01.ru','','$2y$13$20u1yE.mUiab.vLqmMDxcOOMw0QK1wDbrjGTzBp1oRZ92QOVAJpi6',NULL,'info@rs-01.ru',10,1501055849,1501055849,0,NULL,NULL,0.00,'7727164893','',NULL,'Константин 89151801130','АКЦИОНЕРНОЕ ОБЩЕСТВО «СОДРУЖЕСТВО  ДЕЛОВОЙ МИР»','774901001','117303, МОСКВА, УЛ. ЮШУНЬСКАЯ Б.  д. 1 А,  КОРП. 3','40702810300320025002','АО «ОТП Банк», г. Москва','044525311','30101810000000000311',0,1,NULL,NULL,1),(24,'dir.75@bk.ru','xfQV2wprclAN4-Pg9c_T187YqbYsj_x-','$2y$13$koYNsUo8xuy2uNpSr4.RQOi687LOzfCbbUTGzt6OUXwg5k0B8ulkq',NULL,'dir.75@bk.ru',10,1501065205,1501066161,0,NULL,NULL,0.00,'690402468096','',NULL,'Иващенко Дмитрий Владимирович  8-903-808-08-55    Тел:68-08-55','Индивидуальный предприниматель Иващенко Дмитрий Владимирович','','170004, г. Тверь, Пролетарская набережная, д. 7, кВ. 66','40802810906000000334','ФКБ \"СДМ-БАНК\" (ОАО) г.Тверь','042809921','30101810500000000921',0,1,NULL,NULL,1),(26,'hlv_pyatigorsk@mail.ru','','$2y$13$oxqybM64zyosu0ES8VPuzePhOBe6T5x5t0UDXan3yq4ZmGpoV1p4S',NULL,'hlv_pyatigorsk@mail.ru',10,1501072967,1511868543,0,10.00,NULL,0.00,'263200130278','',NULL,'конт. телефон: 8-928-351-31-54 Ульянич Марина Анатольевна      конт. раб.телефон: 8-928-633-93-44 Татьяна Сахарова','Индивидуальный предприниматель Ульянич Марина Анатольевна','','357502 Ставропольский край г. Пятигорск, площадь Ленина д. 18 кв. 1','40802810560100006962','Ставропольское отделение №5230 ПАО СБЕРБАНК','040702615','30101810907020000615',0,1,'Передаем в ДЛ до терминала в Пятигорск, доставку они оплачивают сами','',1),(30,NULL,'','',NULL,NULL,10,1501077139,1501077139,0,NULL,NULL,0.00,'','Гильмутдинов Ильдар Фанзилевич',NULL,'79250075544','','','','','','','',0,0,NULL,NULL,1),(31,'bulpBrulagpaR@gmail.com','xYnpsY_FzdiAwmEkZIHlMUGt40mMQloV','$2y$13$PKtZ0ZkZqcNtj4zUIbLQVuZkU6FvUDMEURqlYsSvJF8RisIExaNTu',NULL,'bulpBrulagpaR@gmail.com',10,1501085721,1501085721,0,NULL,NULL,0.00,'',NULL,NULL,NULL,NULL,NULL,NULL,NULL,NULL,NULL,NULL,0,0,NULL,NULL,1),(32,'fly4@noyabrsk.me','29Zer0DXDpVFSvAc8qXVQhgSP_qA85pi','$2y$13$FLOfcGdV82kLtEb/FzA57ObOJAC3kNfhf3HifeEUlo0J4uJrGgKSq',NULL,'fly4@noyabrsk.me',10,1501117097,1501117097,0,NULL,NULL,0.00,'',NULL,NULL,NULL,NULL,NULL,NULL,NULL,NULL,NULL,NULL,0,0,NULL,NULL,1),(33,'alenkapimchukova@gmail.com','FMn5LgEN0rrWx6w8IFIqNtMzjn4M9i06','$2y$13$2pWI9zGQbpvG0QC46LuXCed4yu5Jid/vidKa/4zc5h8BFtQ40iUCi',NULL,'alenkapimchukova@gmail.com',10,1501129584,1501129584,0,NULL,NULL,0.00,'',NULL,NULL,NULL,NULL,NULL,NULL,NULL,NULL,NULL,NULL,0,0,NULL,NULL,1),(43,'masha.rudina.78@mail.ru','TwLQ3U-9iLt0103NTP-xGWEylnsAVM3L','$2y$13$VI1/hqc6ivmDaqZ/ljuOOO//Mq6ZazkfVtPJ1rQmIac9jGyGtP3m.',NULL,'masha.rudina.78@mail.ru',10,1501163578,1501163578,0,NULL,NULL,0.00,'',NULL,NULL,NULL,NULL,NULL,NULL,NULL,NULL,NULL,NULL,0,0,NULL,NULL,1),(44,'t.i.n.e.d.ol@artquery.info','DhBXQljuLASDBAcExF3035CqQPsdzJ-Q','$2y$13$k3GAs2MVduOGVx30LU0v9uSkEND0E31bNigtlArYQupM/ZaSi/nBm',NULL,'t.i.n.e.d.ol@artquery.info',10,1501169579,1501169579,0,NULL,NULL,0.00,'',NULL,NULL,NULL,NULL,NULL,NULL,NULL,NULL,NULL,NULL,0,0,NULL,NULL,1),(45,'waitbk@ya.ru','','$2y$13$.WmuYeOYsQIrybKgahfIGu8ZqVHsU2WI.BqC0xVJbTd2hGRxkhb26',NULL,'waitbk@ya.ru',10,1501225990,1501225990,0,NULL,NULL,0.00,'','Дмитрий',NULL,'89265810682','','','Москва, Сокольническая площадь, дом 9, магазин \"Зенит\", 2-й этаж, офис \"Зенит-Совет\"','','','','',0,0,'',NULL,1),(46,'lrsogor51@vfil.ru','YxQoidsefbTU33BdvmoAd5v2omcd8Uom','$2y$13$xcvd0rlE4kmVBrH99TECZu37bC00JH3GSk5lbqJL7CIaJlA2I6qPy',NULL,'lrsogor51@vfil.ru',10,1501237378,1501237378,0,NULL,NULL,0.00,'',NULL,NULL,NULL,NULL,NULL,NULL,NULL,NULL,NULL,NULL,0,0,NULL,NULL,1),(47,'lesogor51@mail.ru','ruYRv54UUwEF8C5AbgkfYd0KIXpO96eZ','$2y$13$R4yGNn5rfoWkoS5oEQtwReXlAl/.w6PbUyv5iJ1rEYuTaneYfC5Cy',NULL,'lesogor51@mail.ru',10,1501237671,1501237671,0,NULL,NULL,0.00,'',NULL,NULL,NULL,NULL,NULL,NULL,NULL,NULL,NULL,NULL,0,0,NULL,NULL,1),(48,'t.in.e.dol@artquery.info','JV0aL92oxx0RY9Ip8PC3RpOww3sLI37I','$2y$13$orB/p9LQMrk3/YYGuTVnbOWfE7gWVO8gJhhQG8D2vZnu6tpt1gzGm',NULL,'t.in.e.dol@artquery.info',10,1501268027,1501268027,0,NULL,NULL,0.00,'',NULL,NULL,NULL,NULL,NULL,NULL,NULL,NULL,NULL,NULL,0,0,NULL,NULL,1),(49,'tine.dol@artquery.info','hDbZbXIgEBl8AR_EVYNHuABQf6Sp6HJr','$2y$13$5qj7R1r2nXLoZdbcqaNHqOC39YAD/njqfmE/V50EOT5u9KRKTtMZi',NULL,'tine.dol@artquery.info',10,1501329321,1501329321,0,NULL,NULL,0.00,'',NULL,NULL,NULL,NULL,NULL,NULL,NULL,NULL,NULL,NULL,0,0,NULL,NULL,1),(50,'serleoseo@mail.ru','cdy7Zda3l0ImkNMBzB-4SJt9TYU8nNN8','$2y$13$5bMTkxF35aZIivVSkZxt0OnqCOepH6QkZ9cFTk74d.boKd515GVBS',NULL,'serleoseo@mail.ru',10,1501359996,1501359996,0,NULL,NULL,0.00,'',NULL,NULL,NULL,NULL,NULL,NULL,NULL,NULL,NULL,NULL,0,0,NULL,NULL,1),(51,'onlinecredit@i.ua','TU7_TT7h0UQk-A15UtziMT-rXlSnC7Ey','$2y$13$Txk/yuzf3h8d51O6bB0uEeYKqgsrb7Vu8M8nLzFottI84h.TQ/tjm',NULL,'onlinecredit@i.ua',10,1501380703,1501380703,0,NULL,NULL,0.00,'',NULL,NULL,NULL,NULL,NULL,NULL,NULL,NULL,NULL,NULL,0,0,NULL,NULL,1),(52,'retorg@mail.ru, tir744@mail.ru','','$2y$13$v94NTJD4HP.Gcwz29cPtXubsmLJ1iM5wohKdJgS1NXvXtXTyW0eNi',NULL,'retorg@mail.ru, tir744@mail.ru',10,1501498749,1501498749,0,NULL,NULL,0.00,'2628052276','',NULL,'79054430320    Константин Иванович Самсонов 89282622599','Общество с ограниченной ответственностью СТК «РЕАЛ»','262801001','357748, г. Кисловодск, ул. Чехова, 52А','40702810660280001777','СТАВРОПОЛЬСКОЕ ОТДЕЛЕНИЕ N5230 ПАО СБЕРБАНК  Г. СТАВРОПОЛЬ','040702615','30101810907020000615',0,1,'',NULL,1),(53,'203652@mail.ru','','$2y$13$Vm1Xh.MI9Ano3tfLOQPgg.Dl2p8lPG7Qoi0K1PxAxNPTkULxEFqjC',NULL,'203652@mail.ru',10,1501501309,1501501309,0,NULL,NULL,0.00,'7715443540','',NULL,'Роман Кузьмин 8-926-387-44-50','Общество с ограниченной ответственностью \"Глобэкс\"','771501001','127276, г. Москва, улица Малая Ботаническая, дом 24А, стр1.','40702810500190001206',' ПАО \"МОСКОВСКИЙ КРЕДИТНЫЙ БАНК»  г. Москва','044525659','30101810745250000659',0,1,'',NULL,1),(54,'snab@inft.ru','','$2y$13$Slfn/hOCmhPK3sj7Sa8hceUXfjABvVcK7jmisWLo5EG3niLGRPpGa',NULL,'snab@inft.ru',10,1501502339,1501502339,0,NULL,NULL,0.00,'7735530590','',NULL,'Ирина Алексеенко +7 (926) 295-54-23','Общество с ограниченной ответственностью «ИНФИНИТИ»','773501001','124482, г. Москва, г. Зеленоград, пл. Юности, д. 4, пом. 3, к. 1-7','40702810400410001033','Филиал «Центральный»  Банка ВТБ (ПАО) г. Москва ','044525411','30101810145250000411',0,1,'',NULL,1),(55,'k.g.stalbovskiy@gmail.com','RF5HlEajhXnYFIekbfQY_Sf6KNkV-CmG','$2y$13$tQLv1XtPh/jPTi/74uwOoOPkl4IWFuCaOhpfH7nzJ0BFkh3pyBCra',NULL,'k.g.stalbovskiy@gmail.com',10,1501505555,1501509813,0,NULL,NULL,0.00,'','Кирилл Сталбовский',NULL,'89150915937','','','Москва, Озерковский пер. д.22/24','','','','',0,0,'',NULL,1),(56,'marinadru@gmail.com','','$2y$13$E/DUMqIrDgkwt4I3TCHSOe/.GprJb/CSHDWNeHO.7VdptquaOymFK',NULL,'marinadru@gmail.com',10,1501572727,1501572727,0,NULL,NULL,0.00,'','Марина Друтская',NULL,'79166775130','','','г.Москва, ул. Гарибальди, д.2, под. 1, этаж 19, кв. 72','','','','',0,0,'',NULL,1),(57,'ermeko@gmail.com','','$2y$13$TN44nXPN.wZHMt7wPzGZOuoKcOR7kCBIL.CIDMxGnyWvIDw.7GH0y',NULL,'ermeko@gmail.com',10,1501577216,1501577216,0,NULL,NULL,0.00,'','Эрмек',NULL,'89162984680','','','Москва, ул. Академика Семенова 97/13','','','','',0,0,'',NULL,1),(58,'olga.orekhova@swissotel.com','','$2y$13$MDt5kyuB6Xx7gDm2dId5ueBh76cFvxh1jjBa28jU5mxGaOaNjEsiu',NULL,'olga.orekhova@swissotel.com',10,1501668323,1501668657,0,NULL,NULL,0.00,'9705093441','',NULL,'Нифонтов Даниил, тел 8 916 166 10 64','Общество с ограниченной ответственностью \"Отель Москва-Красные Холмы\"','770501001','115054, г.Москва, Космодамианская наб., д.52, стр.6','40702810230000000018','АО \"КРЕДИТ ЕВРОПА БАНК\" г.Москва','044525767','30101810900000000767',0,1,'',NULL,1),(59,'udaw71@rambler.ru','','$2y$13$zpamvtKctx/LsyDoJkUYVupaKE1u2QwpKr5mZZYz1BaVG4Tj/.Suq',NULL,'udaw71@rambler.ru',10,1501669710,1502098348,0,NULL,NULL,0.00,'7709923629','Константин',NULL,'Константин 89037704527','Общество с ограниченной ответственностью «ГИОНА Девелопмент»','770901001','101000, Российская Федерация, г. Москва, ул. Покровка, д. 12, стр. 1','40702810400050001335','АО «ОТП Банк»','044525311','30101810000000000311',0,1,'','1137746169505',1),(60,'evalieva@bk.ru','','$2y$13$Zo1uKdGNZV6mV8bUgKZgMuxwmnuFrlLNiblGmUfFlD4c1kyL.hIqe',NULL,'evalieva@bk.ru',10,1501677292,1501677413,0,NULL,NULL,0.00,'7706809090','',NULL,'Евгения 89268004013','Общество с ограниченной ответственностью «Литератор»','770401001','119034, г. Москва, ул. Льва Толстого, д. 23, корп.1, эт/пом/ком 4/I/2','40702810400000021420','ПАО «Промсвязьбанк»','044525555','30101810400000000555',0,1,'','1147746461433',1),(61,'vurick@yahoo.com','dO4bSGt8YOUEDhN8iUvuv8w7KdNvo7nr','$2y$13$3fdJvU/MxPe5NuOX49CuTOTqLPzpFh19fSqYtb21q7S5VQgiI/KeS',NULL,'vurick@yahoo.com',10,1501699925,1501756612,0,NULL,NULL,0.00,NULL,'Александр Вураско',NULL,NULL,NULL,NULL,NULL,NULL,NULL,NULL,NULL,0,0,NULL,NULL,1),(62,NULL,'','',NULL,NULL,10,1501744781,1501744781,0,NULL,NULL,0.00,'','Алексей',NULL,'79250308988, 79259405050','','','','','','','',0,0,'','',1),(63,'fedulov@apelsin.ru','Qcnz3HYX37HulveRHYlKrB6VNOSPY63k','$2y$13$9beu9yIYH10RDNN0WtIW3.jpEqEx1uPc.T2ue2amISiWQE/0qGjQu',NULL,'fedulov@apelsin.ru',10,1501752576,1501752576,0,NULL,NULL,0.00,NULL,NULL,NULL,NULL,NULL,NULL,NULL,NULL,NULL,NULL,NULL,0,0,NULL,NULL,1),(64,'mwunion@mail.ru','ulAWTc3uzUcgX_4oK_IMpkotu9OoTIh8','$2y$13$DWUydiudNZfL3A.DzD4/E.NK7KxZ4nRfRr3lfYdPyudluSLaCbWyi',NULL,'mwunion@mail.ru',10,1501754111,1501756219,0,NULL,NULL,0.00,'7707849673','',NULL,'+79175835837','Общество с ограниченной ответственностью «Рекламно-монтажная группа»','770701001','127051, г. Москва, Петровский бульвар, д.3,стр.2,пом.1,комн.2','40702810002330002373',' АО \"АЛЬФА-БАНК\" Г. МОСКВА','044525593','30101810200000000593',0,1,'','',1),(65,'master@mediatula.ru','','',NULL,'master@mediatula.ru',10,1501832540,1501832540,0,NULL,NULL,0.00,'7104050150','',NULL,'+74872223176 ','Общество с Ограниченной Ответственностью «Рекламное агентство «Курс»','710401001','300028, г. Тула, ул. Болдина, д. 94','40702810266060130992','Отделение № 8604 Сбербанка России г. Тула','047003608','30101810300000000608',0,1,'','1027100375045',1),(66,'lgbondarenko@sberbank-ast.ru','','$2y$13$orEH3eojCvh51aulE6DvKuvsAqOA7k9R8uS0BbH5Zfqpv4FTxhVgC',NULL,'lgbondarenko@sberbank-ast.ru',10,1501845328,1506418153,0,NULL,NULL,0.00,'7707308480','',NULL,'Александр 89262349221, Марина 89175975860','Закрытое акционерное общество «Сбербанк - Автоматизированная система торгов»',' 770701001','119435, г. Москва, Большой Саввинский пер., дом 12, стр. 9','40702810000020008047','ПАО СБЕРБАНК','044525225','30101810400000000225',0,1,'','1027707000441',1),(67,NULL,'','',NULL,NULL,10,1501846854,1501846854,0,NULL,NULL,0.00,'122342315132532321','',NULL,'','тесттттттт','','','','','','',0,1,'','',1),(68,'qqweq@adf.wru','7n_GsLBpuU7SSUwDAtYTKKci_aLDLVzV','$2y$13$qnp4GtlqAp7ccpZw.2ha6uky37eW7hf7YlAZUkjEzYXs1PCS6Lc9y',NULL,'qqweq@adf.wru',10,1501851296,1501851296,0,NULL,NULL,0.00,NULL,NULL,NULL,NULL,NULL,NULL,NULL,NULL,NULL,NULL,NULL,0,0,NULL,NULL,1),(69,'79267112407@ya.ru','','$2y$13$grQc1f4qDhjk5faaG5/1OuP50cSk4j1lUuAeYZNDJ97.cXYaRIAja',NULL,'Andrey.migal@msk.ivoin.ru',10,1502091144,1502111888,0,NULL,NULL,0.00,'7729705354','',NULL,'Анатолий 79688673222,  по оплате -Андрей 89263351267','Общество с ограниченной ответственностью «Союз Св. Иоанна Воина»','772901001','119136, г. Москва, 3-й Сетуньский проезд, д. 10 ','40702810900001445909','ЗАО «Райффайзенбанк» ','044583685','30101810200000000700',0,1,'','',1),(70,'pati@land.ru','qifTR5xCXtxUbt6ePdWhzh3gMzhha9JO','$2y$13$Xuhvzn6cJS6oR6XU50Lkpea7BNCBERrOKpXxwYrvBO3Cz9tGkbuCe',NULL,'pati@land.ru',10,1502130862,1502131501,0,NULL,NULL,0.00,NULL,'',NULL,NULL,NULL,NULL,NULL,NULL,NULL,NULL,NULL,0,0,NULL,NULL,1),(71,'ggg@asdfsf.tu','Bwh-Oharmtz61TPw0cXXlqqwthwneouI','$2y$13$TxghdE4sZsHxbLFaM6dJvOFZZC40Nqg7NGXOotjd/qIfANvv.M3Te',NULL,'ggg@asdfsf.tu',10,1502135012,1502135094,0,NULL,NULL,0.00,'12312312321321321321','',NULL,'13123213','1312312','','','','','1313123131312','1312321321312',0,1,'','',1),(72,'geminisilrnt@mail.ru','','$2y$13$/gSVDFg32p5bPuQyb2Xm7OlFGNbmYZqyVLoMsZa5MYpgoKyQHEbdq',NULL,'geminisilrnt@mail.ru',10,1502261850,1502261850,0,NULL,NULL,0.00,'','Екатерина ',NULL,'89651534335','','','Ул. Потаповская роща, д.6, корп.2,кВ.79','','','','',0,0,'','',1),(73,'emelyanova@fargrupp.com','','$2y$13$h34ThDQnSampV7JoCRfjn./zSkTbQ0oekEeS3ES4.8h6LvV2qkNDG',NULL,'emelyanova@fargrupp.com',10,1502281108,1506346315,0,NULL,NULL,0.00,'7702403846','Емельянова Александра',NULL,'Емельянова Александра 89651646576','Общество с ограниченной ответственностью «Фар-Спорт»','770201001','129110, Москва, улица Гиляровского, д. 65, стр. 1, этаж 4, Помещение XVI, ком. 1-4 22-24','40702810200000023349','АО «Райффайзенбанк»','044525700','30101810200000000700',0,1,'','1167746685347',1),(74,'thefrostmeat@gmail.com','','$2y$13$W1qfqF3G4p4XiPGBZ8fUdezetEC2NyBFCf5rc1xYZWOw4cB5/fg2y',NULL,'thefrostmeat@gmail.com',10,1502282768,1502358647,0,NULL,NULL,0.00,'3245502927','',NULL,'Игорь Анатольевич Вовк 79605504562,  бухгалтер Екатерина 84832941294','Общество с ограниченной ответственностью «Фрост-Трейд»','324501001','241525, РФ, Брянская область, Брянский район, с.Кабаличи ул.Специалистов, д.2','40702810608000008850','Брянское отделение №8605 ПАО Сбербанк г.Брянск','041501601','30101810400000000601',0,1,'','1093254000498',1),(75,'22342343@sf.ru','7lh7teqOOmzjNc_2TYaEtu0BkVvWZzCI','$2y$13$5KzEUQBpld/NRm29QA2YsO42AnZX/sgOun.7EpciNCy7OEzjY9TVi',NULL,'22342343@sf.ru',10,1502365219,1502365219,0,NULL,NULL,0.00,NULL,NULL,NULL,NULL,NULL,NULL,NULL,NULL,NULL,NULL,NULL,0,0,NULL,NULL,1),(77,'2421323@sdfsd.ru','wu6LCZVGgJ7eiADmY9p0tIpkOIMcK5rv','$2y$13$KUuw.AyWpR3gVV9h85C9L.Ki1WLHgRzMCLeeyoYGT3X5I6PdQrA8e',NULL,'2421323@sdfsd.ru',10,1502366711,1502366711,0,NULL,NULL,0.00,NULL,NULL,NULL,NULL,NULL,NULL,NULL,NULL,NULL,NULL,NULL,0,0,NULL,NULL,1),(78,'13131231@efwsfefg.tru','ntymGTOusL1PhQz8_QEswqPopLiCfAWK','$2y$13$wjs0e64aIDlcwzO.sdpOGOuonAw/1WgHUncX6p5DE4r9ocz2F9rQO',NULL,'13131231@efwsfefg.tru',10,1502366828,1502366828,0,NULL,NULL,0.00,NULL,NULL,NULL,NULL,NULL,NULL,NULL,NULL,NULL,NULL,NULL,0,0,NULL,NULL,1),(79,'info@company.ru','uK-VL4_6JUAzb3Yc2-lOqXq7-tbJIzGY','$2y$13$XHt1.xCbvxE/PL26eRQ3beHyhh/uSEzJTJ3aLAsrY1Vly8Gbh1wPu',NULL,'info@company.ru',10,1502367444,1502367444,0,NULL,NULL,0.00,NULL,NULL,NULL,NULL,NULL,NULL,NULL,NULL,NULL,NULL,NULL,0,0,NULL,NULL,1),(80,'losev@concentrat.ru','','$2y$13$9X24L54o.AtzBLl5OUJi9.LDiDm.mOdvZCiVcqFD7tVZfqM2s6Wkq',NULL,'losev@concentrat.ru',10,1502367749,1502367749,0,NULL,NULL,0.00,'6807003716','',NULL,'Роман Лосев +7 910 320-32-23','Общество с ограниченной ответственностью «Глоубэл Концентрат Групп»','616401001','344002, Ростовская обл.,г.Ростов-на-Дону,переулок Семашко, д.48е офис 4','40702810913000058432','ЦЕНТРАЛЬНО-ЧЕРНОЗЕМНЫЙ БАНК ПАО СБЕРБАНК г.Воронеж','042007681','30101810600000000681',0,1,'','1026800631417',1),(81,'stroy@domplenok.com','UysPpM8hmSvxyn4SPYibk25oI3m92xf9','$2y$13$PvDLB21WpFYlBbfY0pDuuOC.op0YNQp0fx5okCeS21IYLLgL1rtLG',NULL,'stroy@domplenok.com',10,1502368542,1502368542,0,NULL,NULL,0.00,NULL,NULL,NULL,NULL,NULL,NULL,NULL,NULL,NULL,NULL,NULL,0,0,NULL,NULL,1),(82,'131123@sd.sru','L0L-nhrmJSK0-T1ghHJzwYwaT2hxsWoG','$2y$13$qVKFvzhPXssOukkxH8BQZej3Ub8Qa7PTRN1cxVgAT0FlpRZ61CNr.',NULL,'131123@sd.sru',10,1502368601,1502368601,0,NULL,NULL,0.00,NULL,NULL,NULL,NULL,NULL,NULL,NULL,NULL,NULL,NULL,NULL,0,0,NULL,NULL,1),(83,'2414@wrew.rtu','3pW6iTtX3ukNaa_JpWuuK5tqUxztHjTr','$2y$13$ctsQOwQ4JIjZoITYGp2bluSauaIDgUTvTPJ72EuvN1q/4KIcRCDHe',NULL,'2414@wrew.rtu',10,1502368679,1502368679,0,NULL,NULL,0.00,NULL,NULL,NULL,NULL,NULL,NULL,NULL,NULL,NULL,NULL,NULL,0,0,NULL,NULL,1),(84,'5788495@mail.ru','','$2y$13$jEAKpgTfhqv.VNRWWF7lHeuPQtAaP0xcYjIdC8VXLA1T1vAoFQ7bq',NULL,'5788495@mail.ru',10,1502368783,1502369890,0,NULL,NULL,0.00,'7710276486','',NULL,'Баурин Григорий Владимирович 84956843827','Судебный департамент при Верховном Суде Российской Федерации','770201001','107996, г.Москва, ул. Гиляровского, д. 31, стр.2','40105810700000001901','Операционный департамет Банка России','044501002','',0,1,'','1027710017720',1),(85,'s_zakharov1977@mail.ru','','$2y$13$rKqpG1Pw2HuJPfCu9CnAxuncR7KCXtpuWxEOZ3EaZErE0TnPvtOxe',NULL,'s_zakharov1977@mail.ru',10,1502441093,1502441244,0,NULL,NULL,0.00,'7726297925','',NULL,'Сергей Захаров 8(926)144-23-74','Общество с ограниченной ответственностью «Лукес-Д»','500101001','143985, Московская область, г. Балашиха, шоссе Новомилетское, вл. 5А.','40702810940040108595','ПАО «СБЕРБАНК РОССИИ» г. Москва','044525225','30101810400000000225',0,1,'','1037739500061',1),(86,'eanikeeva13@gmail.com','l0MnAlW2s5a2wv6ky2OKZ7clCu7x77ve','$2y$13$J2gkGdaX7ZuMWFRf593s/.9waX1iW/k3VwRtzMbt9O1U5Z7zPnoJ6',NULL,'eanikeeva13@gmail.com',10,1502551435,1502551435,0,NULL,NULL,0.00,NULL,NULL,NULL,NULL,NULL,NULL,NULL,NULL,NULL,NULL,NULL,0,0,NULL,NULL,1),(87,'xbx1994@mail.ru','','$2y$13$SMRdoFdDQNkt4HfnIIdBsuUJhNCLZv/3cdylUUY8pfLganeMlA97q',NULL,'xbx1994@mail.ru',10,1502692700,1502692700,0,NULL,NULL,0.00,'7724646659','',NULL,'Ошмарин Олег  (495) 941-2266','Общество с ограниченной ответственностью «Бытовая химия»','772401001','115230, г. Москва, Хлебозаводский проезд, дом 7А','40702810007000240916','АКБ «Росевробанк» (ОАО) г.Москва','044525836','30101810445250000836',0,1,'','1087746008129',1),(88,'san-san2008@yandex.ru','','$2y$13$fHh/8dVDpYbG67MyX6yaZ.J.B7MNmU5unIWPrxxW3Lk13tni6gK/G',NULL,'san-san2008@yandex.ru',10,1502707456,1502707456,0,NULL,NULL,0.00,'','Козлитин Александр',NULL,'+7-915-241-80-58','','','г.Москва, ул. Нижняя Сыромятническая д.10 стр.2, 7эт. 9\"Art Play\"','','','','',0,0,'','',1),(89,'1213213@rwsf.ru','viKHX3Hj5Yh6bB1AdbzLlXKMTgLdjLSS','$2y$13$xeYJXEEZLhAkdMGNJb6vyu8oJ6AFQ99CUNteoEXYhOZesN8mi4dOO',NULL,'1213213@rwsf.ru',10,1502710780,1502710780,0,NULL,NULL,0.00,NULL,NULL,NULL,NULL,NULL,NULL,NULL,NULL,NULL,NULL,NULL,0,0,NULL,NULL,1),(90,NULL,'','',NULL,NULL,10,1502779931,1502779931,0,NULL,NULL,0.00,'','Бочковская Наталья Вячеславовна',NULL,'79038244933','','','г.Ярославль','','','','',0,0,'паспорт 7804 365895 выдан 21,06,2005','',1),(91,'23432543@wefdw.ut','xPUPorayfnc8HAmhqBhWs-OAn1PDyFdO','$2y$13$xFMyHXEpQAA2aB.n9cBs4eaNRujQoR5nnte4mvmhoUAjWtDkiDQnS',NULL,'23432543@wefdw.ut',10,1502801828,1502801828,0,NULL,NULL,0.00,NULL,NULL,NULL,NULL,NULL,NULL,NULL,NULL,NULL,NULL,NULL,0,0,NULL,NULL,1),(92,'ekharchenko@vgtrk.com','','$2y$13$it7NvpZrj6fCbHANoMV1gecxp5mtb/4VPyhvGYQQksQxhnRID1nmq',NULL,'ekharchenko@vgtrk.com',10,1502804306,1502804306,0,NULL,NULL,0.00,'7714287760','',NULL,'Андрей 79670624413','Акционерное общество «Телекомпания»','771401001','125040, г. Москва, ул. Правды, д.8, корп. 13','40702810700000018979','ПАО «РОСБАНК» г. Москва','044525256','30101810000000000256',0,1,'','1027714026460',1),(93,'fomenkoao@gmail.com','','$2y$13$NVoGAfBSXqW6SbYroBVJledCYWUBsWROuujuzfNyMXnTUKGzu1UHa',NULL,'fomenkoao@gmail.com',10,1502806420,1502806420,0,NULL,NULL,0.00,'5032147189','',NULL,'Фоменко Александр Олегович +7 (915) 342-33-88','Общество с ограниченной ответственностью «Медицинский центр «ВЕРАМЕД»','503201001','143003, Московская обл., г. Одинцово, б-р Любы Новоселовой, д.17','40702810303700142826','«Возрождение» (ПАО) Одинцовский филиал','044525181','30101810900000000181',0,1,'','1065032047607',1),(94,'charmoza@tut.by','LGAwTK4TT5jKqr99BhIv_TCR7eJAa-it','$2y$13$.JMsyPJ8ADluKPKEND5KSOOGCHgvTf12iwYuuUjxylAESP4LrFgvq',NULL,'charmoza@tut.by',10,1502807237,1502807237,0,NULL,NULL,0.00,NULL,NULL,NULL,NULL,NULL,NULL,NULL,NULL,NULL,NULL,NULL,0,0,NULL,NULL,1),(95,'zakupki@gskb.ru','','$2y$13$tZ7zA2XfLmnbVb2TfG5hCemPYJjj5cmakqvJl7kP9BflfxfLatVIe',NULL,'zakupki@gskb.ru',10,1502867200,1502867200,0,NULL,NULL,0.00,'7712040285','',NULL,'Качан Оксана  8-499-940-02-22 доб. 79-85','ПАО \"НПО \"Алмаз\" ','774301001','125190, г.Москва, Ленинский проспект, д. 80, корпус 16','40702810200020008737','ПАО «РОСБАНК» ','044525225','30101810400000000225',0,1,'','1027700118984',1),(96,'ooogemm@gmail.com','','$2y$13$FcTQLyZyHt.NU9phfALYgOlkeTIC8wwdKuirxldTJjKDrqxqafk2C',NULL,'ooogemm@gmail.com',10,1502868716,1502868716,0,NULL,NULL,0.00,'7725582550','',NULL,'Игорь 89778487075','Общество с ограниченной ответственностью  «Жемчуг»','772501001','115093, г.Москва, ул.Павловская, д.27/29,стр.2','40702810138250019752','ПАО Сбербанк г.Москва','044525225','30101810400000000225',0,1,'','5067746763673',1),(97,'gamma2008@bk.ru','','$2y$13$l71D7qZXDN2X4JgRlQxyZu.AiMvXXNPagwvzJMKS57rEhniePeedu',NULL,'gamma2008@bk.ru',10,1502870236,1502870236,0,NULL,NULL,0.00,'7719646950','',NULL,'Андрей Николаенко 89031039907','Общество с ограниченной ответственностью \"Горстрой\"','771901001','105122, г.Москва, Сиреневый бульвар, д.1, корп.5','40702810201000011278','ООО КБ \"ВНЕШФИНБАНК\"','040349909','30101810900000000909',0,1,'','1077759488344',1),(98,'vasian.2015@mail.ru','ZfMavvXOjG58fpU3ywtNz3d3IPTH9flr','$2y$13$o4J3HXVtzYBFeAy6RA2HSOmnmO087PkR3cIMjhMfBvf4OmpsMe99m',NULL,'vasian.2015@mail.ru',10,1502913757,1505812779,0,NULL,NULL,0.00,'','Болотнюк Василий Александрович',NULL,NULL,NULL,NULL,NULL,NULL,NULL,NULL,NULL,0,0,NULL,NULL,1),(99,'petpet2011@mail.ru','NIzX-w6yM_fY3rjHEgPyfs7_iuH6Mx1K','$2y$13$kYO5zb.EpZ2JoW1H5zyyG.zna6pOtPbOHDa1NDutzbjHZAu57hTwK',NULL,'petpet2011@mail.ru',10,1502958182,1502958410,0,NULL,NULL,0.00,NULL,'Петухова Жанна Геннадьевна',NULL,NULL,NULL,NULL,NULL,NULL,NULL,NULL,NULL,0,0,NULL,NULL,1),(100,'brezinskiy@rioteks.ru','','$2y$13$wD0RWDjTce/FTThMpJgRk.zxNscdl5IsdJxrZkGnzeHFPu/jXYg1G',NULL,'brezinskiy@rioteks.ru',10,1502965609,1502965609,0,NULL,NULL,0.00,'7724949999','',NULL,'Брезинский Константин +7(968)583-44-41','Общество с ограниченной ответственностью «Эксплуатационная компания «РИОТЭКС»','772401001','115230, г.Москва,  Хлебозаводский проезд., д.7 стр.10, пом.108','40702810538000017245','ПАО «Сбербанк России» г. Москва','044525225','30101810400000000225',0,1,'','1147748032057',1),(101,'arimexap1974@plusgmail.ru','C6So4oe9g-UUcnPajN1rWexrM7kIXPaT','$2y$13$DHltaGpfozFoqTJfpjDbLeGl5jqBzAZxESkQ92YhsE6eGsu8oWBd2',NULL,'arimexap1974@plusgmail.ru',10,1502967397,1502967397,0,NULL,NULL,0.00,'',NULL,NULL,NULL,NULL,NULL,NULL,NULL,NULL,NULL,NULL,0,0,NULL,NULL,1),(102,'belkmaperwoodb1997@plusgmail.ru','5XWhz_KSWgyqcDsL6h9Aog6mkQFTfu9h','$2y$13$Q.uJ95zwW5hOr5rW0mOum.kXA/o9pWWYX96EGME1vRRWYQ4ACKVgG',NULL,'belkmaperwoodb1997@plusgmail.ru',10,1502972843,1502972843,0,NULL,NULL,0.00,'',NULL,NULL,NULL,NULL,NULL,NULL,NULL,NULL,NULL,NULL,0,0,NULL,NULL,1),(103,'bs6170041@yandex.ru','','$2y$13$bO8aOt66KhurglqyESr7n.jFdWG3okc3Z4QIdCynS1nGpqg2RGNsq',NULL,'bs6170041@yandex.ru',10,1502975660,1502975660,0,NULL,NULL,0.00,'7704522863','',NULL,'Алексей 89165234038,  бухгалтер 79852255277 Татьяна Ивановна.','Общество с ограниченной ответственностью \"БизнесСтрой\"','770401001','119034, г.Москва, ул. Пречистенка, д. 25/13','40702810710010501701','ПАО «Промсвязьбанк»','044525555','30101810400000000555',0,1,'','1047796434179',1),(104,'yaohong@yeah.net','r2AudPY823sovvnmtQs92sUXkxMUqMD6','$2y$13$YNF3uEVWWDD8BPta.Duh6.rbaeSnxVQBzpgkliHHPUKvZVycxgjqy',NULL,'yaohong@yeah.net',10,1502985248,1502985248,0,NULL,NULL,0.00,'',NULL,NULL,NULL,NULL,NULL,NULL,NULL,NULL,NULL,NULL,0,0,NULL,NULL,1),(105,'goodgazon2links@i.ua','mz4gwtMmfE_T4Qv_gVPgFM6KeFATK05w','$2y$13$JyInYzepDa7gzUbZm3Ddm.XGPi/MQj0Xo2JUyDJRoRs.HOlL5Jm8i',NULL,'goodgazon2links@i.ua',10,1502994345,1502994345,0,NULL,NULL,0.00,'',NULL,NULL,NULL,NULL,NULL,NULL,NULL,NULL,NULL,NULL,0,0,NULL,NULL,1),(106,'vladimirlussy@mail.ru','59FkQV6rJY96cJVndMFeIfo4yr21rTOj','$2y$13$3NXQodfqp2sgDEKGTj/BmugMZrNrJFwDeu83DKCsWDhGIjq3fZ.P6',NULL,'vladimirlussy@mail.ru',10,1503046100,1503046100,0,NULL,NULL,0.00,'',NULL,NULL,NULL,NULL,NULL,NULL,NULL,NULL,NULL,NULL,0,0,NULL,NULL,1),(107,'goodgazon@i.ua','fOGH-KJgeX57fy9RurvrnwZtS6aRcFOm','$2y$13$Y1D0U.cjyaQ5j1IjoW/lxOZGgAoCs53ooJj./aKAp2X1q3WJDJEQO',NULL,'goodgazon@i.ua',10,1503237206,1503237206,0,NULL,NULL,0.00,'',NULL,NULL,NULL,NULL,NULL,NULL,NULL,NULL,NULL,NULL,0,0,NULL,NULL,1),(108,'cha.t.h.a.me.n.a.l.o.e1.290@gmail.com','d4W2lBF0NI-R6bphi2jUPTcGKTndRXT6','$2y$13$/HMjr51NzBGV1izsXVpl/O/HMJCibGZjVf2Nm8pJMtrPO/RryV3Te',NULL,'cha.t.h.a.me.n.a.l.o.e1.290@gmail.com',10,1503239806,1503239806,0,NULL,NULL,0.00,'',NULL,NULL,NULL,NULL,NULL,NULL,NULL,NULL,NULL,NULL,0,0,NULL,NULL,1),(109,'skachatindex2@noyabrsk.me','y0UCUQJ7mWaVN9UoLXrMuzc_1WZ0R0XO','$2y$13$xTgOjZcbrIZDARD7GoVBoeNLP.1BJ7uCVjNUod7Msf30SvTJZEDWa',NULL,'skachatindex2@noyabrsk.me',10,1503242627,1503242627,0,NULL,NULL,0.00,'',NULL,NULL,NULL,NULL,NULL,NULL,NULL,NULL,NULL,NULL,0,0,NULL,NULL,1),(110,'s-h-e-v@mail.ru','','$2y$13$hVMhl/UHf4ftF7bs2rg.yOsZphksKTHEYGqPIIeyl52wKLM1MtCwW',NULL,'s-h-e-v@mail.ru',10,1503298599,1503298599,0,NULL,NULL,0.00,'','Сергей Владимирович',NULL,'89167714223','','','Москва, Смольная ул., 57к1, этаж 18','','','','',0,0,'','',1),(111,'shoes@bashmag.ru','','$2y$13$I1pNrSCT5Ew.ftPDx4CUkOX6kBlp1sN7bAQgGciobrAP/MdiDKrgW',NULL,'shoes@bashmag.ru',10,1503306148,1503306148,0,NULL,NULL,0.00,'7708791063','',NULL,'Юрий 89057980404','ООО «Саут Лэнд» ','770801001','107140, г. Москва, 1-й Красносельский пер., д. 3, помещение 1, ком. 75','40702810500010005531','ПАО «МОСКОВСКИЙ КРЕДИТНЫЙ БАНК»','044525659','30101810745250000659',0,1,'','1137746499186',1),(112,'nikolaeva@inft.ru','','$2y$13$JpdvPojuUsYvaF.xy15NveN32hjhSoW93ObcEn8.oDs9UYSmk4BSm',NULL,'nikolaeva@inft.ru',10,1503314605,1503314605,0,NULL,NULL,0.00,'','',NULL,'','Общество с ограниченной ответственностью «ИНФИНИТИ»','','','','','','',0,1,'','',1),(113,'arm.e.ria@top.bxox.info','RkP-uUnfGV414LZOyT4dXz0SvdChBx32','$2y$13$82NriGqTiJ/2Lu92KHk2Ruh/DPfIuwo73WQ7KdZKGWvteJayE3WAe',NULL,'arm.e.ria@top.bxox.info',10,1503327530,1503327530,0,NULL,NULL,0.00,'#file_links[\"C:\\Link\\donor.txt\",1,L]',NULL,NULL,NULL,NULL,NULL,NULL,NULL,NULL,NULL,NULL,0,1,NULL,NULL,1),(114,NULL,'','',NULL,NULL,10,1503389991,1503393166,0,NULL,NULL,0.00,'','Шкрегал Дмитрий',NULL,'89191867773','','','Воронеж','','','','',0,0,'паспорт 2002 942 286','',1),(115,'infrolovv@gmail.com','fQ3HpxtmlLcuK6OAXh0GO9yLehp_PdZq','$2y$13$PovrKHm60arsHabkmWaayOlVT1QQI3f2yF6JM5/b1BusigQgYZ4Ma',NULL,'infrolovv@gmail.com',10,1503396762,1503396762,0,NULL,NULL,0.00,'',NULL,NULL,NULL,NULL,NULL,NULL,NULL,NULL,NULL,NULL,0,0,NULL,NULL,1),(116,'yvnikitin@sniip.ru','','$2y$13$9iiub1exYRQE5i2zPKWXSumVb35Y9o8IMqvl/Aso1XSf3z4.WYpCm',NULL,'yvnikitin@sniip.ru',10,1503407607,1503407776,0,NULL,NULL,0.00,'7734592593','',NULL,'Юрий 89175006263','Акционерное общество «Специализированный научно-исследовательский институт приборостроения»','7734592593','123060, г.Москва, ул. Расплетина, д.5, стр.1','40702810538170012183','Сбербанк ПАО ','044525225','30101810400000000225',0,1,'','5087746165821',1),(117,'j.u.li.o@1stbest.info','949tJgzkarmiqVoM-W957ThJpjjzPcqd','$2y$13$QPuEnGQP.RGD0PSGnkEFned8WRsxv.1GqsWLWHOSnxibQAXaiGJyy',NULL,'j.u.li.o@1stbest.info',10,1503416539,1503416539,0,NULL,NULL,0.00,'',NULL,NULL,NULL,NULL,NULL,NULL,NULL,NULL,NULL,NULL,0,0,NULL,NULL,1),(118,'Boev-work@mail.ru','2oBKjgmCLKIuDQVI87Dg93QBWwbUck7i','$2y$13$rt988hV7I15mtor.dD0T8O4m0byWOBlM8QNosuXaAXDqfpIlyHubO',NULL,'Boev-work@mail.ru',10,1503482424,1503482424,0,NULL,NULL,0.00,'',NULL,NULL,NULL,NULL,NULL,NULL,NULL,NULL,NULL,NULL,0,0,NULL,NULL,1),(119,'ndepabplacta2005@plusgmail.ru','n6v87aG-nh7trDUc7ZkN7WZ-tf-M9nNj','$2y$13$Fk1dy6/RpjBg7UjwfD2MruR1H/t9zP9jZeokM3qj3Nw4z7UGfOpGW',NULL,'ndepabplacta2005@plusgmail.ru',10,1503509104,1503509104,0,NULL,NULL,0.00,'',NULL,NULL,NULL,NULL,NULL,NULL,NULL,NULL,NULL,NULL,0,0,NULL,NULL,1),(120,'shundeeva@gmail.com','','$2y$13$N2hxck3YKleDBonLGc2WDeZDqkKs5wjZx6/7W67euJfc0OmjlMJqu',NULL,'shundeeva@gmail.com',10,1503559346,1503559346,0,NULL,NULL,0.00,'','Наталья Александровна',NULL,'+79647120822','','','мкрн Северное Чертаново 1А кв 984, Москва','','','','',0,0,'','',1),(121,'cent-ton@mail.ru','','$2y$13$LF7Sn3UD4vTCW.ShCgWYYOuNxSCp0h/5rm4oHNtYTmMMPePZm3X3i',NULL,'cent-ton@mail.ru',10,1503561908,1503561997,0,NULL,NULL,0.00,'561000521409','',NULL,'79128466463','Индивидуальный Предприниматель  Попов Игорь Алексеевич','','460050, г. Оренбург,  ул. Хабаровская, д.118','40802810505014701547','Акционерный коммерческий банк  «Форштадт» (АО), г.Оренбург','045354860','30101810700000000860',0,1,'переписка идет с почты солар','304561229600063',1),(122,'michael.karpenko@gmail.com','','$2y$13$Y6BdkwXSB4GMHJXr87usmOcyPi5LDaHn3hsClgl3xuDQfzQlstsUi',NULL,'michael.karpenko@gmail.com',10,1503570409,1503570409,0,NULL,NULL,0.00,'253697034534','',NULL,'Карпенко Михаил Григорьевич +79025550654','Индивидуальный предприниматель Карпенко Михаил Григорьевич','','690013, г. Владивосток, ул. Каплунова, 8, кв.336','40802810450000003148','Дальневосточный банк ОАО «Сбербанка России» г. Хабаровск','040813608','30101810600000000608',0,1,'','',1),(123,'vitaliy_orlyanskiy@mail.ru','','$2y$13$OtHMiv2lof4lSCPuktUPIOw5Gb.mRVRK5ukwVxkasgcNmqepjUADi',NULL,'vitaliy_orlyanskiy@mail.ru',10,1503582243,1503582243,0,NULL,NULL,0.00,'','Виталий Орлянский',NULL,'+7 929 6465470','','','д.Лопатино Солнечный бульвар д 4 кв.32 (ЖК Государев дом) расторгуевское шоссе','','','','',0,0,'','',1),(124,NULL,'','',NULL,NULL,10,1503582582,1503646389,0,NULL,NULL,0.00,'','Гагик  ресторан Япоша на Профсоюзной',NULL,'79151786888, 84959871582, 84959871777','','','ул. Профсоюзная, д. 129А, ресторан Япоша','','','','',0,0,'','',1),(125,'quonahquee@bestmailonline.com','n_vZDoGeefpj7ZLeFKu0jX-1Hy2gmcmT','$2y$13$exTZNIFHkTDp0t.wk0RFDOv7SR1MXBVCwzuVdwPtDLM7A4kUXbjuW',NULL,'quonahquee@bestmailonline.com',10,1503614891,1503614891,0,NULL,NULL,0.00,'',NULL,NULL,NULL,NULL,NULL,NULL,NULL,NULL,NULL,NULL,0,0,NULL,NULL,1),(126,'tonyabotha@sgdfhghtj5.tools','wK6hxCC_IHewONmJYFmWUjmVCjUAqXsx','$2y$13$HdCUZsNbVPCGpsQJtoZwxeL1BfMymDdhgU4vR8BcfjMI7.zDZOjMm',NULL,'tonyabotha@sgdfhghtj5.tools',10,1503640667,1503640667,0,NULL,NULL,0.00,'',NULL,NULL,NULL,NULL,NULL,NULL,NULL,NULL,NULL,NULL,0,0,NULL,NULL,1),(127,'julio@1stbest.info','Ct4WbSS7yv6N59c9ZvV-X1Obgsgkvglp','$2y$13$veALiVly35qjNp5KbcG.m.j6uKMKe6TlWG/u4tD7iBVt5uO26scqW',NULL,'julio@1stbest.info',10,1503646239,1503646239,0,NULL,NULL,0.00,'',NULL,NULL,NULL,NULL,NULL,NULL,NULL,NULL,NULL,NULL,0,0,NULL,NULL,1),(128,'info@kareliaton.ru','','$2y$13$k0rImiU2KM1X3.UQ42F1JOIWWziB5f9hf2mS1nMeBVQlXAVimei.S',NULL,'info@kareliaton.ru',10,1503646980,1503646980,0,NULL,NULL,0.00,'1001280360','',NULL,'Егор 89114004211','ООО «ОНЕГО-ТОН»','100101001','185030, г.Петрозаводск, ул.Повенецкая д.16','40702810825000007738','Отделение №8628 СБЕРБАНКА РОССИИ г.Петрозаводск','048602673','30101810000000000673',0,1,'','1141001001525',1),(129,'alexander.tyan@knorr-bremse.com','','$2y$13$MHWZYa2SzEe2e/URF9gbIujCew5gL7w8uvQUP9OG4ShtjRFQGpyvG',NULL,'alexander.tyan@knorr-bremse.com',10,1503653463,1503653463,0,NULL,NULL,0.00,'7706661615','',NULL,'Александр 89152604677','ООО «Кнорр-Бремзе Системы для Рельсового Транспорта»','770601001','119180, Москва, 2-ой Казачий пер. д.4, стр.1','40702810600012109199','АО «ЮниКредит Банк»','044525545','30101810300000000545',0,1,'','5077746958031',1),(130,'test@test.ry','tsZBFYrPGg-sxmBo0Byhe3Y7-r7mRi4c','$2y$13$jOLeSyt0IEDQbRI956YSU.zaG8Cj.Q5rF2Zow8t3dkTvuMJmWXxVi',NULL,'test@test.ry',10,1503659206,1503659206,0,NULL,NULL,0.00,NULL,NULL,NULL,NULL,NULL,NULL,NULL,NULL,NULL,NULL,NULL,0,0,NULL,NULL,1),(131,'Test@test.ru','v5EXosLcBzI1EMdq_2Zz_OjxkLD7qGax','$2y$13$JrEPa2lFKkEzUxlmyk1GTu8TrzBsqAsOQGkTOSsB02UcunwxdcPJO',NULL,'Test@test.ru',10,1503659456,1503659456,0,NULL,NULL,0.00,NULL,NULL,NULL,NULL,NULL,NULL,NULL,NULL,NULL,NULL,NULL,0,0,NULL,NULL,1),(132,'psychsubsmuba1980@plusgmail.ru','cr7ZVCxTuu2Tg4jiPgOsMBinPJsAr96e','$2y$13$SoL72ClVZQDqsZwD45PhSOpLjwUgYtg9X0tOiwtIxjbV/RTqVNwLG',NULL,'psychsubsmuba1980@plusgmail.ru',10,1503671244,1503671244,0,NULL,NULL,0.00,'',NULL,NULL,NULL,NULL,NULL,NULL,NULL,NULL,NULL,NULL,0,0,NULL,NULL,1),(133,'timdmitrievv@gmail.com','nnjGKVFnnlpIwmRArN_vxKSpLTElJOUm','$2y$13$Xc1/qsgwkd6Ojg4givqdneueNHVzL.twxvJLVV7myGPzMKriuZji2',NULL,'timdmitrievv@gmail.com',10,1503695179,1503695179,0,NULL,NULL,0.00,'',NULL,NULL,NULL,NULL,NULL,NULL,NULL,NULL,NULL,NULL,0,0,NULL,NULL,1),(134,'mnovkina@mail.ru','JAJaGphWS82gZ0Km2MqhI6Kdv_nCJw9C','$2y$13$17TFO.Wp1fQ5N1gDGOncQ..yci4BEXTj5FEztIDcA.bJlYjDAkN/W',NULL,'mnovkina@mail.ru',10,1503719099,1503719099,0,NULL,NULL,0.00,'',NULL,NULL,NULL,NULL,NULL,NULL,NULL,NULL,NULL,NULL,0,0,NULL,NULL,1),(135,'skachatindex3@noyabrsk.me','l9CF8beeZSeHDluV7riLqCteRWFmpTmS','$2y$13$Kb./EDGQqfLPcOlM9in/oOPMKQB0h8TTFCWBOLGXEAay98AEyN0Gq',NULL,'skachatindex3@noyabrsk.me',10,1503784040,1503784040,0,NULL,NULL,0.00,'',NULL,NULL,NULL,NULL,NULL,NULL,NULL,NULL,NULL,NULL,0,0,NULL,NULL,1),(136,'sbtng@earthlabsmusic.com','gnfrw_m2Vfb8TR0ynINktpRY4di7xMok','$2y$13$zInLhAwtILBQQb.AN2oLqOqUQHLMZn8L46T9Nn7lLGlbYT4wOd8tO',NULL,'sbtng@earthlabsmusic.com',10,1503804849,1503804849,0,NULL,NULL,0.00,'',NULL,NULL,NULL,NULL,NULL,NULL,NULL,NULL,NULL,NULL,0,0,NULL,NULL,1),(137,'m84276235@altrmed.ru','ZlGWVF8WNHpks4hUOLg_BCib88sTMm-s','$2y$13$CbbkBlqrlo3qDJZ46gTNLupXKoIqnMUyKeSu7tUnSmtS1/8wV1vtG',NULL,'m84276235@altrmed.ru',10,1503889806,1503889806,0,NULL,NULL,0.00,'oiwerou',NULL,NULL,NULL,NULL,NULL,NULL,NULL,NULL,NULL,NULL,0,1,NULL,NULL,1),(138,'fghj@fgj.ru','RyWgqnXSvWf_OT6Fefl5DOexHWudX4Mx','$2y$13$nkzKnMlpgYobddjsyQGXg.UuVX757rjnRLzcrIgonkZZAjH8GbGhu',NULL,'fghj@fgj.ru',10,1503918110,1503918110,0,NULL,NULL,0.00,NULL,NULL,NULL,NULL,NULL,NULL,NULL,NULL,NULL,NULL,NULL,0,0,NULL,NULL,1),(139,'info@morgan-ic.com','qkZLxXSWZwr9YH0Q16hMxgJgAMAI3msy','$2y$13$rbpjwjwiwxzKUV0Q6LvY9OKeSF7qIVquXLXzQxH5k9nRcrYBwtEXC',NULL,'info@morgan-ic.com',10,1503996557,1503998323,0,NULL,NULL,0.00,'','Георгий',NULL,'7(495)660-54-60','','','','','','','',0,0,'','',1),(140,'v.moroziouk@gmail.com','','$2y$13$kDphO1tdtn1U5vJT3kK/4u6HQvNIeqTVOQLthr2rqjSAEXNHjoBuq',NULL,'v.moroziouk@gmail.com',10,1503996622,1503996622,0,NULL,NULL,0.00,'','Владимир Васильевич',NULL,'7(985)767236','','','г. Москва, Челобитьевское шоссе, дом 1, корп. 21','','','','',0,0,'','',1),(141,'foto117118@gmail.com','4-kDwnB1G8wW8JTgF4GRIaPooSXG_06u','$2y$13$XZOvowCjW4VxgJa0P..4xe9..TE1jL1iYJX8OngjSDQSbTh2gki86',NULL,'foto117118@gmail.com',10,1504055903,1504080090,0,NULL,NULL,0.00,NULL,NULL,NULL,NULL,NULL,NULL,NULL,NULL,NULL,NULL,NULL,0,0,NULL,NULL,1),(142,'118@usk1.ru','','$2y$13$AeXGv8Zizhr8JPclA5fEM.ZsjgsiisZpJK/IlYSAw3EHKx0vQd0N.',NULL,'118@usk1.ru',10,1504094029,1511270312,0,NULL,NULL,0.00,'7715471410','',NULL,'Александр Баранников  8-495-212-91-30 доб. 115','Общество с ограниченной ответственностью «ЦЕНТРСТРОЙКОМПЛЕКТ»','771501001','127018, г. Москва, ул. Складочная, д. 3, стр. 7','40702810502590001216','АО «Альфа-Банк» г. Москва','044525593','30101810200000000593',0,1,'почта  117@usk1.ru - тоже их, Чеботарев Иван     113@usk1.ru - Вадим Баглык','1157746351058',1),(143,'romanov.n@sk-royal.ru','','$2y$13$S8W84AEQylTLjb40.HUcK.Ohu806Ijt0wf2saTkW5b.RjLtXnYDJe',NULL,'romanov.n@sk-royal.ru',10,1504261504,1504261504,0,NULL,NULL,0.00,'7727257153','',NULL,'Романов Николай +7 (926) 198-78-92','Общество с ограниченной ответственностью ”ЦентрТоргПроект”','771545001','117447, г. Москва, Черемушкинская Б. ул., д. 1','40702810031000004431','АКБ «ФОРА-БАНК» в г. Москве (АО)','044525341','30101810300000000341',0,1,'','1037727040856',1),(144,'zakaz_kd1@mail.ru','','$2y$13$koeLMV6K.DcC0VN2Jw28h.aohrcBCMINMjj/KS/UkP5ac.mhOBY.C',NULL,'zakaz_kd1@mail.ru',10,1504264777,1504264777,0,NULL,NULL,0.00,'7713761586','',NULL,'Андрей 7 (925)005-14-02','Общество с ограниченной ответственностью \"КРАСИВЫЙ ДОМ\" ','771301001','127474, г. Москва,ул. Дмитровское шосс е, д.62, кор.2 ','40702810138000144123','ПАО «Сбербанк»','044525225','30101810400000000225',0,1,'','1137746059120',1),(145,'ooo_nt@bk.ru','','$2y$13$c6x.TGlUxRvRCq3.tBWXiedSxZrmjIh/HG7VKXp.YslxsqdnhPIJ6',NULL,'ooo_nt@bk.ru',10,1504598075,1504598075,0,NULL,NULL,0.00,'3810311634','',NULL,'Сидорова Ирина 89501162924','Общество с Ограниченной Ответственностью ПКК \"Новые Технологии\"','381001001','664014, Россия, г. Иркутск, пос. Жилкино, ул. 1 Московская, д. 1','40702810140110001148','Филиал № 5440 ВТБ 24 (ПАО) г. Новосибирск','045004751','30101810450040000751',0,1,'','1093850011364',1),(146,'paritet_bms@bk.ru','','$2y$13$UWznEjatuu1MhP81rdb9xOWE8I/r5GE8SecaMZKIpWOLa54bqS92K',NULL,'paritet_bms@bk.ru',10,1504599103,1504599103,0,NULL,NULL,0.00,'3810021413','',NULL,'Михаил Бехтер 8(3952)609-904 ','Общество с Ограниченной Ответственностью \"Паритет\"','381001001','666036, Россия, г. Шелехов, 4 мкр, д. 4, кв. 57 ','40702810318350004980','Иркутское отделение № 8586/0164 ПАО \"Сбербанк России\"','042520607','30101810900000000607',0,1,'','1153850001689',1),(147,'sergey.khavaev@trackprint.ru','','$2y$13$qo9KLtij2UhQNbN54cmeMePh.mnY0vBbV7eZjof8k47J9K.LEPoMa',NULL,'sergey.khavaev@trackprint.ru',10,1504701566,1504701566,0,NULL,NULL,0.00,'7733876874','',NULL,'Сергей Хаваев 7-905-718-97-52','Общество с ограниченной ответственностью «ТРЕК ПРИНТ»','773301001','125367, Москва г., Врачебный пр., дом 10, пом. III, комн.1','40702810400030000547 ','\"СДМ-БАНК\" (ПАО) г.Москва','044525685','30101810845250000685',0,1,'','1147746380858',1),(148,'n.tarasova@generium.ru','','$2y$13$ohsTEuE6q3xOlLucFrDWQ.f3HbNo0/UAnb2zN4BHzOLbf5jGPA15e',NULL,'n.tarasova@generium.ru',10,1504769029,1504769029,0,NULL,NULL,0.00,'3321027747','',NULL,'Наталья Николаевна Тарасова +7(495) 988 47 94 (доб. 7041)','Акционерное общество «ГЕНЕРИУМ»','332101001','601125, Владимирская обл., Петушинский р-н, п. Вольгинский, корпус 17 ','40702810640020004375','ПАО  «СБЕРБАНК РОССИИ» г. Москва','044525225','30101810400000000225',0,1,'','1093316000370',1),(149,'kvn04@mail.ru','','$2y$13$nHTH.6vjb1R8EkoJ5Ahwi.ccI6Rwgsmh5gFkKAY6n.qUgnnOFXpZW',NULL,'kvn04@mail.ru',10,1504865626,1504865626,0,NULL,NULL,0.00,'143514213089','',NULL,'Валерий Косолапов +79142706663','Индивидуальный Предприниматель Косолапов Валерий Николаевич','','677901, РС (Я) г.Якутск, мкр.Марха, ул.Жиганская №8','40802810010560003274','Филиал № 2754 ВТБ 24 (ПАО) г.Хабаровск','040813827','30101810300000000827',0,1,'','310143509800150',1),(150,'snab2@1ptech.ru','','$2y$13$F4F5HKp7Qs7572XLjFsqBeiUjVZf75h9iqfoFopYzlXkJ0s5d/2je',NULL,'snab2@1ptech.ru',10,1504870230,1504870230,0,NULL,NULL,0.00,'7714905135','',NULL,'  George Dvalishvili 7(999) 809 27 08','Общество с ограниченной ответственностью «1П Технолоджиз»','771401001','125167, г. Москва, ул. Планетная д. 29, корп. 1А','40702810738000032774','ПАО СБЕРБАНК','0445252225','30101810400000000225',0,1,'','1137746400120',1),(151,'Pavla.vostretcova@gmail.com','svBMiKAvuEzAJrUAs8I3dXjNQC2u7KL6','$2y$13$I.UjTPWh4O8THmvOR2uXcOdaJqKNPsQLeYUVq3lR1w0riMOf.Eg.S',NULL,'Pavla.vostretcova@gmail.com',10,1504956438,1504957023,0,NULL,NULL,0.00,NULL,'Вострецова Елизавета Анатольевна',NULL,NULL,NULL,NULL,NULL,NULL,NULL,NULL,NULL,0,0,NULL,NULL,1),(152,'i.n.bortnikov@gmail.com','p39eV1nP3BfrBBV1NpTGr7kCsRRl2hge','$2y$13$PRqswV75717K4dKSplIH1eGopD8uZtg.89Uu4HjLEZh7xFVQ/Q71G',NULL,'i.n.bortnikov@gmail.com',10,1504963817,1504963817,0,NULL,NULL,0.00,NULL,NULL,NULL,NULL,NULL,NULL,NULL,NULL,NULL,NULL,NULL,0,0,NULL,NULL,1),(153,'mashik23@yandex.ru','GYBC_VD1GJCfJY3OHaOUrvydriR_ldyo','$2y$13$j.smHeYZUuy8q5pl3hteZuApjpaA3rofl2s8y5rzxB9MRwLzah71m',NULL,'mashik23@yandex.ru',10,1504989966,1504989966,0,NULL,NULL,0.00,NULL,NULL,NULL,NULL,NULL,NULL,NULL,NULL,NULL,NULL,NULL,0,0,NULL,NULL,1),(154,'dimakov290680@mail.ru','','$2y$13$p3DQlOUpaAblsBxhCFCo/.KGN9fK2TpPa3UaEyJcn9acbbNSVqFCe',NULL,'dimakov290680@mail.ru',10,1505114293,1505114293,0,NULL,NULL,0.00,'7705131196','',NULL,'Дмитрий 89265581008','Общество с ограниченной ответственностью  «Компания Сервисстрой»','770501001','113054, г. Москва, ул. Зацепский Вал, дом № 14/36, корпус 1','40702810600000086686','«ВТБ 24» (ПАО) г. Москва','044525716','30101810100000000716',0,1,'','1027700344341',1),(155,NULL,'','',NULL,NULL,10,1505116424,1505116424,0,NULL,NULL,0.00,'7724836106','',NULL,'Дмиртрий Ковалёв 89265581008','Общество с ограниченной ответственностью «Монолит-7»','772401001','115487, г. Москва, ул. Нагатинская, дом № 16, строение 9, пом VII ком 15 оф 3','40702810300000051380','«ВТБ-24» (ПАО)','044525716','30101810100000000716',0,1,'','1127746434738',1),(156,'kolodkinsv@vtg.gazprom.ru','nj_anKiYIz--FwvqgYAEZocxNW_etFqH','$2y$13$w0LbSZ2vkA1wYFsNmSFxP.Ky1DQwYf2yPoxIIDDaKZgLGPvR39vFO',NULL,'kolodkinsv@vtg.gazprom.ru',10,1505124079,1505124079,0,NULL,NULL,0.00,NULL,NULL,NULL,NULL,NULL,NULL,NULL,NULL,NULL,NULL,NULL,0,0,NULL,NULL,1),(157,'kobylyanskiy@kmp43.ru','','$2y$13$Hxw318YrgLnBnlFRiREbgutZEcPazzByjnJiT.cFMLstZFzu8dOEW',NULL,'kobylyanskiy@kmp43.ru',10,1505136379,1505136379,0,NULL,NULL,0.00,'4345399055','',NULL,'Кобылянский Тимофей Владиславович 8(8332) 664-058','Акционерное общество «Кировское машиностроительное предприятие»','434501001',' 610047, Кировская область, город Киров, улица Дзержинского, дом 75/8','40702810627000002529 ','Кировское отделение № 8612 ПАО Сбербанк г. Киров','043304609','30101810500000000609',0,1,'','1144345024933',1),(158,'potencial55@yandex.ru','','$2y$13$/Eo6pQWJV4wwv9OvYXFdnuNtvRoLt/lI.BOdBYstI8ZuVt/j8bNP2',NULL,'potencial55@yandex.ru',10,1505203073,1505203073,0,NULL,NULL,0.00,'7715041625','',NULL,'Анна 8-968-404-29-48','ОБЩЕОБРАЗОВАТЕЛЬНОЕ ЧАСТНОЕ УЧРЕЖДЕНИЕ  СРЕДНЯЯ ОБЩЕОБРАЗОВАТЕЛЬНАЯ ШКОЛА «ПОТЕНЦИАЛ»','771501001','127253, г.Москва, ул.Псковская , дом 5, корп.1','40703810700240000055','Филиал «Центральный» Банка ВТБ (ПАО) в г.Москве','044525411','30101810145250000411',0,1,'','1027739401524',1),(159,'aleksandr-m@newmail.ru','','$2y$13$2x3RrZF6BACmM2/79wNl1O4GI8oiweglzaReciEymIvKimoLE9Hse',NULL,'aleksandr-m@newmail.ru',10,1505285904,1505285904,0,NULL,NULL,0.00,'7709239680','',NULL,'Мельников Александр 89262349221','Общество с ограниченной ответственностью «Производственная компания Латераль» ','770901001 ','105120, г. Москва, ул. Нижняя Сыромятническая, д.5/7, стр.9 ','40702810700010010970','АКБ «РОСЕВРОБАНК» (ОАО) г. Москва','044585777','30101810800000000777',0,1,'','1027700570260',1),(160,'e.kazakova@ambiz.ru','','$2y$13$ZunXrkBFV0ylZTg6UFo4A.whnhJx/P801wLbEaX5j.3QRS3MhZNXy',NULL,'e.kazakova@ambiz.ru',10,1505387741,1505387857,0,NULL,NULL,0.00,'7710155040','',NULL,'Казакова Елена +7 (495) 785-81-50 доб. 1783','ЗАО «АМБИЗ»','772601001','117105, г. Москва, Варшавское шоссе, д. 26','40702810400001405698','АО «Райффайзенбанк»','044525700','30101810200000000700',0,1,'','1027700091980',1),(161,'accordo@mail.ru','','',NULL,'accordo@mail.ru',10,1505394859,1505394915,0,NULL,NULL,0.00,'6672318444','',NULL,'Петров Сергей 8-91224-27943','Общество с ограниченной ответственностью «Аккорд»','667401001','620024, г. Екатеринбург,  ул. Новинская, д.2, литер У, оф.109','40702810416110055905','Уральский банк ОАО «Сбербанк России» г. Екатеринбург','046577674','30101810500000000674',0,1,'','1106672010895',1),(162,'nikeenko.g@mail.ru','dWTBsdBJB-NiQXSIUCzRrjIMDz927n2l','$2y$13$BqVc6xRctyqKYp6Gd1pACeOJr0Uow/Dw4EkjLfwMdoneWyhk0zg.S',NULL,'nikeenko.g@mail.ru',10,1505691254,1505691423,0,NULL,NULL,0.00,NULL,'Никеенко Галина Петровна',NULL,NULL,NULL,NULL,NULL,NULL,NULL,NULL,NULL,0,0,NULL,NULL,1),(163,'226000@mail.ru','','$2y$13$sWe/QgAU5Ut83M7iCsT4D.s.gqEpS7WVTVLCKNG0tHUtTbY/DvXn2',NULL,'226000@mail.ru',10,1505720075,1505720075,0,NULL,NULL,0.00,'0326019783','',NULL,'Евгения Попова +7 (3012) 226-000, +7 (3012) 226-121','Общество с ограниченной ответственностью \"ЗЕБРА\"','032601001','670010, Республика Бурятия,  г. Улан-Удэ, ул. Толстого, 23, ','40702810309160001945','ПАО «Сбербанк» Бурятское отделение №8601','048142604','30101810400000000604',0,1,'','',1),(164,'troizkih.as@metallprofil.ru','','$2y$13$1Yxyh225DDxcuWA5dqpjUun21Ebuf7mcViAr7gheEaGbCwxsxa2Ku',NULL,'troizkih.as@metallprofil.ru',10,1505727365,1505727365,0,NULL,NULL,0.00,'7704792852','',NULL,'Троицких Алексей Сергеевич   7 (905) 840 59 27','Общество с ограниченной ответственностью «Компания Металл Профиль»',' 502543001','125212, г. Москва, ул. Адмирала Макарова, дом 29','40702810740260032939','ПАО Сбербанк России','044525225','30101810400000000225',0,1,'','',1),(165,'89057044626','','',NULL,'89057044626',10,1505727982,1505728033,0,NULL,NULL,0.00,'','Елена',NULL,'89057044626','','','Москва, ул. Фадеева  д. 2','','','','',0,0,'','',1),(166,'admin','7_w4YSXOlZdRGE26fDmOLhMFA-O4Flew','$2y$13$/.0999/wydsZXX86YYDy8OHI101tVKaYtTdPWaQQ0bWWPqpH.giCK',NULL,'admin@127.0.0.1',10,1494228443,1500623182,1,NULL,NULL,0.00,'','',NULL,'','','','','','','','',0,0,NULL,NULL,2),(167,'491800@mail.ru','','$2y$13$RU6mDsT2N1KggMFdzSJCg.P8c1OBqcITky.tLKwSNECr9C0Th0fpe',NULL,'491800@mail.ru',10,1505739665,1505739665,0,NULL,NULL,0.00,'4345158740','',NULL,'Салтыкова Екатерина (8332) 70-40-71, 49-18-00','Общество с ограниченной ответственностью «ПРОМ-ЛАЙН» ','434501001','610035, г. Киров, ул. Базовая, д. 6','40702810303000021585','Приволжский филиал ПАО \"Промсвязьбанк\" г.Нижний Новгород ','042202803','30101810700000000803',0,1,'','1064345132521',1),(168,'anna.ulyanova@slavjanka.ru','','$2y$13$ZzsHQGnJsxVIQjpzPsa2UO68diBGw1dBBK1uE8t4.lsVEAJLruSgC',NULL,'anna.ulyanova@slavjanka.ru',10,1505811943,1505811943,0,NULL,NULL,0.00,'7326048875','',NULL,'Ульянова Анна (8422) 24-09-53','Общество с ограниченной ответственностью «Кондитерская фабрика «Волжанка»','732601001','РФ, 432035, г. Ульяновск, проспект Гая, дом 81','40702810807000001659','Филиал ПАО «Сбербанк России» - Белгородское отделение №8592','041403633','30101810100000000633',0,1,'','1157326000556',1),(169,'skladrdp@yandex.ru','','$2y$13$tW2CKLk4vqWzbAnsTj0ij.0NdKAfY.sDxK4/cD1dhDr2Y8D7RBSO6',NULL,'skladrdp@yandex.ru',10,1505812529,1505812529,0,NULL,NULL,0.00,'7722369840','',NULL,'Арестов Дмитрий  8 985-817-58-09','Общество с ограниченной ответственностью  \"САЙНГРУПП\"','772201001','111024, г. Москва, Андроновское шоссе, д. 26, стр. 9, каб. 10','40702810800033390002','КБ «ЛОКО-БАНК» (АО), г. МОСКВА','044525161','30101810945250000161',0,1,'','1167746659123',1),(170,'arkadich.1971@mail.ru','tJl2Jc-fOKzu9azNmmYUxvPqdXkXroAf','$2y$13$fk8LFmLcpclAfuoGTzIjuOGT63/AVA.YoFO0QlT6jlxV/cfNuVdUW',NULL,'arkadich.1971@mail.ru',10,1505814736,1505814736,0,NULL,NULL,0.00,NULL,NULL,NULL,NULL,NULL,NULL,NULL,NULL,NULL,NULL,NULL,0,0,NULL,NULL,1),(171,'weqwrwe@wsdfsdf.ru','WY-8rsUOkO6cjNyaNMronlKmFlI7VjoH','$2y$13$gHZDaCpg6h3/I7nSEb1Em.uP1bgobBq97a671kYaTPa2W74HSvXIO',NULL,'weqwrwe@wsdfsdf.ru',10,1505825210,1505825210,0,NULL,NULL,0.00,NULL,NULL,NULL,NULL,NULL,NULL,NULL,NULL,NULL,NULL,NULL,0,0,NULL,NULL,2),(172,'sp24dzm@mail.ru','gEQuWFCLZFtVWnDsA4wjQkGPQIenBx4R','$2y$13$U0G6A31oy4sfXz6hhDYtvOBCFzhsfUpRGi88kH5YfHCRgv8vN2mRe',NULL,'sp24dzm@mail.ru',10,1505825313,1505841935,0,NULL,NULL,0.00,NULL,'Андрей Иванов',NULL,NULL,NULL,NULL,NULL,NULL,NULL,NULL,NULL,0,0,NULL,NULL,1),(173,'a.mayorov@global-invest.su','','$2y$13$tM0JRfKvYfghnMOrmP2mwupLt.XvcJy0FyPkAd9PueGYkoQNOieDe',NULL,'a.mayorov@global-invest.su',10,1505828157,1505828157,0,NULL,NULL,0.00,'7725277475','',NULL,'Алексей Майоров +7 (915)-430-430-6','Общество с ограниченной ответственностью «Глобал Строй»','772501001','115487; г.Москва, проспект Андропова дом 40,корпус 2,квартира 153.','40702810000510007635','ОА «ОТП Банк» г.Москва','044525311','	  30101810000000000311',0,1,'','1157746548750',1),(174,'plenka.2015@mail.ru','','$2y$13$p.NAHdceFCW2ekB3.BnsZOvWSR3pKfgPZfVVMliGc1WlQueQTpMuG',NULL,'plenka.2015@mail.ru',10,1505828550,1505828550,0,NULL,NULL,0.00,'7715463698','',NULL,'Кирилл. (495)773-74-59','Общество с ограниченной ответственностью «ПолимерСервис»','771501001','127221, г. Москва, ул. Молодцова д.2А, пом.1,ком.3','40702810138000030758',' ПАО \"СБЕРБАНК РОССИИ\" Г. МОСКВА','044525225','30101810400000000225',0,1,'','1157746302306',1),(175,'sayenara@gmail.com','EjGDYqaav61vLv2QLfrjYV-4Q7rFj9Me','$2y$13$9kAGsFfBD4pMwBWXHJ.F9uyb2bF7Xqyw4iA3cWNjh5v4zC5TrQ5qO',NULL,'sayenara@gmail.com',10,1505833753,1505834078,0,NULL,NULL,0.00,NULL,'Анохин Юрий Алексеевич',NULL,NULL,NULL,NULL,NULL,NULL,NULL,NULL,NULL,0,0,NULL,NULL,1),(176,'test@test.ry','9qsHGmLZxTB_IjmGw1Z60ebh4rv47Mbt','$2y$13$bL7V9aBlPqxRSMvfSpHQEOY79jK9UoDAe./YpsQNFbdAsvk72XJHu',NULL,'test@test.ry',10,1505903019,1505903019,0,NULL,NULL,0.00,NULL,NULL,NULL,NULL,NULL,NULL,NULL,NULL,NULL,NULL,NULL,0,0,NULL,NULL,2),(177,'gjhghg@ghjg.tu','STpouTpc3Fvb5k2S1B8rVDTqN_6Ssrct','$2y$13$Ci0yx3qxeP4s.EzI8RRsKOxDd1lkSpzI.5cebYoyxC5qT4Gp1LkZC',NULL,'gjhghg@ghjg.tu',10,1505912344,1505912344,0,NULL,NULL,0.00,NULL,NULL,NULL,NULL,NULL,NULL,NULL,NULL,NULL,NULL,NULL,0,0,NULL,NULL,2),(178,'kr_49@mail.ru','5yruxukslEtwXix9whsX-KN9g-qSNyS8','$2y$13$6kejsFPlQyj7UVjwPTBgneSf3vYsF5Zn/Urfb02yI2g2/InZ2XSvq',NULL,'kr_49@mail.ru',10,1506012767,1506012767,0,NULL,NULL,0.00,NULL,NULL,NULL,NULL,NULL,NULL,NULL,NULL,NULL,NULL,NULL,0,0,NULL,NULL,1),(179,'wqeq@sd.rtu','CIyOyYvlNwwJRYvhbhrb2xsaUJYaHcT-','$2y$13$QfEpc4cFhyMWl0LUi.oyt.lyDgF/An7FwySbAYNFWqBpbyD/gm5.O',NULL,'wqeq@sd.rtu',10,1506060089,1506060089,0,NULL,NULL,0.00,NULL,NULL,NULL,NULL,NULL,NULL,NULL,NULL,NULL,NULL,NULL,0,0,NULL,NULL,1),(180,'qweqw@qesa.ru','96i9YMsASyE8CI73PilFLZBpysMidHbQ','$2y$13$h5mLj6CrUwhdAaUyRe6MMuZJR.t1ZgJZJBDTjJm.a9j4xrdhakqL.',NULL,'qweqw@qesa.ru',10,1506085299,1506085299,0,NULL,NULL,0.00,NULL,NULL,NULL,'12312321312',NULL,NULL,NULL,NULL,NULL,NULL,NULL,0,0,NULL,NULL,1),(181,'eshmunk@vniivvim.ru','','$2y$13$ky/N5X1f.PvrX.F61g6fieF9DVxIoZf4f21xzOjB/6PNljIhvRI.m',NULL,'eshmunk@vniivvim.ru',10,1506325668,1506325668,0,NULL,NULL,0.00,'3321004010','',NULL,'Шмунк Евгений 7 (905) 142-22-88','ФГБНУ ФИЦВиМ','332101001','601125, Владимирская обл., Петушинский р-н, п. Вольгинский, ул. Академика Бакулова, строение 1.','40501810400082000001','Отделение Владимир г.Владимир','041708001','',0,1,'','1023301104595',1),(182,NULL,'','',NULL,NULL,10,1506332299,1506332299,0,NULL,NULL,0.00,'','Аслан',NULL,'89097899492','','','Кабардино-Балкария','','','','',0,0,'','',1),(183,'litvinova_elina@mail.ru','Ob3ISlZjceFHtJhbGIIA5uSppXRdVrnF','$2y$13$Pf3AnsfeBlhUZ7P6FlTgd.iwrDCtqmei0sqUMCIT37prbK4AWpLLG',NULL,'litvinova_elina@mail.ru',10,1506336213,1506336213,0,NULL,NULL,0.00,NULL,NULL,NULL,'89106575516',NULL,NULL,NULL,NULL,NULL,NULL,NULL,0,0,NULL,NULL,1),(184,'asv81@inbox.ru','','$2y$13$fFg4YOJPK6phwPxWjXiH8O2N0A2ibNXsjVhyLcORhju41etvrTxC2',NULL,'asv81@inbox.ru',10,1506418898,1506418898,0,NULL,NULL,0.00,'9729117405','',NULL,'Александр  8-919-970-75-55','ООО \"АТЕНА ГРУПП\"','772901001','119571, Москва г, Академика Анохина ул, д. 5, кор. 2, пом. XXI, комн.3А','40702810902490002038','АО \"АЛЬФА-БАНК\" г.Москва','044525593','30101810200000000593',0,1,'','1177746833626 ',1),(185,'hallow_King@mail.ru','QHgdND4Yq86IyFUqGG3L3uNzz5X5MhHq','$2y$13$fY02MLM5jrgnFu4.F8b2i.1Xan3JCGIWmb8mMuaKv1crL.hblExZm',NULL,'hallow_King@mail.ru',10,1506487942,1506487942,0,NULL,NULL,0.00,NULL,NULL,NULL,'79778873747',NULL,NULL,NULL,NULL,NULL,NULL,NULL,0,0,NULL,NULL,1),(186,'gray-82@yandex.ru','7H04acjeoTMzuRKqDSk21n6FVUt8KgLl','$2y$13$KkWV76VHRTXrYWecWdleQOBklDSFquu5RViDSDcl8m5z.WXDiYIri',NULL,'gray-82@yandex.ru',10,1506506609,1506506609,0,NULL,NULL,0.00,NULL,NULL,NULL,'123',NULL,NULL,NULL,NULL,NULL,NULL,NULL,0,0,NULL,NULL,2),(187,'hr@maniapro.ru','','$2y$13$Us25hvfO/cf7euYiKx9hFeX07tBADgrJ2F49Y3kyJrgj1JZcjp2tm',NULL,'hr@maniapro.ru',10,1506586943,1506586943,0,NULL,NULL,0.00,'7730643991','',NULL,'Ханчадаров Рустам +7 (966) 004 9778','ООО \"Мания про\"','773001001','121165 г. Москва,  ул. Кутузовский проспект, д.29, пом-е 2, ком.13','40702810900000037241','ЗАО ВТБ 24, г. Москва','044525716','30101810100000000716',0,1,'','1117746358850',1),(188,'art@sshikom.com','0OG93y26yD4LRz32TOkDQBzWCbZm1fi8','$2y$13$bfg.jF5hDWE/NrLafo15/uIvQZEKvfdQeDAGkLFGrdcvLa9E9ajTa',NULL,'art@sshikom.com',10,1506590093,1506591337,0,NULL,NULL,0.00,'7717554277','',NULL,'Михаил Орлов  +79160169455 ','Общество с ограниченной ответственностью Творческая группа «СШИКОМ»','771701001','129515, г. Москва, ул. Ак. Королева, д. 13, стр. 1','40702810200000045849','ВТБ 24 (ПАО)','044525716','30101810100000000716',0,1,'','1067746427430',1),(189,'m.shukina@smart-fin.ru','','$2y$13$aPwD0wC4Pl6yuiX80UbCiekcsazEcvCJBxMM0/XMMkVYwKaenG.3m',NULL,'m.shukina@smart-fin.ru',10,1506590268,1506590268,0,NULL,NULL,0.00,'7736642031','',NULL,'Щукина Мария 89264726608','АО «Смартфин»','772501001','115432, г. Москва, проспект Андропова д. 18 корп. 7, этаж 8, офис АО Смартфин','40702810338000069435','Сбербанк России (ПАО) г. Москва','044525225','30101810400000000225',0,1,'','1127746274061',1),(190,'dsds@adsad.ru','ZolqaZdSvbeOQr-wzIElGaQoq6vDnHdR','$2y$13$gu.6YT4TkvFbiwt0xJTnxu0VsibuBjyP42aeFcsB4P2Qk3HPuCrv6',NULL,'dsds@adsad.ru',10,1506602788,1506602788,0,NULL,NULL,0.00,NULL,NULL,NULL,'32143143563788',NULL,NULL,NULL,NULL,NULL,NULL,NULL,0,0,NULL,NULL,2),(191,'kivoraa@mail.ru','duUMIlEk6Eg65Jtx2-fTKCxJu6_m4o25','$2y$13$OkwVa9/T5c4/qERaAHHDEOY/lkr6WSarZeIcKFIYTaPJx6bQn/ZFq',NULL,'kivoraa@mail.ru',10,1506628274,1506628274,0,NULL,NULL,0.00,'',NULL,NULL,NULL,NULL,NULL,NULL,NULL,NULL,NULL,NULL,0,0,NULL,NULL,0),(192,'gumilevkdavdiya8329@mail.ru','JKjLaYMHqRfCvjuwWlzkZaEGv06UQA-g','$2y$13$fuQOSoHUn8QepvwtPWfR0ea90AVwPnT/6FarBsHl9KIsFxDzTkRtC',NULL,'gumilevkdavdiya8329@mail.ru',10,1506665376,1506665376,0,NULL,NULL,0.00,'',NULL,NULL,NULL,NULL,NULL,NULL,NULL,NULL,NULL,NULL,0,0,NULL,NULL,0),(193,'zaluba_pakhotinskiy53@mail.ru','T66dtwc6Gr_GwyQX9KxJu2kCWqsShLNb','$2y$13$4HIF4Jp/UsY1cDcNbPlrKOGDhZEJwu7liJM2xKb2SthoE1Y2U7.bK',NULL,'zaluba_pakhotinskiy53@mail.ru',10,1506668413,1506668413,0,NULL,NULL,0.00,'',NULL,NULL,NULL,NULL,NULL,NULL,NULL,NULL,NULL,NULL,0,0,NULL,NULL,0),(194,'anarw2o6m@mail.ru','EWfeHzBor0n9_Eop6-8wBAPXdT8yJXbi','$2y$13$dqW7HXI4BBjc1IDSOwBoqePujMCAVvAaOIMa8x6fLoGFA4UMJmcJa',NULL,'anarw2o6m@mail.ru',10,1506674840,1506674840,0,NULL,NULL,0.00,'',NULL,NULL,NULL,NULL,NULL,NULL,NULL,NULL,NULL,NULL,0,0,NULL,NULL,0),(195,'max.shevch@gmail.com','8XVpVM814pWVnsNCJ1ZcngMsMIIDQO76','$2y$13$SfI7BYMURaipREoJ05RyEunRqFBhu/wm5xZjCNSQR4y8/5QENeWFy',NULL,'max.shevch@gmail.com',10,1506684458,1506684458,0,NULL,NULL,0.00,NULL,NULL,NULL,'+79175102777',NULL,NULL,NULL,NULL,NULL,NULL,NULL,0,0,NULL,NULL,1),(196,'manueladova@mail.ru','vOm9hyN7UTpb63ap7TNRXB2-sypXlJiU','$2y$13$k2IzQw.cz4fDLzGV3eV9SuNnLnkOGSRcQGQKFVb63VmWwl8vUJLDu',NULL,'manueladova@mail.ru',10,1506718576,1506718576,0,NULL,NULL,0.00,'',NULL,NULL,NULL,NULL,NULL,NULL,NULL,NULL,NULL,NULL,0,0,NULL,NULL,0),(197,'bolonkamin@yandex.ru','aJ0DVMtyfk7NIydPUzy9CTHgFjp07AN6','$2y$13$RB98VRwScRSZL1OOu4x5xumSwx5faJgbRVB80GOo7D0JxAQfdv4d.',NULL,'bolonkamin@yandex.ru',10,1506727153,1506727153,0,NULL,NULL,0.00,'',NULL,NULL,NULL,NULL,NULL,NULL,NULL,NULL,NULL,NULL,0,0,NULL,NULL,0),(198,'alekssan86@mail.ru','kdZW4qhCVbFEH0klNErZIOcWuRduTwEG','$2y$13$rqKlbYraYZL31GbgBU1b0.Lv4.IluZwSLATpmptIzDV/9n15W24pC',NULL,'alekssan86@mail.ru',10,1506742553,1506742553,0,NULL,NULL,0.00,'',NULL,NULL,NULL,NULL,NULL,NULL,NULL,NULL,NULL,NULL,0,0,NULL,NULL,0),(199,'pozitivchiki@guru.pw','3K725zLRHp-gWcYQ_FDEY_qKaVL-J6-y','$2y$13$1p.I.LQVXDjDWDcNubaVeefmT9bvr3Pd3TB/y473rmOIC5DRlqacS',NULL,'pozitivchiki@guru.pw',10,1506825671,1506825671,0,NULL,NULL,0.00,'',NULL,NULL,NULL,NULL,NULL,NULL,NULL,NULL,NULL,NULL,0,0,NULL,NULL,0),(200,'egorewsah@mail.ru','lqD1tbg2ZH9SpfTgot5FJGhWtRIc3sFG','$2y$13$/la/uhnfaX8kNTIgz3w0Lu492Ps0mLVjSTr4MRru4/k.fzyC7Rwpy',NULL,'egorewsah@mail.ru',10,1506885846,1506885846,0,NULL,NULL,0.00,'',NULL,NULL,NULL,NULL,NULL,NULL,NULL,NULL,NULL,NULL,0,0,NULL,NULL,0),(201,NULL,'','',NULL,NULL,10,1506940656,1506940656,0,NULL,NULL,0.00,'','РУСТАМ ХАФИЗОВИЧ',NULL,'+7 903 556 00 94','','','','','','','',0,0,'','',1),(202,'ak@naumag.ru','','$2y$13$XwmO4Opkhy/WhrccwnpZF.m3rEM2BdEZgFRnGGrkYkfsctKspnhly',NULL,'ak@naumag.ru',10,1506945135,1506945135,0,NULL,NULL,0.00,'5001099898','',NULL,'Александр Костров  4956406341','ООО «Научные развлечения»','500101001','143900, Московская обл, Балашиха г, Никольско-Архангельский мкр,  ул. 2-я линия, д. 18','40702810800000114303','ВТБ 24 (ПАО) г. Москва','044525716','30101810100000000716',0,1,'','1145001002574',1),(203,'scottgef@mail.ru','kZtS-L77U5owlYBrG0koBA3gEnl7y_ee','$2y$13$jNtCTZUvzYBZso8gfCDLqey5EjqUW3eJqhSipEmkVwlVGqnFlv7yu',NULL,'scottgef@mail.ru',10,1506950963,1506950963,0,NULL,NULL,0.00,'',NULL,NULL,NULL,NULL,NULL,NULL,NULL,NULL,NULL,NULL,0,0,NULL,NULL,0),(204,'snab@semm.ru','','$2y$13$bp.VXXF8Msm.LQiiec3P7O9qVnnI7jt/lFKqRyZxG6.5zGNzefe0O',NULL,'snab@semm.ru',10,1507022041,1507022041,0,NULL,NULL,0.00,'2313006276','',NULL,'Масловская Наталья (86138)7-24-27','АО «ЭЛЕВАТОРМЕЛЬМАШ»','231301001','352382, Краснодарский край, г. Кропоткин, ул. Пушкина 79','40702810847840000914','Филиал «Южный» ПАО «Банк Уралсиб» г. Краснодар','040349700','30101810400000000700',0,1,'','',1),(205,'nata_70@bk.ru','pFXSp5cTtvsLql6FT8kYK7b2Pg5ni8N2','$2y$13$c8hd2q5ONQA9ICceCm87teHBg3QwqJHvb.j3y.o22Ca.2t8vHxpBa',NULL,'nata_70@bk.ru',10,1507032582,1507032582,0,NULL,NULL,0.00,NULL,NULL,NULL,'+79288800532',NULL,NULL,NULL,NULL,NULL,NULL,NULL,0,0,NULL,NULL,1),(206,'vlas@livesilk.info','y5cNvFt9k08Eeu848I3XnhH-yPhsXfxf','$2y$13$LV2zb2ofngQ4cmm4QD6LMeJmLTdqrDoVuPwHZZW8vyIb6dtgy2lRG',NULL,'vlas@livesilk.info',10,1507076256,1507076256,0,NULL,NULL,0.00,'',NULL,NULL,NULL,NULL,NULL,NULL,NULL,NULL,NULL,NULL,0,0,NULL,NULL,0),(207,'ontobuk@mail.ru','QQGM9-nK2MelI5oR7KfnJnUueLfSK1ll','$2y$13$VpTV/WfJA2C/0mes6fSYiez.GR66YWWTfdvuByaGG618ZTBM2R2g6',NULL,'ontobuk@mail.ru',10,1507101545,1507560931,0,NULL,NULL,0.00,'',NULL,NULL,NULL,NULL,NULL,NULL,NULL,NULL,NULL,NULL,0,0,NULL,NULL,0),(208,'pim.snab@yandex.ru','','$2y$13$BPg1G.OU2cPXwUyB0YsIdORMs/mH0GYJWWYEEJR0EiW/crEtX5fE2',NULL,'pim.snab@yandex.ru',10,1507108442,1507110216,0,NULL,NULL,0.00,'7722369216','',NULL,'Максим Островерхов +7 (906) 029-32-79, +7 (495) 729-17-42 ','ОБЩЕСТВО С ОГРАНИЧЕННОЙ ОТВЕТСТВЕННОСТЬЮ \"ПИМ\"','772201001','111024, Москва г, улица Авиамоторная, дом № 50, строение 2, помещение XIV, комната 45','40702810538000118623','ПАО \"Сбербанк России\"','044525225','30101810400000000225',0,1,'','1167746633328',1),(209,NULL,'','',NULL,NULL,10,1507122705,1507122705,0,NULL,NULL,0.00,'','Юндин Михаил Михайлович',NULL,'89188233002','','','','','','','',0,0,'доставка до терминала во Владикавказе или в Нальчике - уточнять. Пасп.данные : 9002 336190','',1),(210,'ram0307@mail.ru','KmVLkz_SmePVM2BHSZMjL_qQ4aLXwb6D','$2y$13$zWZ61k5ASRIvsrQw3SmB1ubcmnvmGyHtPwHPZ.lM/.sCi0MpWihOq',NULL,'ram0307@mail.ru',10,1507122876,1507122876,0,NULL,NULL,0.00,NULL,NULL,NULL,'89883110231',NULL,NULL,NULL,NULL,NULL,NULL,NULL,0,0,NULL,NULL,1),(211,'xe.zner@hceap.info','kSdcgrQ41kiymAsdfR5ZaTpoBkB02lnA','$2y$13$rMpsVDuob7GqbrJgvtgfou7uUKDriyQGRuNnXVcFCgxnZZWnCJQ3O',NULL,'xe.zner@hceap.info',10,1507207652,1507207652,0,NULL,NULL,0.00,'',NULL,NULL,NULL,NULL,NULL,NULL,NULL,NULL,NULL,NULL,0,0,NULL,NULL,0),(212,'viadiklaump@mail.ru','24uo3SAud9D-Sl5Ut0DjqM_tNfACIKXU','$2y$13$9BVZO/SuHY0pvLoCCiDMKOVTEGuiuDxWTk3UZVSlu45Ub7ppK9PNy',NULL,'viadiklaump@mail.ru',10,1507319539,1507319539,0,NULL,NULL,0.00,'',NULL,NULL,NULL,NULL,NULL,NULL,NULL,NULL,NULL,NULL,0,0,NULL,NULL,0),(213,'iosif@livesilk.info','Ti-k7yAYQ5lTT5OVKkybzdw2VSw2j1KA','$2y$13$LeyrMqWr77UTFuoTnNH/o.8msXdfDiDEulbxFst5tpaIKJD3U.uiC',NULL,'iosif@livesilk.info',10,1507360410,1507360410,0,NULL,NULL,0.00,'',NULL,NULL,NULL,NULL,NULL,NULL,NULL,NULL,NULL,NULL,0,0,NULL,NULL,0),(214,'kira@livesilk.info','f4mFPhFKcmFgs7a7j5i-7T2Xvxz6g9cj','$2y$13$vWHkCQzZTn/T1ptOolzPb.1mRb9ojdpBBAV/OwiLvRhyHnrNyVL.i',NULL,'kira@livesilk.info',10,1507391963,1507391963,0,NULL,NULL,0.00,'',NULL,NULL,NULL,NULL,NULL,NULL,NULL,NULL,NULL,NULL,0,0,NULL,NULL,0),(215,'tatsvetkova1988@mail.ru','M6cdhxK1mxIvhrovb2VvATrnL-D9UEk1','$2y$13$liu0HGV2Oko6c.L9mZ6nZeII3iaZxwfmto/7krFnv1/KDOpJczFBW',NULL,'tatsvetkova1988@mail.ru',10,1507407365,1507407365,0,NULL,NULL,0.00,'',NULL,NULL,NULL,NULL,NULL,NULL,NULL,NULL,NULL,NULL,0,0,NULL,NULL,0),(216,'jameBanny@22meds.com','0G59R3DVOaq87X19xHA35EbLg_tmEVK_','$2y$13$fPlXIQnKs.xq4Y8Sw9BJv.NGMmO9U31gJPdlZaq/tt32/4EYtt0bK',NULL,'jameBanny@22meds.com',10,1507427366,1507427366,0,NULL,NULL,0.00,'',NULL,NULL,NULL,NULL,NULL,NULL,NULL,NULL,NULL,NULL,0,0,NULL,NULL,0),(217,'ronald_major@rossmail.ru','6qFOM9m9CKcp_ZRddYoVQi60DJJoPTCj','$2y$13$vpyRIs/mWDzYpGuhTbYnNO/T3Ftj.W2U4obV333IFI4RxiGlCTyuW',NULL,'ronald_major@rossmail.ru',10,1507467426,1507467426,0,NULL,NULL,0.00,'',NULL,NULL,NULL,NULL,NULL,NULL,NULL,NULL,NULL,NULL,0,0,NULL,NULL,0),(218,'benefithome@mail.ru','b2nOlFqqAq5elZzkfmEKxcnwZWpN5Wfv','$2y$13$UAs5iHc5Bz9hJ41nBjFuQexFA4SkSiVxKp/SeW3P32.licHJLU1iG',NULL,'benefithome@mail.ru',10,1507473155,1507473155,0,NULL,NULL,0.00,NULL,NULL,NULL,'89653747433',NULL,NULL,NULL,NULL,NULL,NULL,NULL,0,0,NULL,NULL,1),(219,'a_chernyaga@grata-adv.ru','','$2y$13$W55s20R69BQO3nXDg3mg7ek3T0/UCiQJERNjA.VweiIAqK0S8/TA.',NULL,'a_chernyaga@grata-adv.ru',10,1507538888,1507538975,0,NULL,NULL,0.00,'7701681449','',NULL,'Черняга Алексей  +7-919-970-04-98','ООО \"Грата Продакшн\"','773101001','121596, Москва, ул. Горбунова, д. 2 стр.11','40702810100060000818','ПАО \"Московский Кредитный Банк\"','044525659','30101810745250000659',0,1,'','5067746841817',1),(220,'tdarmateh@list.ru','','',NULL,'tdarmateh@list.ru',10,1507539453,1507539453,0,NULL,NULL,0.00,'1660181242','',NULL,'(843) 567-53-57','Общество  с  ограниченной ответственностью «Торговый Дом Арматех»','166001001','420029, РТ,  г. Казань, ул. Халитова, д.2','40702810104090010126','ООО Банк «Аверс»','049205774','30101810500000000774',0,1,'','',1),(221,'7609434@optidoor.ru','','$2y$13$RnjflpjhinguUYd6FjovRuG2ETSZVQhQgABM63kaDpogNfRICnCsK',NULL,'7609434@optidoor.ru',10,1507622837,1507622837,0,NULL,NULL,0.00,'4632184141','',NULL,'Клевцова Елена +7-910-316-87-68','ООО \"АБИС\"','463201001','305014, Курская обл., г. Курск, Победы пр-кт, д.38, кв.260','40702810533000009026','отделение №8596 Сбербанка России','043807606','30101810300000000606',0,1,'','1134632014296',1),(222,'ikamina@ippe.ru','','',NULL,'ikamina@ippe.ru',10,1507626037,1507626037,0,NULL,NULL,0.00,'4025442583','',NULL,'Камина Ирина Александровна  Тел: рабочий (48439) 9-48-96','Акционерное общество «Государственный научный центр Российской Федерации  Физико-энергетический институт  имени А.И. Лейпунского»','402501001','249033, г. Обнинск, Калужская область,  пл. Бондаренко, 1','40502810024250000564','Филиал ПАО Банк ВТБ в г. Воронеж','042007835','30101810100000000835',0,1,'','',1),(223,'info@ardistorg.ru','','$2y$13$ffrNQYQs.3oNZ2xRNxWZKOWKlh6TKSn2ZU6mVWIKg4wq4FiorMIKi',NULL,'info@ardistorg.ru',10,1507632780,1507632780,0,NULL,NULL,0.00,'9721020218','',NULL,'Барабанщиков Михаил +7(495)926-26-99','Общество с ограниченной ответственностью «АРДИС»','772101001','109202, г. Москва, ул. 1-я Фрезерная, дом 2/1, строение 1, помещение II, комнаты 2, 3, 4','40702810000000069057','Дополнительный офис № 12 «Центральный» ПАО «ПРОМСВЯЗЬБАНК», 109052, г. Москва, ул. Смирновская, д. 10, стр. 2, 3','044525555','30101810400000000555',0,1,'','5167746255397',1),(224,'jaret_91@mail.ru','','$2y$13$E0Wf23LVELu69tmKNVByheRhGwemIO5affG0lPFrTRGE5jQAx5Pey',NULL,'jaret_91@mail.ru',10,1507635478,1508225835,0,NULL,NULL,0.00,'6231021538','',NULL,'Базаров Евгений 8-910-631-44-70','Государственное автономное  учреждение культуры «Рязанский государственный областной театр кукол»','623401001','3900023 г. Рязань, ул. Есенина, д.27','40601810000001000001','УФК по Рязанской области (ГАУК «Рязанский театр кукол», в Отделении Рязань г. Рязань ','046126001','',0,1,'','',1),(225,'lider.177@mail.ru','','',NULL,'lider.177@mail.ru',10,1507639567,1507639567,0,NULL,NULL,0.00,'','Роман Рычков ',NULL,'89266776492','','','','','','','',0,0,'','',1),(226,'mirzokhanovai@gtp.transneft.ru','','',NULL,'mirzokhanovai@gtp.transneft.ru',10,1507737659,1507737659,0,NULL,NULL,0.00,'','Мирзоханов Александр Игорьевич',NULL,'89199989620','','','ул. Профсоюзная, 56','','','','',0,0,'','',1),(227,'behave1975@mail.ru','2HEIvALz3lPISg-wsf4bBOe0S6h7cwUt','$2y$13$w49XIHzyQ.R0ZFS7qGVdgeHraqAJToB.bhttwaFD/3P.QToko/lPi',NULL,'behave1975@mail.ru',10,1507768338,1507768338,0,NULL,NULL,0.00,'',NULL,NULL,NULL,NULL,NULL,NULL,NULL,NULL,NULL,NULL,0,0,NULL,NULL,0),(228,'project@translationserviceonline.com','2PNnq3S5hUPHWPHmDn8xButy8P6B7U2t','$2y$13$D7i8s56lr1rnxiffrSX16u3c2XW3JxToTPw.3kMxdKduseh7A/3sO',NULL,'project@translationserviceonline.com',10,1507800362,1507800362,0,NULL,NULL,0.00,'',NULL,NULL,NULL,NULL,NULL,NULL,NULL,NULL,NULL,NULL,0,0,NULL,NULL,0),(229,'nadde@bk.ru','VpaJIANtChRj5qL4fO9J5LYoJPDpp9qm','$2y$13$Zcyru0qcwgA0v8sIELpCfOAYwjcx8GgXc.TNSgVjkve3wae0CFusS',NULL,'nadde@bk.ru',10,1507809931,1507815083,0,NULL,NULL,0.00,'','Сидельникова Надежда Валерьевна',NULL,'9035301623','','','142930, Московская обл., Каширский р-н, п/я Богатищево, д. Срезнево, ул. Дачная, д.6','','','','',0,0,'','',1),(230,'kledot@love-migs.ru','qPue8BfG6SnSFTXYLnsc1SjxvnfhLCvz','$2y$13$yARBv7p2PUmHZSJMWEogh..Upev29ZYG/MRKxSZ5PjK.O6zEf3wZu',NULL,'kledot@love-migs.ru',10,1507810400,1507810400,0,NULL,NULL,0.00,'',NULL,NULL,NULL,NULL,NULL,NULL,NULL,NULL,NULL,NULL,0,0,NULL,NULL,0),(231,'translationserviceonline@yandex.com','Aao7NcXXbNlSXnCRJnSvrOoGJkjKEDMV','$2y$13$2gwk/.wTtgr25jXin8N.7uEH0r39A3mvmVSGu1r2C9Xqde2SoXnSm',NULL,'translationserviceonline@yandex.com',10,1507823049,1507823049,0,NULL,NULL,0.00,'',NULL,NULL,NULL,NULL,NULL,NULL,NULL,NULL,NULL,NULL,0,0,NULL,NULL,0),(232,'ermakovdaniell@gmail.com','DpKNHLsT8aSElr-7GFOMT3oEVKLXW9w9','$2y$13$oRXZKHJ3HYEOPNqO3uwPgOcQtbXtSmqVQln24oRVKiFqmgIC0RdlK',NULL,'ermakovdaniell@gmail.com',10,1507834011,1507834011,0,NULL,NULL,0.00,'',NULL,NULL,NULL,NULL,NULL,NULL,NULL,NULL,NULL,NULL,0,0,NULL,NULL,0),(233,'catpcs3@220w.net','1dkuCl1R7tQfWRZNJC8WAZX7tx5ghSCa','$2y$13$gQzDyuk/q31xLAMVhjLXN.UikG/h3tJZY1p1p5V3OJBFWpNKMLWlu',NULL,'catpcs3@220w.net',10,1507934636,1507934636,0,NULL,NULL,0.00,'',NULL,NULL,NULL,NULL,NULL,NULL,NULL,NULL,NULL,NULL,0,0,NULL,NULL,0),(234,'okspetrova@mail.ru','4cICpRXphLIcpRLfiZEu2PzluxC8gjdT','$2y$13$abI4UIFEaUrmKJ8k5hPnLuOAXgUBA3X0EnqtwF4rjcB.flc9RKLV2',NULL,'okspetrova@mail.ru',10,1507940877,1507940877,0,NULL,NULL,0.00,NULL,NULL,NULL,'89262571890',NULL,NULL,NULL,NULL,NULL,NULL,NULL,0,0,NULL,NULL,1),(235,'dima@autocomponent63.ru','YJIeusdeOlzGWRK15VkMQz7D65nvMSPs','$2y$13$9dkuVqi2a2pZkTOAquMReuITt4oMhh9fnFoF0AGI8.DB/M5MV99M.',NULL,'dima@autocomponent63.ru',10,1507966823,1507966823,0,NULL,NULL,0.00,'',NULL,NULL,NULL,NULL,NULL,NULL,NULL,NULL,NULL,NULL,0,0,NULL,NULL,0),(236,'jeffregin09@gmail.com','JL8tFMwcRyK7z4ZO7yzUm1e7AdGor4-I','$2y$13$bGDQCyQEL2fNp4OXgkqGweg9k6QoFeef.7ZUPJ5OjqwLd.NAVK6sa',NULL,'jeffregin09@gmail.com',10,1508148152,1508148152,0,NULL,NULL,0.00,'',NULL,NULL,NULL,NULL,NULL,NULL,NULL,NULL,NULL,NULL,0,0,NULL,NULL,0),(237,'arzserg@ya.ru','nUuxrYmtmMLxiwDefgxL5OEGTwSjZKxs','$2y$13$V31O9FOYySkcv25gfgdnzOXQ0wUOXwEbQfrXrLJvdd/J1w3Y0PhES',NULL,'arzserg@ya.ru',10,1508155617,1508155617,0,NULL,NULL,0.00,NULL,NULL,NULL,'92oo26463o',NULL,NULL,NULL,NULL,NULL,NULL,NULL,0,0,NULL,NULL,1),(238,'albina@jetlogistic.kz','','$2y$13$h09ZtxQgTsGUAxUkBJwVOezS9s.blNxM5j0qxrF6mt4Fzm/afD7zK',NULL,'albina@jetlogistic.kz',10,1508223053,1508223053,0,NULL,NULL,0.00,'5503209174','',NULL,'Альбина + 7 778 634 88 28','Общество с ограниченной ответственностью «Сибирь ИмпЭкс»','550301001','РФ, 644007 г. Омск, ул. Фрунзе, дом 49, Помещение 2П','40702810045000000379','Омское отделение № 8634 Сбербанка России г. Омск','045209673','30101810900000000673',0,1,'','1085543053375',1),(239,'steklo-plus@mail.ru>','','$2y$13$UUG4eBUIbreQb/cmuG0VFuXcS49UbZJ.4TYqccA7QpX3BbD3oDalm',NULL,'steklo-plus@mail.ru',10,1508230116,1511782034,0,NULL,NULL,0.00,'4345327759','',NULL,'(8332)31-07-81','ООО \"Стекло Плюс БС\"','434501001','г.Киров, сл.Сошени, ул.Трактовая, 4','40702810500350144371','ОАО КБ «Хлынов» г.Киров','043304711','30101810100000000711',0,1,'\r\nПередача в ДЛ - за наш счет, они оплачивают сами доставку Москва - терминал Киров. Конт. лицо на получении - 8(8332) 31-07-81 Сергей','',1),(240,'andreikef@mail.ru','IERDcbrZuLW55wmtSCsJOWhy2RS80hKP','$2y$13$YXJrz4W55zWz7UVG9l2uOeDG6g7cR6OC3qeQyENXz/6gXV0XnCecu',NULL,'andreikef@mail.ru',10,1508254245,1508254245,0,NULL,NULL,0.00,'',NULL,NULL,NULL,NULL,NULL,NULL,NULL,NULL,NULL,NULL,0,0,NULL,NULL,0),(241,'Alex180504K@ya.ru','NLgvp_gzHKYi3RnbNJziIvnTlYbp6ZfY','$2y$13$YQo3juKNMn0ovZ0JBOZRF.nfN4W6wJpXzBQZKqabtoyS9G.eAFDzS',NULL,'Alex180504K@ya.ru',10,1508264817,1508264817,0,NULL,NULL,0.00,NULL,NULL,NULL,'9646831808',NULL,NULL,NULL,NULL,NULL,NULL,NULL,0,0,NULL,NULL,1),(242,'dima@apistudio.ru','go-Oku2EoQS_QepYJqtKbjrF_t8OlNKo','$2y$13$5KZUTRBf8WGhgqTUANmomOkaZYY1mqq47MJ3fdYzJfoP4f7PEg7Uu',NULL,'dima@apistudio.ru',10,1508270152,1508270152,0,NULL,NULL,0.00,'',NULL,NULL,NULL,NULL,NULL,NULL,NULL,NULL,NULL,NULL,0,0,NULL,NULL,0),(243,'yivanova@ronikon.ru','','',NULL,'yivanova@ronikon.ru',10,1508308496,1508308496,0,NULL,NULL,0.00,'5050054201','',NULL,'Иванова Юлия Игоревна +7(926)-539-01-22','ООО \"Евростиль\"','505001001','141100, М.О., г.Щёлково, ул. Заводская, д.1','40702810840480002953','Сбербанк России ОАО','044525225','30101810400000000225',0,1,'','1055014144734',1),(244,'vamcteklo@mail.ru','','',NULL,'vamcteklo@mail.ru',10,1508323401,1508323401,0,NULL,NULL,0.00,'7716561610','',NULL,'Виктор Мархотко 89104131614','ООО «ВАМ-Стекло»','771601001','129323, г. Москва ул. Снежная, д. 19,кв. 54','40702810100010001543','АБ АСПЕКТ (ЗАО) г. Москва','044525401','30101810800000000401',0,1,'','',1),(245,'Ultramegatolik@mail.ru','ey8uAs6IJ-VmBwbB_Bx-S9YH2PmoQs9-','$2y$13$2VDwxBMIVXeBZrIKGNrt6.DyZvfM0ukzet8owOBJcJkTWwb/vdn0C',NULL,'Ultramegatolik@mail.ru',10,1508351312,1508351312,0,NULL,NULL,0.00,NULL,NULL,NULL,'89060563069',NULL,NULL,NULL,NULL,NULL,NULL,NULL,0,0,NULL,NULL,1),(246,'mang@bigatel.info','ixQEp1RKOEIyHqUAQrm0tqpoys2EXMSF','$2y$13$PSJlFfgZXPuRPWMLN2s8ieJ24COd.tTL2C6Nt9PntrCM82TfmPsX.',NULL,'mang@bigatel.info',10,1508375662,1508375662,0,NULL,NULL,0.00,'',NULL,NULL,NULL,NULL,NULL,NULL,NULL,NULL,NULL,NULL,0,0,NULL,NULL,0),(247,'m.a.n.g@bigatel.info','aSve0i3lQMirlJ4SqnyVPZSn0PQJp1bh','$2y$13$mwaWT8PCHvoupgd8oLRj1.JaGXaVVLM1UhLrlP20CKUSg13KYD.fe',NULL,'m.a.n.g@bigatel.info',10,1508379709,1508379709,0,NULL,NULL,0.00,'',NULL,NULL,NULL,NULL,NULL,NULL,NULL,NULL,NULL,NULL,0,0,NULL,NULL,0),(248,'pr26@black-stones.ru','-kTWzbMYrmos9eIqQCSUiUVu8Yn49IYZ','$2y$13$rrt9RQAVgZDq.zkl5qFOxOt1vQva8Ir6Y.0a9ocJdpct/r4kfPsLC',NULL,'pr26@black-stones.ru',10,1508395114,1508395114,0,NULL,NULL,0.00,'',NULL,NULL,NULL,NULL,NULL,NULL,NULL,NULL,NULL,NULL,0,0,NULL,NULL,0),(249,'ma.ng@bigatel.info','4PyEf8DNXewR2e8HDiEAloFNW4FCNCdj','$2y$13$DlFdgjQ1N1vPkiG7Bp4iVu3yvf0vEjmDeppdvlHsjywgBRN4Axwe2',NULL,'ma.ng@bigatel.info',10,1508401007,1508401007,0,NULL,NULL,0.00,'',NULL,NULL,NULL,NULL,NULL,NULL,NULL,NULL,NULL,NULL,0,0,NULL,NULL,0),(250,'kindeklo@mister-vig.ru','3dY97DPbYFh6gwUERqj40G6_KeQB4dE-','$2y$13$zVthPr651V2W2Mu9ONoGduwvM8mJqGrLJ/BNwF7iyvt2K/bVIA9ly',NULL,'kindeklo@mister-vig.ru',10,1508404720,1508404720,0,NULL,NULL,0.00,'',NULL,NULL,NULL,NULL,NULL,NULL,NULL,NULL,NULL,NULL,0,0,NULL,NULL,0),(251,'nksmirnow@gmail.com','LeEVCM_QVJ41BCUiil7VXc5c3QI2CcuB','$2y$13$.prenfUipuI8c9iKYKk9GucGtXBVJmZGVa8iT5rJQere4DB2YwcRK',NULL,'nksmirnow@gmail.com',10,1508481830,1508481830,0,NULL,NULL,0.00,'',NULL,NULL,NULL,NULL,NULL,NULL,NULL,NULL,NULL,NULL,0,0,NULL,NULL,0),(252,'Tchianov@yandex.ru','Ms_TrLR6_W8y7FsaHH9j8xJQeVGhwgQw','$2y$13$KFgh41HZrkNJlDeKGNwcX.ORC/7tc43PiJPxYHOw5/5EXxf0Xxcre',NULL,'Tchianov@yandex.ru',10,1508507302,1508507334,0,NULL,NULL,0.00,'',NULL,NULL,NULL,NULL,NULL,NULL,NULL,NULL,NULL,NULL,0,0,NULL,NULL,0),(253,'man.g@bigatel.info','QLYSRMFRPpcdXCLS8IIB8zV9kDkWKBpG','$2y$13$dVzvfqfxXCJPHaL6caqT/.cY/gfvAW4EGKOeYtoznQ2kgVUBorRKK',NULL,'man.g@bigatel.info',10,1508514817,1508514817,0,NULL,NULL,0.00,'',NULL,NULL,NULL,NULL,NULL,NULL,NULL,NULL,NULL,NULL,0,0,NULL,NULL,0),(254,'pr27@black-stones.ru','I5juHGtr3UIzJ8BVVw57p-tfXjUksjzJ','$2y$13$.bgULRpjEu26fnvXEnSsne78oxlRgbYT1yzOdHjNpVxwtFQ45aoHG',NULL,'pr27@black-stones.ru',10,1508535001,1508535001,0,NULL,NULL,0.00,'',NULL,NULL,NULL,NULL,NULL,NULL,NULL,NULL,NULL,NULL,0,0,NULL,NULL,0),(255,'anthonyemail@antonmotolko.com','lazDtxPfNVRbqJVChX966Uq26kuPZWF4','$2y$13$ONxLmY37wjBDAG4SBLO3W.dxV00J.Q0QmxNSKy8lE09jYku7t7FX.',NULL,'anthonyemail@antonmotolko.com',10,1508574214,1508574214,0,NULL,NULL,0.00,'',NULL,NULL,NULL,NULL,NULL,NULL,NULL,NULL,NULL,NULL,0,0,NULL,NULL,0),(256,'mail@feedbackshop.ru','ZCdQh_NrRRxCrZWja-iccEmSenuVuebt','$2y$13$DARcJc9lljDPXcwQDwbR4OS96cyopmYGRDz4aedL/uS0Zob4wbpei',NULL,'mail@feedbackshop.ru',10,1508579392,1508579392,0,NULL,NULL,0.00,'',NULL,NULL,NULL,NULL,NULL,NULL,NULL,NULL,NULL,NULL,0,0,NULL,NULL,0),(257,'ma.n.g@bigatel.info','y9VCBtDLN7BYqQSKpfYkBxRy2_3v5Stq','$2y$13$m9nJCGyqpya7Ej91cAFjHOahX5IYooyVuV9cHeO9ANeWrFlqdwnFK',NULL,'ma.n.g@bigatel.info',10,1508604894,1508604894,0,NULL,NULL,0.00,'',NULL,NULL,NULL,NULL,NULL,NULL,NULL,NULL,NULL,NULL,0,0,NULL,NULL,0),(258,'Laban@hayastana.com','AMdNOAKu0M7POPLvlt4kAsc8XVQH78hj','$2y$13$TrSlkyX8WvYuJFsnn/XSkuVXrcp4VK/3ul3WiB1zTlLIXYcmVwf0m',NULL,'Laban@hayastana.com',10,1508612385,1508612385,0,NULL,NULL,0.00,'',NULL,NULL,NULL,NULL,NULL,NULL,NULL,NULL,NULL,NULL,0,0,NULL,NULL,0),(259,'Vuzuru@hayastana.com','VgpT75vUDPxt_UNLNLj-Nr2w2eY05pmX','$2y$13$CzOYE//Zj2CQppx/Td1NpuekI8HSZ9zlrvKEVYf5YoFGGFdD/RjwK',NULL,'Vuzuru@hayastana.com',10,1508620641,1508620641,0,NULL,NULL,0.00,'',NULL,NULL,NULL,NULL,NULL,NULL,NULL,NULL,NULL,NULL,0,0,NULL,NULL,0),(260,'LavochnikovEgor@mail.ru','yHToWZxyouYrhogLtiv5dK8svp2qX08G','$2y$13$n8x8rfM3dlpb2Sx3koGXf.sfuUuti.WWVgrYh2smx7xJlMa0K9xJm',NULL,'LavochnikovEgor@mail.ru',10,1508665055,1508665055,0,NULL,NULL,0.00,'',NULL,NULL,NULL,NULL,NULL,NULL,NULL,NULL,NULL,NULL,0,0,NULL,NULL,0),(261,'ivan.gubarev@gmail.com','lJmMZCinhLPcI2Ck1ToO90y0k--e-r5d','$2y$13$Gs9XG8Rglzo50pWO7vz2buGHPrl5taOc03ophzSYVUxeulfJK9ZcC',NULL,'ivan.gubarev@gmail.com',10,1508679815,1508680180,0,NULL,NULL,0.00,NULL,'',NULL,'+79081430377',NULL,NULL,NULL,NULL,NULL,NULL,NULL,0,0,NULL,NULL,1),(262,'gvv67@bk.ru','5-lgRap2PWqn9DuJGvCcc1BeWWHn-FA7','$2y$13$RKEnMG3Acl8k1qX5LAJP/.CLWHQQdVD7DOC1D0dX5tif..rTO3gOa',NULL,'gvv67@bk.ru',10,1508691737,1508691737,0,NULL,NULL,0.00,NULL,NULL,NULL,'+79038004007',NULL,NULL,NULL,NULL,NULL,NULL,NULL,0,0,NULL,NULL,1),(263,'alenzaharovva@gmail.com','WwSp87al3KrXLWKa1VJJ5h3Wjj7IqeKQ','$2y$13$dSdNTw817KwietW6ONbxP.TR2corUlUiRj.wdHTlJ5ZOQQnGxzj7a',NULL,'alenzaharovva@gmail.com',10,1508713108,1508713108,0,NULL,NULL,0.00,'',NULL,NULL,NULL,NULL,NULL,NULL,NULL,NULL,NULL,NULL,0,0,NULL,NULL,0),(264,'annakos56@mail.ru','','',NULL,'annakos56@mail.ru',10,1508751299,1508751492,0,NULL,NULL,0.00,'3257023541','',NULL,'Анна Семеновна 8-920-602-41-92','Общество с ограниченной ответственностью «Комплексное снабжение предприятий»','325701001','241020, г. Брянск, ул. Конотопская д. 12, кв.18','40702810702000006855','Ярославский филиал акционерного общества «Промсвязьбанк»','047888760','30101810300000000760',0,1,'','1143256015814',1),(265,'nata241980@yandex.ru','dmiWZ26ld0YwrjeSytImtE3nDN4wKY_K','$2y$13$k.HwaPSX4G8/zlbVPrdMsO4mcaFTJ1fQeZ1qzTJywYq62eSRVTKVu',NULL,'nata241980@yandex.ru',10,1508751315,1508751315,0,NULL,NULL,0.00,NULL,NULL,NULL,'8-919-766-83-75',NULL,NULL,NULL,NULL,NULL,NULL,NULL,0,0,NULL,NULL,2),(266,'nata241980@yandex.ru','','',NULL,'nata241980@yandex.ru',10,1508755118,1508755118,0,NULL,NULL,0.00,'7717142322','',NULL,'Сучкова Наталья 8-919-766-83-75','Общество с ограниченной ответственностью\"МИР\"','771701001','129226 г.Москва ул.Сельскохозяйственная д.11 корп.3','40702810040000010316','Московский банк ПАО Сбербанк г.Москва','044525225','30101810400000000225',0,1,'','1037717011012',1),(267,'s.nedospelov@uralkarton.ru','','',NULL,'s.nedospelov@uralkarton.ru',10,1508762869,1508762869,0,NULL,NULL,0.00,'7452058834','',NULL,'Недоспелов Сергей Николаевич +79320100996','ООО «ФАБРИКА ЮЖУРАЛКАРТОН»','745450001','456550, Российская Федерация, Челябинская область, Коркинский район, г.Коркино, ул.30 лет ВЛКСМ, 189а','40702810701000011294','БАНК \"СНЕЖИНСКИЙ\" ОАО Г. СНЕЖИНСК','047501799','30101810600000000799',0,1,'','1077452008259',1),(268,'Utarov91@gmail.com','Ty-iqgDs5jrFEZVXiyBPCVrkr50RcSyx','$2y$13$pDjZkWoxU16bMe28qhFbGu1Ij4lxZkhY4TpqgPgdE512Kt.t.RPai',NULL,'Utarov91@gmail.com',10,1508763534,1508763534,0,NULL,NULL,0.00,NULL,NULL,NULL,'89507865262',NULL,NULL,NULL,NULL,NULL,NULL,NULL,0,0,NULL,NULL,1),(269,'kb2008@inbox.ru','NwB1wcJmVPEbuv8jAEHnDDVkDiJKTvE7','$2y$13$085NmnF3O4UaJ3KheypHluKniyHElJHh57Q48AHHWtSusAlIQ0PFG',NULL,'kb2008@inbox.ru',10,1508774535,1508774757,0,NULL,NULL,0.00,'',NULL,NULL,NULL,NULL,NULL,NULL,NULL,NULL,NULL,NULL,0,0,NULL,NULL,0),(270,'kb2008@inbox.ru','o4T6C4amcH79NpjwkGlrUhxak9k63jsc','$2y$13$B9FsSlXa8RUJM9dQqsCbvuFKh.iWrGxsDyomiXakpXc8USZBBIGmS',NULL,'kb2008@inbox.ru',10,1508774798,1508776069,0,NULL,NULL,0.00,NULL,'Борисов',NULL,'89230007522',NULL,NULL,NULL,NULL,NULL,NULL,NULL,0,0,NULL,NULL,1),(271,'Buf3@hayastana.com','K6OOl2tgCXi6cg_5qbTFt2sIDgHr3mIa','$2y$13$TnckFZmCNX0QCFZplfkCtOhMtF3H76/PJs7zKPnv7eAAYGKFg6qBm',NULL,'Buf3@hayastana.com',10,1508787195,1508787195,0,NULL,NULL,0.00,'',NULL,NULL,NULL,NULL,NULL,NULL,NULL,NULL,NULL,NULL,0,0,NULL,NULL,0),(272,'robertambub@mail.ru','16hAYzcq9YhdRw4hmjkeU0CuaxCTbepk','$2y$13$TcczO1lIuTEHKBEPCM.q2uzx.8ai.k4NU3uH/WmYS5r2uHAf3EvJ.',NULL,'robertambub@mail.ru',10,1508796704,1508796704,0,NULL,NULL,0.00,'',NULL,NULL,NULL,NULL,NULL,NULL,NULL,NULL,NULL,NULL,0,0,NULL,NULL,0),(273,'sergei0448@yandex.ru','','',NULL,'sergei0448@yandex.ru',10,1508827877,1508838908,0,NULL,NULL,0.00,'2632076135','',NULL,'Кирьянов Сергей 79620286015','  Общество с ограниченной ответственностью «Стройинвест-КМВ»','260301001','357070, Российская Федерация, Ставропольский край, Андроповский район, с. Курсавка, ул. Красная,75','40702810105250141666','Ставропольский филиал Банка «Возрождение» (ПАО) г. Ставрополь','040702762','30101810100000000762',0,1,'','1052600226326',1),(274,'Golti@hayastana.com','rSK74oB3jrYXIB9RovnoCiZo7x0F2ANm','$2y$13$ooMPFQYhkQdHjlT1Ovw5qOEUsvAroOLXcELMTb6yhSN2bI3sEm8mS',NULL,'Golti@hayastana.com',10,1508832282,1508832282,0,NULL,NULL,0.00,'',NULL,NULL,NULL,NULL,NULL,NULL,NULL,NULL,NULL,NULL,0,0,NULL,NULL,0),(275,'Agama@hayastana.com','dhb2gLG9CW-Iwgu5Br5Vw_n_ZIPAY19F','$2y$13$oEx.0yW1A8dsqwRNt3Kp0O6GNJXjdMVsaCLDkeWBevmhySU3vq4bC',NULL,'Agama@hayastana.com',10,1508866808,1508866808,0,NULL,NULL,0.00,'',NULL,NULL,NULL,NULL,NULL,NULL,NULL,NULL,NULL,NULL,0,0,NULL,NULL,0),(276,'aho@more-on.ru','hjvb1cvG3azesFXk77B0z3I7f3xh0263','$2y$13$9bgqHr7jYr6J.bnnIMny4.ETJX36L15OuHZ3MO1bevoUV3CtM/3S2',NULL,'aho@more-on.ru',10,1508873466,1508922289,0,NULL,NULL,0.00,'7711065368','',NULL,' Лариса Смолянинова  89263650103','Акционерное общество “Европейские Технологии и Сервис” (АО «Е.Т.С.»)','772801001','117574, г. Москва, ул. Голубинская, д. 16 ','40702810802870001034','АО «АЛЬФА-БАНК»  г. Москва','044525225','30101810200000000593',0,1,'','1027739444754',1),(277,'Kega2@hayastana.com','umrJSnb41iufd7c6XFdXXnvpCclb74YX','$2y$13$Wsy9Ez/m3oRBNtDPxNMZZOYfpQpLgdYWJ0X9DTMaeiK50.2RfIp6a',NULL,'Kega2@hayastana.com',10,1508878182,1508878182,0,NULL,NULL,0.00,'',NULL,NULL,NULL,NULL,NULL,NULL,NULL,NULL,NULL,NULL,0,0,NULL,NULL,0),(278,'elizabet-p@yandex.ru','3sGlPHXmHmQ2V7hhL-QYQLDqFvzurz-u','$2y$13$qz2XELTZsUrwOzbvJMuc3.ge6KREDSk6hPuUw/ZvvygnsN67tAN6G',NULL,'elizabet-p@yandex.ru',10,1508913410,1508913410,0,NULL,NULL,0.00,NULL,NULL,NULL,'+7(916)976-66-03',NULL,NULL,NULL,NULL,NULL,NULL,NULL,0,0,NULL,NULL,1),(279,'romanov_s@inbox.ru','','',NULL,'romanov_s@inbox.ru',10,1508915513,1508915593,0,NULL,NULL,0.00,'5410067696','',NULL,'Романов Сергей Геннадьевич  8-(383)2184247, 8-9069070398','ООО УПТК АВАНГАРД','541001001','630110, г. Новосибирск, ул. Новая Заря, д.33а, кв.25','40702810244050023944','СИБИРСКИЙ БАНК ПАО СБЕРБАНК Г. НОВОСИБИРСК','045004641','30101810500000000641',0,1,'','1175476050496',1),(280,'uriy140368@gmail.com','','$2y$13$B/hvcy1u5T73ZxmXG4NVmOJmIZLdW8MwZcmAnk0FQNPJh16Ablr4q',NULL,'uriy140368@gmail.com',10,1508923090,1508923090,0,NULL,NULL,0.00,'','Юрий Викторович',NULL,'','','','Москва ул.Новаторов д.6 кв.323','','','','',0,0,'','',1),(281,'tsi1967@mail.ru','','',NULL,'tsi1967@mail.ru',10,1508942480,1508942480,0,NULL,NULL,0.00,'7715019884','',NULL,'Игорь Александрович 89067005499','Общество с ограниченной ответственностью «ЮСТУС»','771701001','129085, г. Москва, ул. Б. Марьинская, д.2, пом. I','40702810100020002386',' ПАО «Банк УРАЛСИБ», г. Москва','044525787','30101810100000000787',0,1,'','1027700071508',1),(282,'opra66@mail.ru','','',NULL,'opra66@mail.ru',10,1508997241,1508997241,0,NULL,NULL,0.00,'7842373800','',NULL,'Прасолова Ольга Георгиевна  (812)759-09-06 :8-950-001-63-47','ООО «Перспектива»','780501001','198207, г. Санкт-Петербург, пр. Ленинский д.119, литер Б, пом.3Н, №№110,111','40702810718000000020','ПАО «Банк «Санкт-Петербург»','044030790','30101810900000000790',0,1,'','1079847128415',1),(283,'Sai1@hayastana.com','iAUeVYtu2Q8znVWDB1unBPj8PHV0FFd4','$2y$13$c/8sxYCu7zYB4CyWBp5qCOLvss78.wq2tXHznLRAWYkI2MDWUTFMC',NULL,'Sai1@hayastana.com',10,1509000229,1509000229,0,NULL,NULL,0.00,'',NULL,NULL,NULL,NULL,NULL,NULL,NULL,NULL,NULL,NULL,0,0,NULL,NULL,0),(284,'a@pololos.ru','OGf4y0yYfOScCzMXiqFeLdios_DfD2iH','$2y$13$D7xWlMK21z07.6c.fp9kD./1he9ki9Y8t6kcqDPwFFZBxoffHjq5C',NULL,'a@pololos.ru',10,1509007685,1509008937,0,NULL,NULL,0.00,'7725845015','',NULL,'Анастасия Афанасьева 89039702277','Общество с ограниченной ответственностью «ПОЛОСАТЫЙ ЛОСЬ»','773501001','124460, г.Москва, г.Зеленоград, 2-й Западный проезд, дом 1, строение 1, помещение 1, комната 67','40702810200000026308','Московский филиал ПАО «Промсвязьбанк» Дополнительный офис «Зеленоградский», отделение №29.','044525555','30101810400000000555',0,1,'','5147746211333',1),(285,'komlevati@gaz.ru','','',NULL,'komlevati@gaz.ru',10,1509017225,1509017225,0,NULL,NULL,0.00,'7415029289','',NULL,'Комлева Татьяна (35-13)29-46-59','АО «АЗ» УРАЛ»','997850001','456300  Челябинская область, г. Миасс, проспект Автозаводцев,1','40702810300240014172','Филиал Банка ВТБ (ПАО) в г.Нижнем Новгороде','042202837','30101810200000000837  ',0,1,'','',1),(287,'bgvrossii@yandex.ru','JePkRwOiZ2y7_BxDLCelsXczo-lU38Gy','$2y$13$hKymuUJHYn9oOexnTS6VP.wEngD7LxJtSLYXDxzo6eCT1lQvouRK2',NULL,'bgvrossii@yandex.ru',10,1509027459,1509027459,0,NULL,NULL,0.00,'89610542145',NULL,NULL,NULL,NULL,NULL,NULL,NULL,NULL,NULL,NULL,0,1,NULL,NULL,0),(288,'morshonka@yandex.ru','I_XWmZ40kRgqWKnVwALLMBnFvUuwUTWP','$2y$13$ZsLgFlI3lGz0fSQbJICt7ePfUT2Ni5fVlQV09Z9hFdsZSqCWpd7Dm',NULL,'morshonka@yandex.ru',10,1509092517,1509092517,0,NULL,NULL,0.00,'',NULL,NULL,NULL,NULL,NULL,NULL,NULL,NULL,NULL,NULL,0,0,NULL,NULL,0),(289,'Samu12@hayastana.com','LekJYE4ZGan40f3Ks2O8CmoP_hQLSWc7','$2y$13$wvMNZ82vvvsy2dody37mD.E3CBciGTGRTEDXSfZwvuOP4L9DVhVGe',NULL,'Samu12@hayastana.com',10,1509097976,1509097976,0,NULL,NULL,0.00,'',NULL,NULL,NULL,NULL,NULL,NULL,NULL,NULL,NULL,NULL,0,0,NULL,NULL,0),(290,'o.checheva@palfinger.com','','',NULL,'o.checheva@palfinger.com',10,1509107521,1509107642,0,NULL,NULL,0.00,'6025018018','',NULL,'Чечева Оксана 811 53 7 58 96  ','Общество с ограниченной ответственностью «ВЕЛМАШ-Сервис»','602501001','182112, Псковская область,  г.Великие Луки, ул. Корниенко, д.6','40702810751160100652','ПАО Сбербанк г. Псков','045805602','30101810300000000602',0,1,'после оплаты заказ передаем в ДЛ, они оплачивают доставку Москва - терминал Великие Лкуи сами.','1026000899682',1),(291,'randreev@ford.com','eWwsxMheXfu5AUn84HuCTndyvLzwXLL1','$2y$13$zLpZ3GJontIyB0pa0YXw1uZHw/hBwQsLMpQeJoaHQlgCJ60afhQSW',NULL,'randreev@ford.com',10,1509107688,1509107688,0,NULL,NULL,0.00,NULL,NULL,NULL,'9852031195',NULL,NULL,NULL,NULL,NULL,NULL,NULL,0,0,NULL,NULL,1),(292,'normanswign@mail.ru','tpdWEI9gXWajay5Pvd_mMjsIiHGBh2jj','$2y$13$WucpoxYjJbYt5dca6YxZnuAzY8mbpjeWPPmG28k97HFWLa0AuT2Pu',NULL,'normanswign@mail.ru',10,1509110317,1509110317,0,NULL,NULL,0.00,'',NULL,NULL,NULL,NULL,NULL,NULL,NULL,NULL,NULL,NULL,0,0,NULL,NULL,0),(293,'Landar@hayastana.com','4lxpWzkW8siqwK_vgC_bD9rJJNp7TU0I','$2y$13$MRC5tjwS2K7b7OCrn4ar8OV/NxSODOZkPaDwCI7p9q2cryiU2MRWy',NULL,'Landar@hayastana.com',10,1509263971,1509263971,0,NULL,NULL,0.00,'',NULL,NULL,NULL,NULL,NULL,NULL,NULL,NULL,NULL,NULL,0,0,NULL,NULL,0),(294,'andrei-f11@mail.ru','vJC97nLNoDGFbUlu4A3uGcqkOM68R4fL','$2y$13$cxyTO0bW8SqdhjYl1.9D8eiv74HRaPcs9lc/ivcJs5JkKMqQ4rRsO',NULL,'andrei-f11@mail.ru',10,1509281203,1509281203,0,NULL,NULL,0.00,NULL,NULL,NULL,'89186363743',NULL,NULL,NULL,NULL,NULL,NULL,NULL,0,0,NULL,NULL,1),(295,'Gawie@hayastana.com','Ek7jtXKfCR73UgkKnyRKbJOQf7MtNtn6','$2y$13$iEUGfsQHkEP.8/t.klXrJOumPdy4uuKrDFyGc/9mmk/p52NsvBBwe',NULL,'Gawie@hayastana.com',10,1509311397,1509311397,0,NULL,NULL,0.00,'',NULL,NULL,NULL,NULL,NULL,NULL,NULL,NULL,NULL,NULL,0,0,NULL,NULL,0),(296,'prodvigenie@i.ua','sCEO81OmG8_cCZOpBKvQJ9eECGvmSpZR','$2y$13$pYvKehJxkd43Jj2IqDRdr.h6b3R3cRFxfRxoxkSGEDLJHhKEz16Bq',NULL,'prodvigenie@i.ua',10,1509314554,1509314554,0,NULL,NULL,0.00,'',NULL,NULL,NULL,NULL,NULL,NULL,NULL,NULL,NULL,NULL,0,0,NULL,NULL,0),(297,'manager3@benzotreid.ru','7a1gAiWKHycXP9jU-VyeEoFjC2Yz1x-H','$2y$13$ZAhWV.VKoq7th.nrUB/WNObFoLqVRhi/59GagQEZuQv8Us5CVvSP2',NULL,'manager3@benzotreid.ru',10,1509314637,1509314637,0,NULL,NULL,0.00,'',NULL,NULL,NULL,NULL,NULL,NULL,NULL,NULL,NULL,NULL,0,0,NULL,NULL,0),(298,'omts@cesis.ru','','',NULL,'omts@cesis.ru',10,1509352645,1509352783,0,NULL,NULL,0.00,'5836616881','',NULL,'Полежаев Игорь 89521972927 89374011510',' ЗАО «ЦеСИС НИКИРЭТ» ','583401001','440013, г.Пенза, ул. Чаадаева, 62','40702810112240003368','ФИЛИАЛ ПАО БАНК ВТБ в г.Нижнем Новгороде','042202837','30101810200000000837',0,1,'','1025801363202',1),(299,'okno_dvor@mail.ru','-vaQWUkxY-krKQdfi-uMfN6t1KUIVLNF','$2y$13$it53fm8MEk4tubSEsZxjGuNNOPpP97mCXj74hLYneYgNeQvDqnvxi',NULL,'okno_dvor@mail.ru',10,1509357828,1511259512,0,NULL,NULL,0.00,'4401095470','',NULL,'Евгений 89536442269','ООО «Оконный Двор» ','440101001','156013  г.Кострома  ул.Ленина д.20 оф.9','40702810901005001219','ПАО «Совкомбанк» г.Кострома','043469743','30101810300000000743',0,1,'','',1),(300,'snab.orion-m@mail.ru','','',NULL,'snab.orion-m@mail.ru',10,1509372872,1509452044,0,NULL,NULL,0.00,'4345349209','',NULL,'  Михаил 8-922-901-04-14,  раб. 78332675959','ООО СК «Орион-М»','4345349209','610025, г. Киров, Автотранспортный пер, 4','40702810000009100472','ОАО КБ «Хлынов» г. Киров','043304711','30101810100000000711',0,1,'мы передаем в ТК ДЛ, они оплачивают сами доставку до терминала Кирова.','1134345002780',1),(301,'elenazlobina111@yandex.ru','Dnm77RFla-yLvDn3nwfi_IbOMMXcwMUY','$2y$13$tB3wvndZHq1OvSq3IjQ33eLcJLXZXvUHkuy5J7BFosnMrew6zdWSy',NULL,'elenazlobina111@yandex.ru',10,1509387246,1510079677,0,NULL,NULL,0.00,NULL,NULL,NULL,'89654458248',NULL,NULL,NULL,NULL,NULL,NULL,NULL,0,0,NULL,NULL,1),(302,'klassik.lavrinenko@yandex.ru','rB4iqXqh9UCgTV5SU1LAT6KLgT9_RKYG','$2y$13$01CRNGIAjfUI3Sl/0EK5uuMIhgL6vdjTuU3LBX1I5guKBEGXs8aEa',NULL,'klassik.lavrinenko@yandex.ru',10,1509388403,1509530127,0,NULL,NULL,0.00,'','Лавриненко сергей Николаевич',NULL,' 9097527022','','','357340 Ставропольский край г Лермонтов ул Спортивная 32 ','','','','',0,0,'Дьяков Евгений Владимирович паспорт 07 01 / 774413  - для передачи в ДЛ до терминала в Пятигорск.','',1),(303,'Mala4@hayastana.com','wA0SvsJf6eCtkaFZVsPZHJwf4QpYIrbU','$2y$13$zNZMbMp93ZJFNSt3EXsjRu6VX2dvcj2Dz42aaSZ5VbcajAnmbiR1i',NULL,'Mala4@hayastana.com',10,1509440451,1509440451,0,NULL,NULL,0.00,'',NULL,NULL,NULL,NULL,NULL,NULL,NULL,NULL,NULL,NULL,0,0,NULL,NULL,0),(304,'tra.n.s.p.o.rter.na.j.al.e.nta@gmail.com','VmUSCgR1bl6UiICHhGXjKPa09PCKaNuG','$2y$13$P2RKBP4EStpEA7arYJMp7.ME3nvcka3NfEEnfODo6.dlV4hkYjOue',NULL,'tra.n.s.p.o.rter.na.j.al.e.nta@gmail.com',10,1509445214,1509445214,0,NULL,NULL,0.00,'',NULL,NULL,NULL,NULL,NULL,NULL,NULL,NULL,NULL,NULL,0,0,NULL,NULL,0),(305,'4659306@gmail.com','','',NULL,'4659306@gmail.com',10,1509445382,1509445399,0,NULL,NULL,0.00,'774315859862','',NULL,'Леонтьев Кирилл Михайлович 89263664383','ИП Леонтьев Кирилл Михайлович','','125438, г. Москва, 3-й Лихачевский пер., д. 9, к.2,кв.10','40802810138000072894','Дополнительный офис №01635 Московского банка ПАО «Сбербанк России»','044525225','30101810400000000225',0,1,'','312774616600821',1),(306,'evkrat@km-zavod.ru','','',NULL,'evkrat@km-zavod.ru',10,1509449769,1509449872,0,NULL,NULL,0.00,'','',NULL,'Крат Елена Владимировна 8 (919)0189489','ЗАО «Киржачский молочный завод»','','','','','','',0,1,'','',1),(307,'info@ecpk.pro','nNEnOZahxnquTpff-DQvzRULBT4C-loU','$2y$13$28d13Gy/1B4jJ/Yh8fg2uu5YPnZR0v.ikNiwYh3Sdtt1oap02kMuG',NULL,'info@ecpk.pro',10,1509479911,1509479911,0,NULL,NULL,0.00,'',NULL,NULL,NULL,NULL,NULL,NULL,NULL,NULL,NULL,NULL,0,0,NULL,NULL,0),(308,'Androg2@hayastana.com','c6mvLsl62xhjXEx1AIwpjo-VvjRtvVR6','$2y$13$s8XoPvrp0MR/m66iei/t.ORQlIQtuAa3mvdyeBobnjim7GzKxdKGm',NULL,'Androg2@hayastana.com',10,1509512690,1509512690,0,NULL,NULL,0.00,'',NULL,NULL,NULL,NULL,NULL,NULL,NULL,NULL,NULL,NULL,0,0,NULL,NULL,0),(309,'evarom1992@mail.ru','Nun6xzZf9q9JX4bvloFXuPfyg7ZbPTVP','$2y$13$8H08fBcfIy3rhz3qbXm5GuwJra4R/eYHoZOsATI.6gz/vaHNapL4W',NULL,'evarom1992@mail.ru',10,1509513587,1509513587,0,NULL,NULL,0.00,'',NULL,NULL,NULL,NULL,NULL,NULL,NULL,NULL,NULL,NULL,0,0,NULL,NULL,0),(310,'tynyanaya@rambler.ru','5x3hu4aIaJB5NL1pBanzjUC-thye7EEz','$2y$13$H16qOhl6ThBWugLVAgHURu5vedOqM/N53bB9S46eMM8SbVNyf8bAS',NULL,'tynyanaya@rambler.ru',10,1509527284,1509527284,0,NULL,NULL,0.00,NULL,NULL,NULL,'89859699841',NULL,NULL,NULL,NULL,NULL,NULL,NULL,0,0,NULL,NULL,2),(311,'sthecake@gmail.com','','',NULL,'sthecake@gmail.com',10,1509545183,1509545183,0,NULL,NULL,0.00,'7721832329','',NULL,'Пирожков Степан (916) 811-31-91','Общество с ограниченной ответственностью «МежРегСнаб»','1147746523726 ','109428, г. Москва, просп. Рязанский, д. 10, строен.2, пом. I, офис 26','40702810638000067438','ПАО «Сбербанк России» г. Москва','044525225','30101810400000000225',0,1,'','772101001',1),(312,'rushan-73@mail.ru','LwnZDcxvl-kJBzebUtq1A1_kbao8nsYr','$2y$13$/DPltGLPGPWlj.vgYa7fJuOB9pr3dNhyELYsTe51V2ielgTn/0.Qe',NULL,'rushan-73@mail.ru',10,1509625771,1509625771,0,NULL,NULL,0.00,NULL,NULL,NULL,'89055827914',NULL,NULL,NULL,NULL,NULL,NULL,NULL,0,0,NULL,NULL,1),(313,'Balla2@hayastana.com','Ji33AYO1m7KPAUL72k-QMd8WkZHm4Gyy','$2y$13$tXj7Xzfl4/LtYx4QR3rCguKrVC0ce0W6Jq6shP3WjlSLrwEgwjgxW',NULL,'Balla2@hayastana.com',10,1509648223,1509648223,0,NULL,NULL,0.00,'',NULL,NULL,NULL,NULL,NULL,NULL,NULL,NULL,NULL,NULL,0,0,NULL,NULL,0),(314,'enikolaitchuk@yandex.ru','iILmPomYONjmEuQogmaBLbAeFWOnbSab','$2y$13$4SCka7NvKvT8L0gtcMXxHOUiIsVLZUjB4qBAS.o3snYzNDjALlRO.',NULL,'enikolaitchuk@yandex.ru',10,1509656274,1509656512,0,NULL,NULL,0.00,NULL,'Николайчук Елена Андреевна',NULL,'+79852380551',NULL,NULL,NULL,NULL,NULL,NULL,NULL,0,0,NULL,NULL,1),(315,'sbp_9596678@mail.ru','','$2y$13$EMKS3wUuJhFcaqfglHx.8e3vuvGT2vihRlLvkRYWs0t7an800bHfC',NULL,'sbp_9596678@mail.ru',10,1509695203,1509695203,0,NULL,NULL,0.00,'7726607831','',NULL,'','ООО «Строй Бизнес Проект»','772601001','117452, г. Москва, ул.Ялтинская, д.6,корп.1.','40702810438120013533','ПАО СБЕРБАНК Г. МОСКВА','044525225','30101810400000000225',0,1,'','5087746372687',1),(316,'info@olimpel.ru','r6puHMvd85X_7xl-j3-0IvtiJEBmtBOD','$2y$13$SHng7ud0CdT2Zefg8KSSs.7HuRzCVj6iDTpRLvT7zAYeQ0bZE1L1e',NULL,'info@olimpel.ru',10,1509703498,1509708044,0,NULL,NULL,0.00,'5041201940 ','',NULL,' Денис 84956470321','  Общество с ограниченно й ответственностью «ОЛИМП Электроникс» ','504101001','143968, Московская область, г. Реутов, ул. Победы, д.28, ,офис  209','40702810306820142224','Банк «Возрождение» ПАО','044525181','30101810900000000181',0,1,'','1155012000879  ',1),(317,'st.alex127@gmail.com','','',NULL,'st.alex127@gmail.com',10,1509705634,1509705634,0,NULL,NULL,0.00,'6714035779','',NULL,'Александр Ошеров +375 29 175-57-25 (Беларусь)','ООО «Торговый дом Словечно» ','671401001','214530 Смоленская область, Смоленский район с.Печерск, ул. Автодорожная д.1А  ','40702810759000000345','в Отделении N8609 Сбербанка России  г.Смоленск','046614632','30101810000000000632',0,1,'','1146733022006 ',1),(318,'Kiga2@hayastana.com','8DfoJiRqPNAnpfVQiizECT-KAnTdV3UA','$2y$13$cxw0HmEWEFM5LqttjJrfXOCNoup8PncJeRzIuKI8HDvUH5J4p/33u',NULL,'Kiga2@hayastana.com',10,1509709716,1509709716,0,NULL,NULL,0.00,'',NULL,NULL,NULL,NULL,NULL,NULL,NULL,NULL,NULL,NULL,0,0,NULL,NULL,0),(319,'x89603543@pochta3.feelstudio.ru','VW5cjnJjJUCapHyTrf_RFI106-DpopX5','$2y$13$MZ2U6ZDU/PWhN3fgTjkylOTSO12JK36yySn1hfnztP1J5zIbIYbjS',NULL,'x89603543@pochta3.feelstudio.ru',10,1509731628,1509731628,0,NULL,NULL,0.00,'',NULL,NULL,NULL,NULL,NULL,NULL,NULL,NULL,NULL,NULL,0,0,NULL,NULL,0),(320,'lesya.afonina.1976@mail.ru','LoRz-IB2L_C1ZLZXT__bfl33PrvmjOuu','$2y$13$jJ2jIQB6omlc3/W3kwyubezBqFvEDHAl4pUcu706V2NDWrIOPMbL.',NULL,'lesya.afonina.1976@mail.ru',10,1509766738,1509766738,0,NULL,NULL,0.00,'',NULL,NULL,NULL,NULL,NULL,NULL,NULL,NULL,NULL,NULL,0,0,NULL,NULL,0),(321,'goryashin.mark@mail.ru','LuittHFzO2j3o9jKJeM5O8qvZWwJ4lAk','$2y$13$sZ87Dgan5TPhgq6oY6pCnOUTAKJhQPhMlfSahD2UV1JgzwKbs8lBe',NULL,'goryashin.mark@mail.ru',10,1509772030,1509772030,0,NULL,NULL,0.00,'',NULL,NULL,NULL,NULL,NULL,NULL,NULL,NULL,NULL,NULL,0,0,NULL,NULL,0),(322,'h85125844@pochta2.feelstudio.ru','qlzf91ePqaiSVdshEfczOcaxnwr4J0Zq','$2y$13$TygKX.5tGYQUSPYuVCvOAODt4N.67hN5uUiUNccJMdayzPCk92eMG',NULL,'h85125844@pochta2.feelstudio.ru',10,1509772031,1509772031,0,NULL,NULL,0.00,'',NULL,NULL,NULL,NULL,NULL,NULL,NULL,NULL,NULL,NULL,0,0,NULL,NULL,0),(323,'ma.n.g@hceap.info','-vTVlEw3KBGy2DWgdYZ4NI3ACgPf2yQ8','$2y$13$z1YQnbznBykqymaT.YJmyOpFdPvoaU/BQ.0TpUqpkD869dn1zu41e',NULL,'ma.n.g@hceap.info',10,1509888595,1509888595,0,NULL,NULL,0.00,'',NULL,NULL,NULL,NULL,NULL,NULL,NULL,NULL,NULL,NULL,0,0,NULL,NULL,0),(324,'pr28@black-stones.ru','Vj8B1Kzq8CtMZjDzw1B3vxHlH4_NjJoe','$2y$13$1yUYYiPcxQGJCUEHLOCIbeBiX2nfoVIPrcRWkp720ezPXJVnOzF9m',NULL,'pr28@black-stones.ru',10,1509937978,1509937978,0,NULL,NULL,0.00,'',NULL,NULL,NULL,NULL,NULL,NULL,NULL,NULL,NULL,NULL,0,0,NULL,NULL,0),(325,'ma.ng@hceap.info','9UGCs7DTR_wlWEd5OjQ9hz-hq18IOMFK','$2y$13$wJzgCsQWQytt3DXXycox2eiwyXHwQZzHThTb46ye.Xn2D3n4UEhFa',NULL,'ma.ng@hceap.info',10,1509953438,1509953438,0,NULL,NULL,0.00,'',NULL,NULL,NULL,NULL,NULL,NULL,NULL,NULL,NULL,NULL,0,0,NULL,NULL,0),(326,'richardWep@canadapharmacykom.club','CThehhKzYvbmzIAiLc4uTaQVVB1WLViw','$2y$13$W1KRp5fnUbGHLZHMR4t7zOKpGg0KA3akhCCM0CFumES9SGx5CgA0K',NULL,'richardWep@canadapharmacykom.club',10,1509966964,1509966964,0,NULL,NULL,0.00,'',NULL,NULL,NULL,NULL,NULL,NULL,NULL,NULL,NULL,NULL,0,0,NULL,NULL,0),(327,'p19358409@pochta4.feelstudio.ru','7KFeL54EiWshBEHSNY38vFh4Jv5G5PYq','$2y$13$bTrvGCfyKQXejfj8JHrexenNDNqOqaLgkfSQJ9ZaGHlZ10HRFR1tO',NULL,'p19358409@pochta4.feelstudio.ru',10,1510026367,1510026367,0,NULL,NULL,0.00,'',NULL,NULL,NULL,NULL,NULL,NULL,NULL,NULL,NULL,NULL,0,0,NULL,NULL,0),(328,'zaripovoz@rambler.ru','JIuEoDBu1w9KnjWbjvud4YCjaN2oBUIo','$2y$13$XylWnv4Xs9NXYLfeAH69wuJ36HzWKkCCmdNv.q3UwTzCpAWgIEA7W',NULL,'zaripovoz@rambler.ru',10,1510035781,1510066850,0,NULL,NULL,0.00,NULL,'Зарипов Олег',NULL,'89160202250',NULL,NULL,NULL,NULL,NULL,NULL,NULL,0,0,NULL,NULL,1),(329,'jrakhimov@gmail.com','xx4b7-z1QehUMwU-NhjcdxVmMT1eysVX','$2y$13$ACjFAqiU0JTm97g.H/s/.uAxII2EEMYQro2V4Y13Pq5LXV5a3n2Ji',NULL,'jrakhimov@gmail.com',10,1510087682,1510087682,0,NULL,NULL,0.00,NULL,NULL,NULL,'+79652706452',NULL,NULL,NULL,NULL,NULL,NULL,NULL,0,0,NULL,NULL,1),(330,'p44613932@pochta5.feelstudio.ru','DHKQpdXU2N2bELbPx-hFwfxntQG4aql-','$2y$13$snPS3uf6fUdmu/6d2zVF1e2RpVa6pP4NVbk0GO2VsUadaTcRXDG1i',NULL,'p44613932@pochta5.feelstudio.ru',10,1510094325,1510094325,0,NULL,NULL,0.00,'',NULL,NULL,NULL,NULL,NULL,NULL,NULL,NULL,NULL,NULL,0,0,NULL,NULL,0),(331,'Ded.moroz.16@yandex.ru','GcOJeYsaG6Iy03n4hl-HSqDYkNtIzdI8','$2y$13$I.At9zV5Pn3Gk/gWMshv4.TlG3kHPz6RumgorFX6uhbYvdyq/fEbe',NULL,'Ded.moroz.16@yandex.ru',10,1510141162,1510141162,0,NULL,NULL,0.00,NULL,NULL,NULL,'89099502475',NULL,NULL,NULL,NULL,NULL,NULL,NULL,0,0,NULL,NULL,1),(332,'mr.yakimenkov@gmail.com','ipyFYg-tsHwuEMQH2xvJ-HcHFS9REhCA','$2y$13$7fS6d6maCNm55VmidzZwl.Q6kTu8PJ1k7LrTnuttlUSvJxmpqwuu.','LP1fIhBIIBi0cInP_NjC4c-3jOMVD-B7_1510213396','mr.yakimenkov@gmail.com',10,1510179930,1510213396,0,NULL,NULL,0.00,NULL,NULL,NULL,'8960808064',NULL,NULL,NULL,NULL,NULL,NULL,NULL,0,0,NULL,NULL,1),(333,'u79951198@pochta1.feelstudio.ru','5smNJ7PCh4ub7N0_btflotjQ258jZDtR','$2y$13$ThaDnwgzScHXG9EKfTpduOsHdSqgcdur7XWeFI8eTR4gQ9w01LyIa',NULL,'u79951198@pochta1.feelstudio.ru',10,1510227078,1510227078,0,NULL,NULL,0.00,'',NULL,NULL,NULL,NULL,NULL,NULL,NULL,NULL,NULL,NULL,0,0,NULL,NULL,0),(334,'a36661861@pochta3.feelstudio.ru','hH7rPlbtk0Qt_CiLYzq_fT9pe13-uaHc','$2y$13$5I67RQ857I4B21i56lyLIe.yB6tMmah.IfbzRZOIpfxtisjp1Tjhu',NULL,'a36661861@pochta3.feelstudio.ru',10,1510285963,1510285963,0,NULL,NULL,0.00,'',NULL,NULL,NULL,NULL,NULL,NULL,NULL,NULL,NULL,NULL,0,0,NULL,NULL,0),(335,'info@expplus.ru','','',NULL,'info@expplus.ru',10,1510301254,1510301254,0,NULL,NULL,0.00,'7701402399','',NULL,'Ермолаева Лиана Сергеевна +7 (925)123-57-60','ООО \"Экспертиза плюс\"','771001001','125009, Москва г, Тверская ул, дом № 16, строение 3','40702810302200004936','АО \"АЛЬФА-БАНК\" Г. МОСКВА','044525593','30101810200000000593',0,1,'','1147746837370',1),(336,'lexxruus@gmail.com','Us3mnc3OYARTjlpApq0rdbrlHApX28MX','$2y$13$U8x4HfMdwRk5YI2hwHTdfOnMEM2qvF634L7tFzzlk.0C/JDyjj0m6',NULL,'lexxruus@gmail.com',10,1510308716,1510308716,0,NULL,NULL,0.00,NULL,NULL,NULL,'+79296598741',NULL,NULL,NULL,NULL,NULL,NULL,NULL,0,0,NULL,NULL,1),(337,'4874066@mail.ru','','',NULL,'4874066@mail.ru',10,1510319843,1510319843,0,NULL,NULL,0.00,'7743114346','',NULL,'Маргарита (499) 487-40-66, (499) 487-50-13','Общество с ограниченной ответственностью «Мастер Реконструкции и Ремонта»','774301001','127486, г. Москва, ул. Дегунинская, д. 1, корп. 3','40702810338130102631','Сбербанк России ПАО г. Москва','044525225','30101810400000000225',0,1,'','1157746726763',1),(338,'postsulima@gmail.com','PhD3ae_B4rDrLLzBGY2YWo3bLg9H5MjI','$2y$13$LkYDTEwZKYNrZ1BRAsdJX.H/V.rzlv/j3y/QeZMDGuC4tAPRSKR52',NULL,'postsulima@gmail.com',10,1510343741,1510343741,0,NULL,NULL,0.00,NULL,NULL,NULL,'+79164608907',NULL,NULL,NULL,NULL,NULL,NULL,NULL,0,0,NULL,NULL,1),(339,'karoltimofeeva1979@mail.ru','i2MG350SX7eOO2OM3GcLoZaIKmWEyzX0','$2y$13$Qg7vSAL6l9NezLBy7z/WTeG18shZW9.R1XdgkPPiwp5MORUhhmjyq',NULL,'karoltimofeeva1979@mail.ru',10,1510349398,1510349398,0,NULL,NULL,0.00,'',NULL,NULL,NULL,NULL,NULL,NULL,NULL,NULL,NULL,NULL,0,0,NULL,NULL,0),(340,'daryavol91@mail.ru','PTsLazMGvmCtzGmavXN5bECa0weq_Yqy','$2y$13$H3u0SnpoXPEUAJVoS5Lv6OBHDoGhLD1kAQebYf0NfRnT8btRwZz4m',NULL,'daryavol91@mail.ru',10,1510382178,1510382178,0,NULL,NULL,0.00,'',NULL,NULL,NULL,NULL,NULL,NULL,NULL,NULL,NULL,NULL,0,0,NULL,NULL,0),(341,'alexinkovich@gmail.com','Adu5eOBfadp7w9lEWEtccUo7EznUspCB','$2y$13$iAPlg0/F3iy1fP.U.vivZexfRZ7boNEaCBUrie/o.MahAmWr/AWZK',NULL,'alexinkovich@gmail.com',10,1510468440,1510468440,0,NULL,NULL,0.00,'',NULL,NULL,NULL,NULL,NULL,NULL,NULL,NULL,NULL,NULL,0,0,NULL,NULL,0),(342,'rimmilina1985@mail.ru','dtOQl7obG_uL2cSrnpJGZNlEJbkjjN0g','$2y$13$Z4r4uMsLyppI8qkKIr8htuCc5GwHUEp0ZgMT9vrBogRYDevr8p/Ca',NULL,'rimmilina1985@mail.ru',10,1510472897,1510472897,0,NULL,NULL,0.00,NULL,NULL,NULL,'87435969574',NULL,NULL,NULL,NULL,NULL,NULL,NULL,0,0,NULL,NULL,1),(343,'williamstuart3y24w@yahoo.com','kf6t7bMOgW6sGMoo49zCrfnLqz0LVTW6','$2y$13$wPLucnT8UuwxNZu5OSFQbu.HSVFp3deLHxleVcajs8upQIaKdtgii',NULL,'williamstuart3y24w@yahoo.com',10,1510473602,1510473602,0,NULL,NULL,0.00,'',NULL,NULL,NULL,NULL,NULL,NULL,NULL,NULL,NULL,NULL,0,0,NULL,NULL,0),(344,'wsewolod.ufimcev@mail.ru','u-qz-RnrVbEocRIWwzGU6YEbHmrhMMjR','$2y$13$PnBP95Z/b2wcvQZoqBZQDuP6rSokmODTp3qCjaFDSSDYf/2NNWxCa',NULL,'wsewolod.ufimcev@mail.ru',10,1510513978,1510513978,0,NULL,NULL,0.00,'',NULL,NULL,NULL,NULL,NULL,NULL,NULL,NULL,NULL,NULL,0,0,NULL,NULL,0),(345,'thomasabomep@mail.ru','FqwyVT_dCwKOBtqqYdhZ6lcTWM-tHS3F','$2y$13$YPntAi2TnRKBiDrN1ww6G.fnzAiI3A4riMUIdJ4q/U5l7i3P99oLO',NULL,'thomasabomep@mail.ru',10,1510520023,1510520023,0,NULL,NULL,0.00,'',NULL,NULL,NULL,NULL,NULL,NULL,NULL,NULL,NULL,NULL,0,0,NULL,NULL,0),(346,'MEDVED25111982@YANDEX.RU','LAo5nNot4nvk4PaEq2tkOqwTHflGagd5','$2y$13$.v/ET10q.VJHSxT8QyX4Q.TKi.sF/iC1RfS2qGRYeoDbErg20rR3q',NULL,'MEDVED25111982@YANDEX.RU',10,1510598726,1510598726,0,NULL,NULL,0.00,'',NULL,NULL,NULL,NULL,NULL,NULL,NULL,NULL,NULL,NULL,0,0,NULL,NULL,0),(347,'stratova@ruscenter.ru','','',NULL,'stratova@ruscenter.ru',10,1510646110,1510744133,0,NULL,NULL,0.00,'7704218790','',NULL,'Стратова Анна   +7 903 001 18 13  +7 909 977 99 00','Межрегиональный общественный фонд «Центр развития межличностных коммуникаций»','770401001','119019, г. Москва, ул. Воздвиженка, д. 9','40703810292000001309','\"Газпромбанк\" (Акционерное общество), г.Москва','044525823','30101810200000000823',0,1,'','1037739349306',1),(348,'osv250@rambler.ru','','',NULL,'osv250@rambler.ru',10,1510647816,1510647816,0,NULL,NULL,0.00,'732816064360','',NULL,'Сергей 89603758515','Индивидуальный предприниматель Зайберлих Сергей Валерьевич','','г. Ульяновск, пр-т Туполева, д. 14','','','','',0,1,'','314732809200011 ',1),(349,'a.fomenko@veramed.ru','','',NULL,'a.fomenko@veramed.ru',10,1510654027,1510654117,0,NULL,NULL,0.00,'5032288310','',NULL,'Фоменко Александр Олегович +7 (915) 342-33-88','Общество с ограниченной ответственностью «ВЕРАМЕД Премиум»','503201001','143005, Московская обл., г.Одинцово, ул.Говорова, д.18/1','40702810603700103921','ПАО Банк «Возрождение» г.Москва','044525181','30101810900000000181',0,1,'','1145032011475',1),(350,'maxim_arzyamov@mail.ru','dd5FoIpDeZxpTb9TqJ6qUtH5V5IRRfig','$2y$13$ykYSfdQOyHWJKOuWAsw6X.woyjVuR3/Bbfs9D1VmQ88/B7IwglkZS',NULL,'maxim_arzyamov@mail.ru',10,1510656833,1510656833,0,NULL,NULL,0.00,NULL,NULL,NULL,'+79686043126',NULL,NULL,NULL,NULL,NULL,NULL,NULL,0,0,NULL,NULL,1),(351,'j43122269@pochta3.feelstudio.ru','ayVpo3nxxBeu527xT7QX_yscafiuQYTQ','$2y$13$OPsQoDeRwhKouv9kie0xt.TNEbpJfRULr6WTdXZ1jdw8dG.Lh3BUq',NULL,'j43122269@pochta3.feelstudio.ru',10,1510719001,1510719001,0,NULL,NULL,0.00,'',NULL,NULL,NULL,NULL,NULL,NULL,NULL,NULL,NULL,NULL,0,0,NULL,NULL,0),(352,'me-109@mail.ru','','',NULL,'me-109@mail.ru',10,1510737550,1511248732,0,NULL,NULL,0.00,'253603096464','',NULL,'Милютин Александр Николаевич, тел. 8-908-443-1670','ИП Милютин Александр Николаевич','','Приморский край, город Дальнегорск, Заводская улица, д.2а','40802810045560000038','ДАЛЬНЕВОСТОЧНЫЙ ФИЛИАЛ ПАО АКБ \"РОСБАНК\" г. ВЛАДИВОСТОК ','040507871','30101810300000000871',0,1,'доставка во Владивосток.\r\nТранспортная не принципиальна, можете на свое усмотрение, главное скорость. DPD например подходит.\r\nЗабирать буду я, Милютин Александр Николаевич, тел. 8-908-443-1670','313250510600010',1),(353,'maksimenkov.ay@zolla.ru','','',NULL,'maksimenkov.ay@zolla.ru',10,1510738059,1510738388,0,NULL,NULL,0.00,'7728594673','',NULL,'Алексей Максименков +7 (495) 775-24-52 (доб.1435)','ООО «Фактор»','772801001','117485, г. Москва, ул  Профсоюзная, д. 100А','40702810738170021864','ПАО Сбербанк г. Москва','044525225','	30101810400000000225',0,1,' доставка во Владивосток.\r\nТранспортная не принципиальна, можете на свое усмотрение, главное скорость. DPD например подходит.\r\nЗабирать буду я, Милютин Александр Николаевич, тел. 8-908-443-1670','5067746653508',1),(354,'vs@renessone.ru','','',NULL,'vs@renessone.ru',10,1510739746,1510739746,0,NULL,NULL,0.00,'7707782429','',NULL,'Воробьев Сергей +7 (926) 5223292','Общество с ограниченной ответственностью «Ренессанс»','772701001','117628, Россия г. Москва, ул.Ратная, д.8, корп.3, пом I ком.3','40702810800040001692','ПАО \"МИнБанк\"','044525600','30101810300000000600',0,1,'','1127746614930',1),(355,'snab@rotvek.ru','','',NULL,'snab@rotvek.ru',10,1510742701,1510742701,0,NULL,NULL,0.00,'7727627076','',NULL,'Евгения Черевиченко 8 (495) 988-27-37','Общество с ограниченной ответственностью «РОТВЕК»','772701001','117418, г. Москва, ул. Новочеремушкинская, д.65','40702810900060300773','АКБ «РосЕвроБанк» (АО)','044525836','30101810445250000836',0,1,'','1077760673429',1),(356,'s24292944@pochta1.feelstudio.ru','VprHsmof5E4hqgwzWQHDz_awSogaetrW','$2y$13$Mtd49Dk14FLRbAMrCBzk6uk42lCx3nlE4CFavTsmEVUbZr9Pze3GS',NULL,'s24292944@pochta1.feelstudio.ru',10,1510774132,1510774132,0,NULL,NULL,0.00,'',NULL,NULL,NULL,NULL,NULL,NULL,NULL,NULL,NULL,NULL,0,0,NULL,NULL,0),(357,'kvinbox@gmail.com','gT0e1WJxzMWxHen8FSUfP9LtaKxKRfLq','$2y$13$jKChqCaqgycuOxIeMeVv/ewD63RX8.zLc8YbzF0WxWtbaxTun8gka',NULL,'kvinbox@gmail.com',10,1510833884,1510833884,0,NULL,NULL,0.00,NULL,NULL,NULL,'9166854270',NULL,NULL,NULL,NULL,NULL,NULL,NULL,0,0,NULL,NULL,1),(358,'719823@mail.ru','quaFoipTMNByT7c6wfKXWgHk3GuYClb6','$2y$13$/Rj23QlGeTrmKyaxPSLfIesWOFFHyWRNl6F4Vu3JLGHQ2YNLiCGC6',NULL,'719823@mail.ru',10,1510836960,1510836960,0,NULL,NULL,0.00,NULL,NULL,NULL,'+79651308499',NULL,NULL,NULL,NULL,NULL,NULL,NULL,0,0,NULL,NULL,1),(359,'technofilms@ya.ru','','$2y$13$x1xbhqFJ851gydb8wNeNae9o9xESngFa0lB29Na5ruVrha.uApZIy',NULL,'technofilms@ya.ru',10,1510855428,1510855511,0,NULL,NULL,0.00,'7701875204','',NULL,'8-499-268-23-18','ООО «ТехноСтар»','770101001',' г. Москва, ул. Ф. Энгельса, 31/35','40702810800290000408 ','«ОТП Банк» (ОАО) г. Москва','044525311','30101810000000000311',0,1,'Юридический адрес:\r\n105005, г. Москва, ул. Ф. Энгельса, 31/35\r\n\r\nФактический адрес:\r\nБ.Остроумовская, д.12, оф.29\r\nТел.:  8-499-268-23-18\r\n          8-495-104-90-05\r\n\r\nwww.technofilm.ru\r\n\r\nГенеральный директор              Шаймурзин А.Х.\r\n\r\nБухгалтер                                      Шаймурзин А.Х.\r\n\r\n','1107746352405',1),(360,'traceeut@mail.ru','rRiYCpbG4z7SzoFP-ax_JVM9Ws5Mzj_n','$2y$13$OgWxGSYXF2NsH.38o0wxDeY/k0vXTfIwqoblJswq.SmBST7j3ksfi',NULL,'traceeut@mail.ru',10,1510866887,1510866887,0,NULL,NULL,0.00,'',NULL,NULL,NULL,NULL,NULL,NULL,NULL,NULL,NULL,NULL,0,0,NULL,NULL,0),(361,'t8025558@pochta1.feelstudio.ru','exvim_9hiL8wMNb6gbp3Ozdzm7mpOPUb','$2y$13$QIteGy1NwnCK6KNqMlfNJe9K7qL6bueTOxEZi3vZwEUViSDytlia.',NULL,'t8025558@pochta1.feelstudio.ru',10,1510938283,1510938283,0,NULL,NULL,0.00,'',NULL,NULL,NULL,NULL,NULL,NULL,NULL,NULL,NULL,NULL,0,0,NULL,NULL,0),(362,'traceexs@mail.ru','qJell3uMnCrd65Q4ZvINp7amYNoQQlON','$2y$13$ioeRfIOURH.4WuaDzVfvXO.mM.Ienip7y8Jqw/CMlLiOwsaBDYU16',NULL,'traceexs@mail.ru',10,1510970742,1510970742,0,NULL,NULL,0.00,'',NULL,NULL,NULL,NULL,NULL,NULL,NULL,NULL,NULL,NULL,0,0,NULL,NULL,0),(363,'indiamednet@sisemazamkov.com','1zFSchVC_2TpToNaE19fSPQG-NzxMC1P','$2y$13$bK84RJVIF/TSJNY1KVEDMu6softJJH.TGkIQilpulKB/T2kPlrHDa',NULL,'indiamednet@sisemazamkov.com',10,1511051039,1511051039,0,NULL,NULL,0.00,'',NULL,NULL,NULL,NULL,NULL,NULL,NULL,NULL,NULL,NULL,0,0,NULL,NULL,0),(364,NULL,'','',NULL,NULL,10,1511099491,1511099491,0,NULL,NULL,0.00,'7701352821','',NULL,'','ООО БИОРЕМ','','105062,Москва г, ул. Садовая-Черногрязская, дом No 16-18, строение 1','','','','',0,1,'','770101001',1),(365,NULL,'','',NULL,NULL,10,1511101488,1511101488,0,NULL,NULL,0.00,'7704760120','',NULL,'','ООО ЖирТрестПроджект','770401001','121009, Москва г, Смоленская площадь, дом No 3','','','','',0,1,'','',1),(366,NULL,'','',NULL,NULL,10,1511102484,1511102484,0,NULL,NULL,0.00,'7729764455','',NULL,'','ООО ИнжПроект','771301001','127644,Москва г, ул. Лобненская, дом No 11, комната 7.1-7.2','','','','',0,1,'','',1),(367,NULL,'','',NULL,NULL,10,1511102986,1511102986,0,NULL,NULL,0.00,'7708041582','',NULL,'','ООО Красносельское','770801001','107140, Москва г, Верхняя Красносельская, дом No 11 А, строение 1','','','','',0,1,'','',1),(368,NULL,'','',NULL,NULL,10,1511103258,1511103258,0,NULL,NULL,0.00,'7831000612','',NULL,'','Акционерное общество \"Креди Агриколь Корпоративный и Инвестиционный Банк\"','770143001','191186, г. Санкт-Петербург, Невский проспект, д. 12','','','','',0,1,'','',1),(369,NULL,'','',NULL,NULL,10,1511106247,1511106247,0,NULL,NULL,0.00,'7726238126','',NULL,'','ООО \"Фирма \"Римо\"','502401001','Московская обл., Красногорский район, территория 26 Км Автодороги \"Балтия\", Бизнес-Центр \"Рига Лэнд\", строение No 3','','','','',0,1,'','',1),(370,NULL,'','',NULL,NULL,10,1511108150,1511108150,0,NULL,NULL,0.00,'7719796120','',NULL,'','Общество с ограниченной ответственностью Производственно-строительная компания \"Гласс-Системс\"','','105094, Москва г, ул. Семеновский Вал, дом No 10 А, строение 1, ','','','','',0,1,'','771901001',1),(371,NULL,'','',NULL,NULL,10,1511114359,1511114359,0,NULL,NULL,0.00,'7724392764','',NULL,'','ООО ТРЭЙДТОРГ','772401001','115516,Москва г, Бульвар Кавказский, дом No 51, строение 6, этаж 4, комната 30','','','','',0,1,'','',1),(372,NULL,'','',NULL,NULL,10,1511114569,1511114569,0,NULL,NULL,0.00,'3304019513','',NULL,'','ООО Элитпласт','330401001','601506, Владимирская обл., г.Гусь-Хрустальный , Транспортная, дом No 41Б','','','','',0,1,'','',1),(373,NULL,'','',NULL,NULL,10,1511114791,1511114791,0,NULL,NULL,0.00,'7726643163','',NULL,'','ЗАО АКОД','772601001','117587, Москва г, Варшавское ш, дом No 125','','','','',0,1,'','',1),(374,'augolubev@eleron.org','','',NULL,'augolubev@eleron.org',10,1511161699,1511161699,0,NULL,NULL,0.00,'7724313681','',NULL,'Голубев Алексей Юрьевич 8-926-601-46-60','АО ФЦНИВТ\"СНПО\"Элерон\"','772401001',' 115563 г. Москва, ул. Генерала Белова, д.14','40702810538000031865','Московский банк Сбербанка России ОАО г. Москва','044525225','30101810400000000225',0,1,'','1157746325043',1),(375,'633704@mail.ru','DtqkV8tW_DgDAaVZVIik6yBbPeQtP-rl','$2y$13$MfaIihpUIpvXk1RoVP1TNek/z8Y45getM41zDsbQVU4Q.oUwDprLq',NULL,'633704@mail.ru',10,1511163847,1511163847,0,NULL,NULL,0.00,NULL,NULL,NULL,'89625033704',NULL,NULL,NULL,NULL,NULL,NULL,NULL,0,0,NULL,NULL,1),(376,'diplom@diplom59rus.ru','gr6GaAIJppRQAvZGMwXG4eapadphSI16','$2y$13$byYiPHaiybbFIuz67Sfz7.yFOMxIklIMT/FcBvAUkobnvDC5Hw0vW',NULL,'diplom@diplom59rus.ru',10,1511173686,1511173686,0,NULL,NULL,0.00,'',NULL,NULL,NULL,NULL,NULL,NULL,NULL,NULL,NULL,NULL,0,0,NULL,NULL,0),(377,'anlemeshew@gmail.com','YFQkDaqFKLvAgxjCaOfRfH9kNdq4KjcT','$2y$13$a6cY0iHIu7miQqG1YIQi3eCuBDWjooWpTveVasBCKcdCbgxmgK7bW',NULL,'anlemeshew@gmail.com',10,1511184042,1511184042,0,NULL,NULL,0.00,'',NULL,NULL,NULL,NULL,NULL,NULL,NULL,NULL,NULL,NULL,0,0,NULL,NULL,0),(378,'kozma07@yandex.ru','','',NULL,'kozma07@yandex.ru',10,1511185825,1511185825,0,NULL,NULL,0.00,'7722850401','',NULL,'Антон 8903 253 53 33','Общество с ограниченной ответственностью «Баг Солюшенз» ','772201001','111250, г. Москва, ул. Лефортовский вал д. 24, пом. IV, комн. 3','40702810738000003949','ПАО СБЕРБАНК г.Москва ','044525225','40702810738000003949',0,1,'','1147746855519',1),(379,'mhreshtov@gmail.com','DJSc4fqUJ_TbW_KK35wTRtHrLWCnJVNW','$2y$13$6jLGXfGjmGE4DfcjvYqLROkbcQtPNKV0dOxJCoNtxSC/eWfzeLMbe',NULL,'mhreshtov@gmail.com',10,1511201426,1511201426,0,NULL,NULL,0.00,'',NULL,NULL,NULL,NULL,NULL,NULL,NULL,NULL,NULL,NULL,0,0,NULL,NULL,0),(380,'b684@yandex.ru','','',NULL,'b684@yandex.ru',10,1511256688,1511256688,0,NULL,NULL,0.00,'7715853056','',NULL,'Наталья (495) 707-09-18','Общество с ограниченной ответственностью «БОФСТР»','771501001','127549, г. Москва, ул. Бибиревская, д. 8А, стр.1','40702810538050014269','ПАО СБЕРБАНК г. Москва','044525225','30101810400000000225',0,1,'','1117746125529',1),(381,'validol-77@mail.ru','','',NULL,'validol-77@mail.ru',10,1511271838,1511271838,0,NULL,NULL,0.00,'7751514877','',NULL,'89689356248 Павел','Общество с ограниченной ответственностью  «Ширин 2»','772601001','117648, город Москва, микрорайон  Чертаново Северное, дом 1А','40702810600000122773','ЗАО «ВТБ 24» г. Москва','044525716','30101810100000000716',0,1,'','1137746876222',1),(382,'uljanovan@miep.ru','','',NULL,'uljanovan@miep.ru',10,1511273804,1511273804,0,NULL,NULL,0.00,'5001009679','',NULL,'Андрей Николаевич Ульянов (495) 232-28-95','Негосударственное образовательное учреждение высшего образования «Международный институт экономики и права»','770101001','105082, г. Москва,  Рубцовская наб., д.3 стр.1','40702810438000110349','Московский банк ПАО  Сбербанк России г.Москва','044525225','30101810400000000225',0,1,'','1027700063720',1),(383,'rwerw@sf.tu','ZQDSQ5Httsl0UWDzytfoij54ReRoY77_','$2y$13$nvoD2yChUZRR1K2b4He6O.7aGsRHsmHgFmVAcImNcP8CGw3NtH80C',NULL,'rwerw@sf.tu',10,1511356457,1511356457,0,NULL,NULL,0.00,NULL,NULL,NULL,'2342352345236',NULL,NULL,NULL,NULL,NULL,NULL,NULL,0,0,NULL,NULL,1),(384,'Yuhunt@ya.ru','V1F7ZOTaG93vHr_mA5mFUHV1Tonfy5Ik','$2y$13$cmKWCDtc0OqLOc9MsPKQYuA96fo90FHH9i6HI4R/7yPo7/0joeKPm',NULL,'Yuhunt@ya.ru',10,1511373209,1511373209,0,NULL,NULL,0.00,NULL,NULL,NULL,'+79859622403',NULL,NULL,NULL,NULL,NULL,NULL,NULL,0,0,NULL,NULL,1),(385,'mihalukva@yandex.ru','','',NULL,'mihalukva@yandex.ru',10,1511377989,1511502438,0,NULL,NULL,0.00,'','Михалюк-Жаворонков Владимир Анатольевич',NULL,'8-926-181-55-02','','','г. Москва, Б. Предтеченский пер., д.29, стр. 1, кв.1','','','','',0,0,'доставку в Краснодар ТК “ПЭК” (терминал “Краснодар Восток”)  \r\nФИО: Михалюк-Жаворонков Владимир Анатольевич\r\nПаспорт:  4518 306749\r\n ИНН 770370612548\r\nТел.: 8-926-181-55-02\r\nАдрес фактического проживания:  г. Краснодар, ул. Кожевенная, д.60, кв.47\r\nАдрес прописки: г. Москва, Б. Предтеченский пер., д.29, стр. 1, кв.1\r\nНомер счета: 40817810438170278556\r\nНаименование банка получателя: МОСКОВСКИЙ БАНК СБЕРБАНКА РОССИИ Г.МОСКВА\r\nБИК: 044525225\r\nКорр. счёт: 30101810400000000225\r\n','',1),(386,'wqeqe@asfdsf.ru','qMf2HPm1jxvRMFsj3n3nq080-W_CRV7m','$2y$13$3bDYWMR8k9fDPtysZv4m1.Ty8sHohxbwLKwpOuhVGNVulkPynOKSW',NULL,'wqeqe@asfdsf.ru',10,1511440807,1511440807,0,NULL,NULL,0.00,NULL,NULL,NULL,'23423412351235',NULL,NULL,NULL,NULL,NULL,NULL,NULL,0,0,NULL,NULL,1),(387,'anton@888.ht','eEmB3QFvwnwFLKqjnRPR72NGerfkFqGd','$2y$13$IZ7/DS/q6hfM0s/lBhHKx.Z.Uvp8C7IdcAHFyUBrglO39.rRuvJVu',NULL,'anton@888.ht',10,1511448839,1511448839,0,NULL,NULL,0.00,NULL,NULL,NULL,'79269998866',NULL,NULL,NULL,NULL,NULL,NULL,NULL,0,0,NULL,NULL,1),(388,'dialog-gk@yandex.ru','','',NULL,'dialog-gk@yandex.ru',10,1511453588,1511453588,0,NULL,NULL,0.00,'7723578727','',NULL,'Шведова Галина 8-985-215-18-63','Общество с ограниченной ответственностью «СтройИнвест»','772301001','115193, г. Москва, ул. Сайкина, д.15/7','40702810000000006809','АО «Райффайзенбанк» г. Москва','044525700','30101810200000000700',0,1,'','1067746814002',1),(389,'az@spacebox.ru','gTXDlZ042LNPbUAAnAee55clib93I-pK','$2y$13$hwuaIjRLvhdlCbyJ4yGIQOqtGK.1loKvVMHSnoCu2GjX0.4jxNeie',NULL,'az@spacebox.ru',10,1511472444,1511472444,0,NULL,NULL,0.00,NULL,NULL,NULL,'123456789',NULL,NULL,NULL,NULL,NULL,NULL,NULL,0,0,NULL,NULL,1),(390,'strokovgm@wclass.ru','','',NULL,'strokovgm@wclass.ru',10,1511512994,1511512994,0,NULL,NULL,0.00,'7728571563','',NULL,'ГЕННАДИЙ  СТРОКОВ +7 (916) 653 72 30','Общество с ограниченной ответственностью «Спорт Форум»','772801001','117420, г. Москва, ул. Наметкина, д. 6, корп. 1','40702810340210004168','ПАО СБЕРБАНК','044525225','30101810400000000225',0,1,'','1067746218176',1),(391,'Kvasol2@mail.ru','e1Cr-fNsbhR1CWN2E7uGzcVpcOXkOoCw','$2y$13$SyQ1FoKNizlnWGAEQBvjve2lUolopMuYIx.IffN4zqauZwazqxmqe',NULL,'Kvasol2@mail.ru',10,1511516101,1511516101,0,NULL,NULL,0.00,NULL,NULL,NULL,'89165068641',NULL,NULL,NULL,NULL,NULL,NULL,NULL,0,0,NULL,NULL,1),(392,'123321@sds.ru','yBHWNM7VqQOeohgDmB1nzHuRTwbeXxQJ','$2y$13$3/yktJcKecOtgar6o7Cu2Oys1xkdr0ZVJlfEXiUtU1KWNlLfNBgyG',NULL,'123321@sds.ru',10,1511518041,1511518041,0,NULL,NULL,0.00,NULL,NULL,NULL,'343243242',NULL,NULL,NULL,NULL,NULL,NULL,NULL,0,0,NULL,NULL,1),(393,'bc2prno5hpb6@mail.ru','YfA_DbnTOU268dHPto6NPSpj-TWqQlwh','$2y$13$NWr5vY9a6HlD3fGGkBig/eJVo/VpoiQmmGJSh1AiY5QZTd4H50qfm',NULL,'bc2prno5hpb6@mail.ru',10,1511537513,1511537513,0,NULL,NULL,0.00,'',NULL,NULL,NULL,NULL,NULL,NULL,NULL,NULL,NULL,NULL,0,0,NULL,NULL,0),(394,'ivstepa99@mail.ru','6DgWAf3cUGJo8sqRfrCbazowk45NjAyx','$2y$13$/1J6SS1.mhfRs9o1y1C6pusnalmirb3I6LEQTrLI6mV4pfngfbsuu',NULL,'ivstepa99@mail.ru',10,1511548738,1511548738,0,NULL,NULL,0.00,'',NULL,NULL,NULL,NULL,NULL,NULL,NULL,NULL,NULL,NULL,0,0,NULL,NULL,0),(395,'j67824544@pochta5.xrumersoft.ru','TWiqsPMiIw8gCokChQDZRZV0iLs_Kz4J','$2y$13$rx8TfZ2fZXWLWAUjgj9L1.F8zqd6dPTEWQ6ShQDmj7NB9q.EMv.s6',NULL,'j67824544@pochta5.xrumersoft.ru',10,1511549984,1511549984,0,NULL,NULL,0.00,'',NULL,NULL,NULL,NULL,NULL,NULL,NULL,NULL,NULL,NULL,0,0,NULL,NULL,0),(396,'stbstbb@sisemazamkov.com','iCXvCnCwOBFGHIa7NDP2QXFp8DlUqWlR','$2y$13$uW0cVMDZ0pHXY7zVgYGtbOpsiFity1IZh8mPwoMnuJAYb8uxEJ6Ge',NULL,'stbstbb@sisemazamkov.com',10,1511584023,1511584023,0,NULL,NULL,0.00,'',NULL,NULL,NULL,NULL,NULL,NULL,NULL,NULL,NULL,NULL,0,0,NULL,NULL,0),(397,'kalibrmeg@mail.ru','OIJOxPtQMMUatDVhiA1WShhfb_L0zTOP','$2y$13$mJt7c7BxGeF4dg7a8/1f7uhBL3Blr90xWg4INTYk6CNQ2yMph7kiW',NULL,'kalibrmeg@mail.ru',10,1511618804,1511618804,0,NULL,NULL,0.00,'',NULL,NULL,NULL,NULL,NULL,NULL,NULL,NULL,NULL,NULL,0,0,NULL,NULL,0),(398,'maratorinko@yandex.ru','QlNrDx_a-Liy0IqfLrqFEfHAxBh8u7ld','$2y$13$YryRuB7w5Off1X3aYFG7.O22gEzDuSnB5.cxWALTSD5xD61TwQZSO',NULL,'maratorinko@yandex.ru',10,1511624368,1511624368,0,NULL,NULL,0.00,'',NULL,NULL,NULL,NULL,NULL,NULL,NULL,NULL,NULL,NULL,0,0,NULL,NULL,0),(400,'maks_199427@list.ru','fZL4HrcPbjjiDaWhO1Qq52NN8SXwWyIE','$2y$13$fzwU6jOeNLxf1fivgSloTOJxvv473dhvcKMm9lhQW8vPgpAGMehJa',NULL,'maks_199427@list.ru',10,1511785092,1511785092,0,NULL,NULL,0.00,NULL,NULL,NULL,'89619617134',NULL,NULL,NULL,NULL,NULL,NULL,NULL,0,0,NULL,NULL,1),(401,'9181150@mail.ru','','',NULL,'9181150@mail.ru',10,1511860332,1511860332,0,NULL,NULL,0.00,'7722683373','',NULL,'Валерий 8-985-925-06-60','ООО «ФОБС»','772201001','111024, г. Москва, Андроновское шоссе, д.26, стр.5','40702810138120027735','ПАО Сбербанк г.Москва','044525225','30101810400000000225',0,1,'','',1),(402,'zs46@mail.ru','','',NULL,'zs46@mail.ru',10,1511867575,1511867721,0,NULL,NULL,0.00,'7714911001','',NULL,'','ООО «ВИТА»','771401001','125319, г. Москва, ул. Аэропортовская 1-я  д.6, помещение VI, комната 1-4.','40702810102320000023','АО «АЛЬФА-БАНК»','044525593','30101810200000000593 в ОПЕРУ МОСКВА',0,1,'письмо от Алексея было','',1),(403,'hcv@sisemazamkov.com','FGX9ym6Z8rSb2zRZT0QvW1C62PnhwBpr','$2y$13$Q.XxCDvZQZpTvv8k3vUrYuiC5FFQ1L39kfbm4HakmkCXNdczSg1DO',NULL,'hcv@sisemazamkov.com',10,1511934803,1511934803,0,NULL,NULL,0.00,'',NULL,NULL,NULL,NULL,NULL,NULL,NULL,NULL,NULL,NULL,0,0,NULL,NULL,0),(404,'parmstroy64@yandex.ru','DXTDdAtmeNzUFFDGoGGBmt_2fI1IMdjA','$2y$13$sRpd5cc7MpxdeyryxlIvm.845S4vB7m/WEcVGqcOXyVZCVGeicfKi',NULL,'parmstroy64@yandex.ru',10,1511939262,1511940296,0,NULL,NULL,0.00,'6453138223','',NULL,'Сергей Парменов +79372254218','ООО \"АПТЕКА \"СЕВЕРНАЯ\"','645301001','410064, г.Саратов, ул. Чемодурова, д.14','40702810600000107408','ЗАО АКБ \"Экспресс-Волга\" г.Саратов','046311808','30101810600000000808',0,1,'Передать в ДЛ до терминала г.Саратов (заказ по телеграмм)','1146453005753',1),(405,'Todroudge@pcd55yub.xzzy.info','GX-xF-G5W2VijX3eTtLdBxJ1ChzWCFR8','$2y$13$8QmcpqgNWFPKISllEFZviOQtOdlSOb0vEyhLeVpImlm1Ylx1OqALG',NULL,'Todroudge@pcd55yub.xzzy.info',10,1511989326,1511989326,0,NULL,NULL,0.00,'',NULL,NULL,NULL,NULL,NULL,NULL,NULL,NULL,NULL,NULL,0,0,NULL,NULL,0),(406,'georgy19@yandex.ru','','',NULL,'georgy19@yandex.ru',10,1512038301,1512038301,0,NULL,NULL,0.00,'7709446334','',NULL,'Егор 79152469335','Общество с ограниченной ответственностью \"СНАБТЕХТОРГ\"','770901001','109147, г. Москва, ул. Марксистская, д. 9','40702810101200004946','АО \"АЛЬФА-БАНК\"','044525593','30101810200000000593',0,1,'','1157746007286',1),(407,'m.an.g@bigatel.info','zjt19vT1tPkez4sJvN6x2-3CyGXJ-e7n','$2y$13$iXH2DjCTQVfwIE/Ksv3c6eYeHtnEaLdQyATO.l/HUuJWVMgW/obT2',NULL,'m.an.g@bigatel.info',10,1512055696,1512055696,0,NULL,NULL,0.00,'',NULL,NULL,NULL,NULL,NULL,NULL,NULL,NULL,NULL,NULL,0,0,NULL,NULL,0),(408,'g25793197@pochta5.xrumersoft.ru','oBj_hAFXrR3Q_0Yc48m0nGDw9BmNCfWv','$2y$13$4Ls3zdmQR0EzuzxMME61H.aZk6Gn/qqYbF.mCMjOsaLbuWQNvdw4m',NULL,'g25793197@pochta5.xrumersoft.ru',10,1512087399,1512087399,0,NULL,NULL,0.00,'',NULL,NULL,NULL,NULL,NULL,NULL,NULL,NULL,NULL,NULL,0,0,NULL,NULL,0),(409,'l25167273@pochta3.xrumersoft.ru','qsLcpRliUXsXo9Lk6YfZM6qO5rAAycEF','$2y$13$tCiqKcitThc5249zHmNlteJhDEt4mWEFC6FPDwY2ZCrdXuZ2M88ue',NULL,'l25167273@pochta3.xrumersoft.ru',10,1512097697,1512097697,0,NULL,NULL,0.00,'',NULL,NULL,NULL,NULL,NULL,NULL,NULL,NULL,NULL,NULL,0,0,NULL,NULL,0),(410,'s22368387@pochta5.xrumersoft.ru','qdgJp0UzlyZHJRWvzqtFtuX133MNX7VJ','$2y$13$e9QrU2JpZm6PRb7wPZUAt.vg.BzKr9cbAp3oP5Ci8CAM7wjlf/Ap2',NULL,'s22368387@pochta5.xrumersoft.ru',10,1512131074,1512131074,0,NULL,NULL,0.00,'',NULL,NULL,NULL,NULL,NULL,NULL,NULL,NULL,NULL,NULL,0,0,NULL,NULL,0),(411,'a13698051@pochta3.xrumersoft.ru','92uG3BzJTQ0YBrkMNIqvKFQVVy7ut1tj','$2y$13$AAG/lMa1cl3f/yM5P7jktOLQdBCGtV7IMQhOpxVIbj6Ilunm4QeaS',NULL,'a13698051@pochta3.xrumersoft.ru',10,1512131082,1512131082,0,NULL,NULL,0.00,'',NULL,NULL,NULL,NULL,NULL,NULL,NULL,NULL,NULL,NULL,0,0,NULL,NULL,0),(412,'w39576141@pochta5.xrumersoft.ru','ociKQ93appgVsgTzB2tGfGOrDJEg1hN-','$2y$13$/sKORfo5AL40PChEWoqDOudYmHAKhEkkNd96OIbEJQi490lsyYlVG',NULL,'w39576141@pochta5.xrumersoft.ru',10,1512302498,1512302498,0,NULL,NULL,0.00,'',NULL,NULL,NULL,NULL,NULL,NULL,NULL,NULL,NULL,NULL,0,0,NULL,NULL,0),(413,'igoruva@mail.ru','XCmLMCpyZpbEjNvZ_ePeXkW7eRiubndS','$2y$13$mScUearYckfVBuyi7r3/4uAhEgFQsoMEsZ3yko7qQxQbVh4xr9xua',NULL,'igoruva@mail.ru',10,1512362633,1512362633,0,NULL,NULL,0.00,'',NULL,NULL,NULL,NULL,NULL,NULL,NULL,NULL,NULL,NULL,0,0,NULL,NULL,0),(414,'snab.zsmk@mail.ru','','',NULL,'snab.zsmk@mail.ru',10,1512370760,1512370760,0,NULL,NULL,0.00,'5042092394','',NULL,'Анастасия 8(999)595-78-35','ООО «Сергиево-Посадский завод строительных материалов и конструкций»','504201001','141310, Московская область, г. Сергиев Посад, пр. Красной Армии, д. 212 В','40702810440380103352','ОАО Сбербанк России г.Москва','044525225','30101810400000000225',0,1,'','1075038004447',1),(415,'Laband28@hayastana.com','RZfBlbLD-4_xIu32lh2ERfQgwznstKuY','$2y$13$VQ0.8ltkjNw62KnKYkKU6OvNzyUpPMTkVHlv6nNjQWdxkZwgaL5Ma',NULL,'Laband28@hayastana.com',10,1512374785,1512374785,0,NULL,NULL,0.00,'',NULL,NULL,NULL,NULL,NULL,NULL,NULL,NULL,NULL,NULL,0,0,NULL,NULL,0),(416,'753dom@mail.ru','','',NULL,'753dom@mail.ru',10,1512389618,1512389618,0,NULL,NULL,0.00,'5024138286','',NULL,'Евгений 8-926-472-42-30','Общество с ограниченной ответственностью «Маркетвест»','502401001','143443, Московская обл, Красногорский р-н, Красногорск г., Опалиха мкр., Ново-Никольская ул., д. 57','40702810102960002329','МОСОБЛБАНК ПАО г. Москва','044525521','30101810900000000521',0,1,'','1135024005357',1),(417,'hamov.sergey@lushrussia.ru','','',NULL,'hamov.sergey@lushrussia.ru',10,1512564758,1512564758,0,NULL,NULL,0.00,'7714229906','',NULL,'Хамов Сергей 8-903-289-38-47','Общество с ограниченной ответственностью «Лаш Раша»','771401001','125040, г Москва, ул. Скаковая, д 9, оф. 405','40702810038260108627','Московский банк ПАО «Сбербанк»','044525225','30101810400000000225',0,1,'','1037700056470',1);

--
-- Table structure for table `directories`
--

CREATE TABLE `directories` (
  `id` int(11) NOT NULL AUTO_INCREMENT,
  `name` varchar(255) NOT NULL,
  `descr` varchar(255) DEFAULT NULL,
  `alias` varchar(255) DEFAULT NULL,
  `data_type` int(11) NOT NULL,
  `pos` int(11) DEFAULT NULL,
  `site` int(11) NOT NULL,
  PRIMARY KEY (`id`)
) ENGINE=InnoDB AUTO_INCREMENT=31 DEFAULT CHARSET=utf8;

--
-- Dumping data for table `directories`
--

INSERT INTO `directories` VALUES (1,'Категория','','',3,1,1),(2,'Размер рулона','','rollsize',2,2,1),(3,'VLT (ПВС)','VLT (Visible Light Transmission) –  ПВС, процент пропускания видимого света. Чем он больше, тем выше прозрачность пленки. \r\n','vlt',2,3,1),(4,'IR-Cut (ОЭС)','IR-cut (Infrared Rays) – процент отражения инфракрасного излучения.  Этот процент энергии, несущей тепло, отражается и не попадает в помещение.','ir-cut',2,4,1),(5,'TSER','TSER (Total Solar Energy Rejected) - процент отражения общей тепловой энергии солнца (все спектры).','tser',2,5,1),(6,'UV-Cut','UV-Cut (Ultraviolet) - процент отражения ультрафиолетового (УФ) излучения.','uv-cut',2,6,1),(7,'Толщина (мкм)','Толщина пленки в микронах.  1 мм = 1000 мкм (микрон)','depth',2,7,1),(8,'Антицарапный слой','Исключает появление царапин при мытье окон.','anticarsia-layer',1,8,1),(9,'Бренд','','brend',2,13,1),(10,'Производство','','country',2,14,1),(11,'Площадь (м<sup>2</sup>)','','ploshad',2,9,1),(12,'Размер упаковки (см)','','size',2,10,1),(13,'Вес упаковки (кг)','','weight',2,11,1),(14,'Примечание','','text',2,12,1),(15,'Категория','','',3,1,2),(16,'Размер рулона','','rollsize',2,2,2),(17,'VLT (ПВС)','VLT (Visible Light Transmission) –  ПВС, процент пропускания видимого света. Чем он больше, тем выше прозрачность пленки. \r\n','vlt',2,3,2),(18,'IR-Cut (ОЭС)','IR-cut (Infrared Rays) – процент отражения инфракрасного излучения.  Этот процент энергии, несущей тепло, отражается и не попадает в помещение.','ir-cut',2,4,2),(19,'TSER','TSER (Total Solar Energy Rejected) - процент отражения общей тепловой энергии солнца (все спектры).','tser',2,5,2),(20,'UV-Cut','UV-Cut (Ultraviolet) - процент отражения ультрафиолетового (УФ) излучения.','uv-cut',2,6,2),(21,'Толщина (мкм)','Толщина пленки в микронах.  1 мм = 1000 мкм (микрон)','depth',2,7,2),(22,'Антицарапный слой','Исключает появление царапин при мытье окон.','anticarsia-layer',1,8,2),(23,'Бренд','','brend',2,13,2),(24,'Производство','','country',2,14,2),(25,'Площадь (м<sup>2</sup>)','','ploshad',2,9,2),(26,'Размер упаковки (см)','','size',2,10,2),(27,'Вес упаковки (кг)','','weight',2,11,2),(28,'Примечание','','text',2,12,2),(29,'Сохраняет тепло  (C<sup>o</sup>)','','',2,15,1),(30,'Антибликовое покрытие','','',2,16,2);

--
-- Table structure for table `diritems`
--

CREATE TABLE `diritems` (
  `id` int(11) NOT NULL AUTO_INCREMENT,
  `dir_id` int(11) NOT NULL,
  `value` varchar(255) NOT NULL,
  `alias` varchar(255) DEFAULT NULL,
  `additional` varchar(255) DEFAULT NULL,
  `country_id` int(11) DEFAULT NULL,
  `site` int(11) NOT NULL,
  PRIMARY KEY (`id`),
  KEY `FK__directories` (`dir_id`),
  KEY `FK_diritems_directories` (`country_id`),
  CONSTRAINT `FK_diritems_directories` FOREIGN KEY (`country_id`) REFERENCES `diritems` (`id`) ON DELETE SET NULL ON UPDATE SET NULL,
  CONSTRAINT `FK__directories` FOREIGN KEY (`dir_id`) REFERENCES `directories` (`id`) ON DELETE CASCADE ON UPDATE CASCADE
) ENGINE=InnoDB AUTO_INCREMENT=16 DEFAULT CHARSET=utf8;

--
-- Dumping data for table `diritems`
--

INSERT INTO `diritems` VALUES (1,1,'Солнцезащитная','solncezaschitnaya',NULL,NULL,1),(2,1,'Теплоотражающая','teplootrazhauschaya',NULL,NULL,1),(3,1,'Бронирующая','broniruuschaya',NULL,NULL,1),(4,1,'Декоративная','decorativnaya',NULL,NULL,1),(5,8,'Есть',NULL,NULL,NULL,1),(6,8,'Tcnm',NULL,NULL,NULL,1),(7,1,'Энергосберегающая','energy-saving-film',NULL,NULL,1),(8,15,'Солнцезащитная','solncezaschitnaya',NULL,NULL,2),(9,15,'Теплоотражающая','teplootrazhauschaya',NULL,NULL,2),(10,15,'Бронирующая','broniruuschaya',NULL,NULL,2),(11,15,'Декоративная','decorativnaya',NULL,NULL,2),(12,22,'Есть',NULL,NULL,NULL,2),(13,22,'Tcnm',NULL,NULL,NULL,2),(14,15,'Энергосберегающая','energy-saving-film',NULL,NULL,2),(15,15,'Автомобильная','auto',NULL,NULL,2);

--
-- Table structure for table `discounts`
--

CREATE TABLE `discounts` (
  `id` int(11) NOT NULL AUTO_INCREMENT,
  `value` decimal(10,2) DEFAULT NULL,
  `discount` decimal(10,2) DEFAULT NULL,
  `site` int(11) NOT NULL,
  PRIMARY KEY (`id`)
) ENGINE=InnoDB AUTO_INCREMENT=10 DEFAULT CHARSET=latin1;

--
-- Dumping data for table `discounts`
--

INSERT INTO `discounts` VALUES (1,20000.00,5.00,1),(2,40000.00,7.00,1),(3,60000.00,10.00,1),(4,80000.00,13.00,1),(5,100000.00,14.00,1),(6,200000.00,15.00,1),(7,300000.00,16.00,1),(8,400000.00,17.00,1),(9,500000.00,18.00,1);

--
-- Table structure for table `filters`
--

CREATE TABLE `filters` (
  `id` int(11) NOT NULL AUTO_INCREMENT,
  `name` varchar(255) NOT NULL,
  `alias` varchar(255) NOT NULL,
  `title` text,
  `desc` text,
  `keywords` text,
  `params` text NOT NULL,
  PRIMARY KEY (`id`)
) ENGINE=InnoDB DEFAULT CHARSET=utf8;

--
-- Dumping data for table `filters`
--


--
-- Table structure for table `item_images`
--

CREATE TABLE `item_images` (
  `id` int(11) NOT NULL AUTO_INCREMENT,
  `item_id` int(11) NOT NULL,
  `image` varchar(255) NOT NULL,
  `pos` int(11) DEFAULT NULL,
  PRIMARY KEY (`id`),
  KEY `FK_item_images_items` (`item_id`),
  CONSTRAINT `FK_item_images_items` FOREIGN KEY (`item_id`) REFERENCES `items` (`id`) ON DELETE CASCADE ON UPDATE CASCADE
) ENGINE=InnoDB AUTO_INCREMENT=336 DEFAULT CHARSET=utf8;

--
-- Dumping data for table `item_images`
--

INSERT INTO `item_images` VALUES (24,5,'zerkalnaya_plenka_silver_25_-iyh_.jpg',4),(25,5,'zerkalnaya_plenka_silver_25_zgtxr.jpg',3),(26,5,'zerkalnaya_plenka_silver_25__0vv9.jpg',2),(30,3,'zerkalnaya__bronzovaya_plenka__bronza_10_5foa7.jpg',1),(34,8,'zerkalnaya_plenka_gold_15_a39fd.jpg',35),(35,8,'zerkalnaya_plenka_gold_15_2tc5d.jpg',36),(36,8,'zerkalnaya_plenka_gold_15_pw7oc.jpg',37),(37,8,'zerkalnaya_plenka_gold_15_xpkkh.jpeg',38),(38,8,'zerkalnaya_plenka_gold_15_g-viq.jpg',34),(48,13,'zerkalnaya_solntcezaschitnaya_plenka_blue_silver_15_s_509_h_tq698.jpg',49),(49,13,'zerkalnaya_solntcezaschitnaya_plenka_blue_silver_15_s_509_h_1fslz.jpg',50),(50,13,'zerkalnaya_solntcezaschitnaya_plenka_blue_silver_15_s_509_h_s2oql.jpg',48),(51,13,'zerkalnaya_solntcezaschitnaya_plenka_blue_silver_15_s_509_h_udmem.jpg',51),(56,11,'zerkalnaya_sinyaya_solntcezaschitnaya_plenka_blue_5_s_303_9z1jy.jpg',57),(57,11,'zerkalnaya_sinyaya_solntcezaschitnaya_plenka_blue_5_s_303_uv6na.jpg',58),(58,11,'zerkalnaya_sinyaya_solntcezaschitnaya_plenka_blue_5_s_303_zzsap.jpg',59),(59,11,'zerkalnaya_sinyaya_solntcezaschitnaya_plenka_blue_5_s_303_v7u49.jpg',56),(106,19,'dekorativnaya_belaya_matovaya_plenka_white_matt_r_cds.jpg',106),(108,20,'dekorativnaya_belaya_matovaya_plenka_pvc_k5vhc.jpg',108),(109,20,'dekorativnaya_belaya_matovaya_plenka_pvc_rqogo.jpg',109),(110,21,'dekorativnaya_poluprozrachnaya_polosa_10_gcers.jpg',111),(111,21,'dekorativnaya_poluprozrachnaya_polosa_10_e862k.jpg',110),(112,22,'dekorativnaya_polosa_30_ln_0b.jpg',113),(113,22,'dekorativnaya_polosa_30_mlwj9.jpeg',112),(114,23,'dekorativnaya_poluprozrachnaya_polosa_35_qsffm.jpg',114),(115,23,'dekorativnaya_poluprozrachnaya_polosa_35_wf2_j.jpg',115),(118,25,'dekorativnij_poluprozrachnij_kvadrat_45h45_jf5g2.jpg',119),(119,25,'dekorativnij_poluprozrachnij_kvadrat_45h45_ghq9w.jpg',118),(138,35,'dekorativnaya_polosa_10_qag_a.jpg',138),(139,35,'dekorativnaya_polosa_10_iqhcj.jpg',139),(140,36,'dekorativnaya_polosa_4_bll4o.jpg',140),(141,36,'dekorativnaya_polosa_4_fnjbx.jpg',141),(159,46,'dekorativnaya_plenka_tcveti_zolotie_-awgi.jpg',159),(160,46,'dekorativnaya_plenka_tcveti_zolotie_xwt_s.jpg',160),(173,5,'zerkalnaya_plenka_silver_25_xhrif.png',1),(188,50,'broniruyuschaya_plenka_100_mkm_4_mil_map0i.png',188),(189,52,'broniruyuschaya_plenka_100_mkm_shirokij_rulon_182_m_or2jd.png',189),(206,191,'ultrablock_silver_5_zerkalnaya_solntcezaschitnaya_plenka_022qv.png',202),(207,192,'ndfos_silver_5_zerkalnaya_solntcezaschitnaya_plenka_3skbl.png',203),(208,193,'nexfil_silver_5_zerkalnaya_solnezaschitnaya_plenka_t4qcz.png',204),(209,277,'ultrablock_silver_15_zerkalnaya_solntcezaschitnaya_plenka_skh3x.jpg',205),(211,244,'ndfos__silver_35_zerkalnaya_solntcezaschitnaya_plenka_tl3mq.png',207),(212,279,'avtomobilnaya_plenka_charcoal_5__ugol_metall_ebrhu.jpg',208),(213,279,'avtomobilnaya_plenka_charcoal_5__ugol_metall_mcvyb.jpg',209),(214,280,'avtomobilnaya_plenka_charcoal_15_chernaya_orlbj.jpg',210),(215,280,'avtomobilnaya_plenka_charcoal_15_chernaya_ziput.jpg',211),(217,281,'avtomobilnaya_plenka_charcoal_20_chernaya_yteae.jpg',212),(218,282,'avtomobilnaya_plenka_charcoal_35_chernaya__1wn-.jpeg',213),(224,288,'ndfos_silver_15_zerkalnaya_solntcezaschitnaya_plenka_knuit.jpg',218),(225,288,'ndfos_silver_15_zerkalnaya_solntcezaschitnaya_plenka_hpg62.jpg',219),(227,289,'ndfos_silver_50_zerkalnaya_solntcezaschitnaya_plenka_4amcl.jpg',221),(229,244,'ndfos__silver_35_zerkalnaya_solntcezaschitnaya_plenka_i8uko.jpg',223),(231,290,'whiteout_belaya_neprozrachnaya__ndfos_uknq5.png',225),(233,290,'whiteout_belaya_neprozrachnaya__ndfos_o_mvi.jpeg',226),(234,244,'ndfos__silver_35_zerkalnaya_solntcezaschitnaya_plenka_ktyzb.jpeg',227),(235,289,'ndfos_silver_50_zerkalnaya_solntcezaschitnaya_plenka_kmyd-.jpeg',228),(236,292,'ndfos_sputter_silver_35_zerkalnaya_solntcezaschitnaya_plenka_9vyky.jpeg',229),(238,293,'dfos_sputter_silver_bronze_15_zerkalnaya_solntcezaschitnaya_plenka_w3ihc.jpeg',230),(239,294,'dfos_sputter_solar_bronze_20_zerkalnaya_solntcezaschitnaya_plenka_pm22d.jpeg',231),(240,295,'dfos_sputter_silver_blue_15_zerkalnaya_solntcezaschitnaya_plenka_tvzmf.jpeg',232),(241,296,'dfos_sputter_silver_gold_15_zerkalnaya_solntcezaschitnaya_plenka_y0hmb.jpeg',233),(242,279,'avtomobilnaya_plenka_charcoal_5_chernaya_jajpv.jpeg',234),(243,280,'avtomobilnaya_plenka_charcoal_15_chernaya_vi0e4.jpeg',235),(244,281,'avtomobilnaya_plenka_charcoal_20_chernaya_fxhkf.jpeg',236),(245,282,'avtomobilnaya_plenka_charcoal_35_chernaya_xumc4.jpeg',237),(246,297,'ndfos_blackout_chernaya_neprozrachnaya_lk5jr.jpeg',238),(247,298,'ndfos_dekorativnij_belij_kvadrat_36h36__cywl9.jpeg',239),(248,299,'ndfos_dekorativnaya_plenka_pautinka_6wpcz.jpeg',240),(249,300,'ndfos_dekorativnaya_belaya_polosa_4_mm_ftstc.jpeg',241),(250,301,'ndfos_dekorativnaya_belaya_polosa_10_mm_6ohrs.jpeg',242),(251,302,'ndfos__serebryanaya_matovaya_plenka_silver_matte_2ooil.jpeg',243),(252,303,'solntcezaschitnaya_plenka_bronze_15_ultrablock_bmuic.jpg',244),(253,303,'solntcezaschitnaya_plenka_bronze_15_ultrablock_jt7qt.jpg',245),(258,3,'bronze_10_zerkalnaya_bronzovaya_plenka_na_okna_8kmsf.jpg',2),(259,3,'bronze_10_zerkalnaya_bronzovaya_plenka_na_okna_bxu1o.jpg',3),(260,3,'bronze_10_zerkalnaya_bronzovaya_plenka_na_okna_dmnnd.jpg',5),(261,235,'solntcezaschitnaya_plenka_bronze_35_ultrablock_ivr3l.jpg',252),(262,235,'solntcezaschitnaya_plenka_bronze_35_ultrablock_t3mbx.jpg',253),(265,197,'zerkalnaya_plenka_bronze_silver_10_s_713_h_ultrablock_71tal.jpg',256),(266,197,'zerkalnaya_plenka_bronze_silver_10_s_713_h_ultrablock_p4ruv.jpg',257),(267,198,'zerkalnaya_sinyaya_solntcezaschitnaya_plenka_blue_5_s_303_ultrablock_6ak7e.jpg',258),(268,196,'zerkalnaya_plenka_gold_15_ultrablock_mkc4x.jpg',259),(270,199,'_zelenaya_solntcezaschitnaya_plenka_green_5_ultrablock_kk83u.jpg',261),(271,304,'zerkalnaya_solntcezaschitnaya_plenka_s_506_h_zolotaya_serebro_ultrablock_q6rkc.jpg',262),(272,304,'zerkalnaya_solntcezaschitnaya_plenka_s_506_h_zolotaya_serebro_ultrablock_ygc6s.jpg',263),(273,305,'zerkalnaya_solntcezaschitnaya_plenka_s_508_h_zelenaya_serebro_ultrablock_slrty.jpg',264),(274,306,'zerkalnaya_solntcezaschitnaya_plenka__seraya_serebro_s_920_h__ultrablock_olfif.jpg',265),(275,307,'ndfos_premium_ir_6070__energosberegayuschaya_solntcezaschitnaya_plenka_zelenovataya_k-rey.jpg',266),(276,308,'ndfos_premium_ir_6560_blue_energosberegayuschaya_solntcezaschitnaya_plenka_golubaya_yizva.jpg',267),(277,309,'ndfos_premium_ir_6560_green__energosberegayuschaya_solntcezaschitnaya_plenka_zelenaya_z_9tq.jpg',268),(278,310,'ndfos_hp_neutral_20_toniruyuschaya_solntcezaschitnaya_plenka_wgcp_.jpg',269),(279,311,'ndfos_hp_neutral_35_toniruyuschaya_solntcezaschitnaya_plenka_7qndm.jpg',270),(280,312,'avtomobilnaya_energosberegayuschaya_plenka_premium_ir_80_gost_rzry2.jpg',271),(281,312,'avtomobilnaya_energosberegayuschaya_plenka_premium_ir_80_gost_k0cv4.jpg',272),(282,313,'avtomobilnaya_energosberegayuschaya_plenka_hp_75_blue_gost_g-rmg.jpg',273),(283,313,'avtomobilnaya_energosberegayuschaya_plenka_hp_75_blue_gost_hb20j.jpg',274),(286,314,'ultrablock_silver_40_zerkalnaya_solntcezaschitnaya_plenka_vd263.jpg',277),(287,314,'ultrablock_silver_40_zerkalnaya_solntcezaschitnaya_plenka_eweco.jpg',278),(288,315,'bronze_10_zerkalnaya_bronzovaya_plenka_na_okna_siuya.png',279),(289,315,'bronze_10_zerkalnaya_bronzovaya_plenka_na_okna_tugxk.jpg',280),(290,315,'bronze_10_zerkalnaya_bronzovaya_plenka_na_okna_nurrm.jpg',281),(291,315,'bronze_10_zerkalnaya_bronzovaya_plenka_na_okna_8l5c-.jpg',282),(292,50,'broniruyuschaya_plenka_100_mikron_4_mil_fnsm2.png',283),(300,3,'bronze_10_zerkalnaya_bronzovaya_plenka_na_okna_hu4sq.png',6),(301,79,'ircut_7060_energosberegayuschaya_prozrachnaya_plenka_ywtgc.png',289),(302,80,'ircut_7080_energosberegayuschaya_prozrachnaya_plenka_u8cwq.png',290),(303,4,'ircut_7060_teplootrazhayuschaya_prozrachnaya_solntcezaschitnaya_plenka__v59be.png',291),(304,49,'ircut_7080_teplootrazhayuschaya_prozrachnaya_solntcezaschitnaya_plenka__rnk5q.png',292),(306,2,'silver_25_zerkalnaya_solntcezaschitnaya_plenka_nsofc.png',1),(310,318,'serebryannaya_matovaya_plenka_tbf2b.png',297),(313,80,'ircut_7080_energosberegayuschaya_prozrachnaya_plenka_0rvmi.png',299),(314,1,'_silver_5_zerkalnaya_solntcezaschitnaya_plenka_gzaiw.png',300),(315,1,'_silver_5_zerkalnaya_solntcezaschitnaya_plenka_ssdns.png',301),(320,2,'silver_25_zerkalnaya_solntcezaschitnaya_plenka_7kuwk.png',3),(321,2,'silver_25_zerkalnaya_solntcezaschitnaya_plenka_uu-cc.png',2),(322,3,'bronze_10_zerkalnaya_bronzovaya_plenka_na_okna_iqf_v.jpg',4),(323,3,'bronze_10_zerkalnaya_bronzovaya_plenka_na_okna_la7z8.jpg',303),(331,1,'_silver_5_zerkalnaya_solntcezaschitnaya_plenka_qips4.jpg',306),(332,51,'broniruyuschaya_plenka__360_mkm_rx2r-.png',307),(333,53,'broniruyuschaya_plenka_160_mkm_s_teplootrazhayuschim_sloem_07l6y.png',308),(335,316,'gold_silver_solntcezaschitnaya_plenka_b9zmv.png',309);

--
-- Table structure for table `item_params`
--

CREATE TABLE `item_params` (
  `item_id` int(11) NOT NULL,
  `dir_id` int(11) DEFAULT NULL,
  `diritem_id` int(11) DEFAULT NULL,
  `value` varchar(255) DEFAULT NULL,
  KEY `FK_item_params_items` (`item_id`),
  KEY `FK_item_params_directories` (`dir_id`),
  KEY `FK_item_params_diritems` (`diritem_id`),
  CONSTRAINT `FK_item_params_directories` FOREIGN KEY (`dir_id`) REFERENCES `directories` (`id`) ON DELETE CASCADE ON UPDATE CASCADE,
  CONSTRAINT `FK_item_params_diritems` FOREIGN KEY (`diritem_id`) REFERENCES `diritems` (`id`) ON DELETE CASCADE ON UPDATE CASCADE,
  CONSTRAINT `FK_item_params_items` FOREIGN KEY (`item_id`) REFERENCES `items` (`id`) ON DELETE CASCADE ON UPDATE CASCADE
) ENGINE=InnoDB DEFAULT CHARSET=utf8;

--
-- Dumping data for table `item_params`
--

INSERT INTO `item_params` VALUES (4,2,NULL,'1,52х30'),(4,3,NULL,'72'),(4,4,NULL,'66'),(4,5,NULL,'53'),(4,6,NULL,'99'),(4,7,NULL,'38,1'),(4,8,5,NULL),(4,9,NULL,'Solarblock'),(4,10,NULL,'Юж. Корея'),(4,11,NULL,'45'),(4,12,NULL,'159х14х13'),(4,13,NULL,'6,5'),(192,16,NULL,'1,52х30'),(192,17,NULL,'6'),(192,18,NULL,'94'),(192,20,NULL,'99'),(192,21,NULL,'38,1'),(192,22,12,NULL),(192,23,NULL,'NDFOS'),(192,24,NULL,'Юж. Корея'),(192,25,NULL,'45'),(192,26,NULL,'160х14х14'),(192,27,NULL,'7'),(193,16,NULL,'1,52х30'),(193,17,NULL,'6'),(193,18,NULL,'94'),(193,20,NULL,'99'),(193,21,NULL,'38,1'),(193,22,12,NULL),(193,23,NULL,'Nexfil'),(193,24,NULL,'Юж. Корея'),(193,25,NULL,'45'),(193,26,NULL,'160х14х14'),(193,27,NULL,'7'),(277,16,NULL,'1,52х30'),(277,17,NULL,'7'),(277,18,NULL,'93'),(277,20,NULL,'99'),(277,21,NULL,'38,1'),(277,22,12,NULL),(277,23,NULL,'Ultrabock'),(277,24,NULL,'Юж. Корея'),(277,25,NULL,'45'),(277,26,NULL,'160х14х14'),(277,27,NULL,'7'),(208,16,NULL,'1,52х30'),(208,23,NULL,'ultrablock'),(208,24,NULL,'Тайвань'),(208,25,NULL,'45'),(208,26,NULL,'160х14х14'),(208,27,NULL,'7'),(208,28,NULL,'Полупрозрачная полоска '),(206,16,NULL,'1,52х30'),(206,23,NULL,'Solarblock'),(206,24,NULL,'Юж. Корея'),(206,25,NULL,'45'),(206,26,NULL,'160х14х14'),(206,27,NULL,'7'),(206,28,NULL,'Плотная матовая пленка'),(210,16,NULL,'1,52х30'),(210,23,NULL,'Ultrablock'),(210,24,NULL,'Тайвань'),(210,25,NULL,'45'),(210,26,NULL,'160х14х14'),(210,27,NULL,'7'),(210,28,NULL,'Полупрозрачная матовая'),(209,16,NULL,'1,52х30'),(209,23,NULL,'ultrablock'),(209,24,NULL,'Тайвань'),(209,25,NULL,'45'),(209,26,NULL,'160х14х14'),(209,27,NULL,'7'),(209,28,NULL,'Глянцевая полоска'),(211,16,NULL,'1,52х30'),(211,23,NULL,'Ultrablock'),(211,24,NULL,'тайвань'),(211,25,NULL,'45'),(211,26,NULL,'160х14х14'),(211,27,NULL,'7'),(212,16,NULL,'1,52х30'),(212,23,NULL,'ultrablock'),(212,24,NULL,'Тайвань'),(212,25,NULL,'45'),(212,26,NULL,'160х14х14'),(212,27,NULL,'7'),(212,28,NULL,'Полупрозрачный квадрат'),(213,16,NULL,'1,52х30'),(213,23,NULL,'ultrablock'),(213,24,NULL,'тайвань'),(213,25,NULL,'45'),(213,26,NULL,'160х14х14'),(213,27,NULL,'7'),(214,16,NULL,'1,52х30'),(214,23,NULL,'ultrablock'),(214,24,NULL,'тайвань'),(214,25,NULL,'45'),(214,26,NULL,'160х14х14'),(214,27,NULL,'7'),(216,16,NULL,'1,52х30'),(216,23,NULL,'Ultrablock'),(216,24,NULL,'Тайвань'),(216,25,NULL,'45'),(216,26,NULL,'160х14х14'),(216,27,NULL,'7'),(222,16,NULL,'1,52х30'),(222,23,NULL,'ultrablock'),(222,24,NULL,'Тайвань'),(222,25,NULL,'45'),(222,26,NULL,'160х14х14'),(222,27,NULL,'7'),(222,28,NULL,'Глянцевая полоска'),(223,16,NULL,'1,52х30'),(223,23,NULL,'ultrablock'),(223,24,NULL,'тайвань'),(223,25,NULL,'45'),(223,26,NULL,'160х14х14'),(223,27,NULL,'7'),(224,16,NULL,'1,52х30'),(224,23,NULL,'ultrablock'),(224,24,NULL,'тайвань'),(224,25,NULL,'45'),(224,26,NULL,'160х14х14'),(224,27,NULL,'7'),(225,16,NULL,'1,52х30'),(225,23,NULL,'Ultrablock'),(225,24,NULL,'Тайвань'),(225,25,NULL,'45'),(225,26,NULL,'160х14х14'),(225,27,NULL,'7'),(231,16,NULL,'1,23х30'),(231,23,NULL,'Ultrablock'),(231,24,NULL,'тайвань'),(231,25,NULL,'37'),(231,26,NULL,'130х14х14'),(231,27,NULL,'6'),(230,16,NULL,'1,23х30'),(230,23,NULL,'ultrablock'),(230,24,NULL,'Тайвань'),(230,25,NULL,'37'),(230,26,NULL,'130х14х14'),(230,27,NULL,'7'),(233,16,NULL,'1,52х30'),(233,23,NULL,'Ultrablock'),(233,24,NULL,'Тайвань'),(233,25,NULL,'45'),(233,26,NULL,'160х14х14'),(233,27,NULL,'7'),(242,16,NULL,'1,52х30'),(242,23,NULL,'ultrablock'),(242,24,NULL,'Тайвань'),(242,25,NULL,'45'),(242,26,NULL,'160х14х14'),(242,27,NULL,'7'),(288,16,NULL,'1,52х30'),(288,17,NULL,'14'),(288,18,NULL,'80'),(288,20,NULL,'99'),(288,21,NULL,'38,1'),(288,22,12,NULL),(288,23,NULL,'NDFOS'),(288,24,NULL,'Юж. Корея'),(288,25,NULL,'45'),(288,26,NULL,'160х14х14'),(288,27,NULL,'7'),(207,16,NULL,'1,52х30'),(207,22,12,NULL),(207,23,NULL,'Ultrablock'),(207,24,NULL,'Тайвань'),(207,25,NULL,'45'),(207,26,NULL,'160х14х14'),(207,27,NULL,'7'),(207,28,NULL,'на бумажной основе'),(286,16,NULL,'1,23х30'),(286,25,NULL,'45'),(286,26,NULL,'160х14х14'),(286,27,NULL,'7'),(241,16,NULL,'1,52х30'),(241,23,NULL,'Ultrablock'),(241,24,NULL,'Тайвань'),(241,25,NULL,'45'),(241,26,NULL,'160х14х14'),(241,27,NULL,'7'),(290,16,NULL,'1,52х30'),(290,18,NULL,'72'),(290,20,NULL,'99'),(290,23,NULL,'NDFOS'),(290,24,NULL,'Юж. Корея'),(290,25,NULL,'45'),(290,26,NULL,'160х14х14'),(290,27,NULL,'7'),(244,16,NULL,'1,52х30'),(244,17,NULL,'23'),(244,18,NULL,'45'),(244,21,NULL,'38,1'),(244,23,NULL,'NDFOS'),(244,24,NULL,'Юж. Корея'),(244,25,NULL,'45'),(244,26,NULL,'160х14х14'),(244,27,NULL,'7'),(289,16,NULL,'1,52х30'),(289,17,NULL,'33'),(289,18,NULL,'56'),(289,20,NULL,'99'),(289,21,NULL,'38,1'),(289,22,12,NULL),(289,23,NULL,'NDFOS'),(289,24,NULL,'Юж. Корея'),(289,25,NULL,'45'),(289,26,NULL,'160х14х14'),(289,27,NULL,'7'),(292,16,NULL,'1,52х30'),(292,17,NULL,'36'),(292,18,NULL,'67'),(292,20,NULL,'99'),(292,21,NULL,'38,1'),(292,22,12,NULL),(292,23,NULL,'NDFOS'),(292,24,NULL,'Юж. Корея'),(292,25,NULL,'45'),(292,26,NULL,'160х14х14'),(292,27,NULL,'7'),(293,16,NULL,'1,52х30'),(293,17,NULL,'12'),(293,18,NULL,'64,8'),(293,20,NULL,'99'),(293,21,NULL,'38,1'),(293,22,12,NULL),(293,23,NULL,'NDFOS'),(293,24,NULL,'Юж. Корея'),(293,25,NULL,'45'),(293,26,NULL,'160х14х14'),(293,27,NULL,'7'),(295,16,NULL,'1,52х30'),(295,17,NULL,'17'),(295,18,NULL,'60'),(295,20,NULL,'99'),(295,21,NULL,'38,1'),(295,22,12,NULL),(295,23,NULL,'NDFOS'),(295,24,NULL,'Юж. Корея'),(295,25,NULL,'45'),(295,26,NULL,'160х14х14'),(295,27,NULL,'7'),(296,16,NULL,'1,52х30'),(296,17,NULL,'18'),(296,18,NULL,'64'),(296,20,NULL,'99'),(296,21,NULL,'38,1'),(296,22,12,NULL),(296,23,NULL,'NDFOS'),(296,24,NULL,'Юж. Корея'),(296,25,NULL,'45'),(296,26,NULL,'160х14х14'),(296,27,NULL,'7'),(297,16,NULL,'1,52х30'),(297,17,NULL,'0%'),(297,18,NULL,'82%'),(297,20,NULL,'99'),(297,21,NULL,'38,1'),(297,22,12,NULL),(297,23,NULL,'NDFOS'),(297,24,NULL,'Юж. Корея'),(297,25,NULL,'45'),(297,26,NULL,'160х14х14'),(297,27,NULL,'7'),(298,16,NULL,'1,52х30'),(298,21,NULL,'38,1'),(298,22,12,NULL),(298,23,NULL,'NDFOS'),(298,24,NULL,'Юж. Корея'),(298,25,NULL,'45'),(298,26,NULL,'160х14х14'),(298,27,NULL,'7'),(299,16,NULL,'1,52х30'),(299,21,NULL,'38,1'),(299,22,12,NULL),(299,23,NULL,'NDFOS'),(299,24,NULL,'Юж. Корея'),(299,25,NULL,'45'),(299,26,NULL,'160х14х14'),(299,27,NULL,'7'),(300,16,NULL,'1,52х30'),(300,21,NULL,'38,1'),(300,22,12,NULL),(300,23,NULL,'NDFOS'),(300,24,NULL,'Юж. Корея'),(300,25,NULL,'45'),(300,26,NULL,'160х14х14'),(300,27,NULL,'7'),(301,16,NULL,'1,52х30'),(301,21,NULL,'38,1'),(301,22,12,NULL),(301,23,NULL,'NDFOS'),(301,24,NULL,'Юж. Корея'),(301,25,NULL,'45'),(301,26,NULL,'160х14х14'),(301,27,NULL,'7'),(302,16,NULL,'1,52х30'),(302,21,NULL,'38,1'),(302,22,12,NULL),(302,23,NULL,'NDFOS'),(302,24,NULL,'Юж. Корея'),(302,25,NULL,'45'),(302,26,NULL,'160х14х14'),(302,27,NULL,'7'),(303,16,NULL,'1,52х30'),(303,17,NULL,'16'),(303,18,NULL,'63'),(303,20,NULL,'99'),(303,21,NULL,'38,1'),(303,22,12,NULL),(303,23,NULL,'Ultrablock'),(303,24,NULL,'Тайвань'),(303,25,NULL,'45'),(303,26,NULL,'160х14х14'),(303,27,NULL,'7'),(3,2,NULL,'1,52х30'),(3,3,NULL,'12'),(3,4,NULL,'79'),(3,5,NULL,'76'),(3,6,NULL,'99'),(3,7,NULL,'50,8'),(3,8,5,NULL),(3,9,NULL,'Solarblock'),(3,10,NULL,'Юж. Корея'),(3,11,NULL,'45'),(3,12,NULL,'159х14х13'),(3,13,NULL,'7'),(3,14,NULL,'с наружи пленка имеет бронзовый цвет; изнутри зеркало с бронзовым оттенком.'),(235,16,NULL,'1,52х30'),(235,17,NULL,'37'),(235,18,NULL,'46'),(235,20,NULL,'99'),(235,21,NULL,'38,1'),(235,22,12,NULL),(235,23,NULL,'Ultrablock'),(235,24,NULL,'Тайвань'),(235,25,NULL,'45'),(235,26,NULL,'160х14х14'),(235,27,NULL,'7'),(197,16,NULL,'1,52х30'),(197,17,NULL,'10'),(197,18,NULL,'81'),(197,20,NULL,'99'),(197,21,NULL,'38,1'),(197,22,12,NULL),(197,23,NULL,'Ultrablock'),(197,24,NULL,'Тайвань'),(197,25,NULL,'45'),(197,26,NULL,'160х14х14'),(197,27,NULL,'7'),(196,16,NULL,'1,52х30'),(196,17,NULL,'27'),(196,18,NULL,'72'),(196,20,NULL,'99'),(196,21,NULL,'38,1'),(196,22,12,NULL),(196,23,NULL,'Ultrablock'),(196,24,NULL,'Тайвань'),(196,25,NULL,'45'),(196,26,NULL,'160х14х14'),(196,27,NULL,'7'),(200,16,NULL,'1,52х30'),(200,17,NULL,'15'),(200,18,NULL,'80'),(200,20,NULL,'99'),(200,21,NULL,'38,1'),(200,22,12,NULL),(200,23,NULL,'Ultrablock'),(200,24,NULL,'Тайвань'),(200,25,NULL,'45'),(200,26,NULL,'160х14х14'),(200,27,NULL,'7'),(199,16,NULL,'1,52х30'),(199,17,NULL,'5'),(199,18,NULL,'81'),(199,20,NULL,'99'),(199,21,NULL,'38,1'),(199,22,12,NULL),(199,23,NULL,'Ultrablock'),(199,24,NULL,'Тайвань'),(199,25,NULL,'45'),(199,26,NULL,'160х14х14'),(199,27,NULL,'7'),(304,16,NULL,'1,52х30'),(304,17,NULL,'27'),(304,18,NULL,'72'),(304,20,NULL,'99'),(304,21,NULL,'38,1'),(304,22,12,NULL),(304,23,NULL,'Ultrablock'),(304,24,NULL,'Тайвань'),(304,25,NULL,'45'),(304,26,NULL,'160х14х14'),(304,27,NULL,'7'),(305,16,NULL,'1,52х30'),(305,17,NULL,'16'),(305,18,NULL,'73'),(305,20,NULL,'99'),(305,21,NULL,'38,1'),(305,22,12,NULL),(305,23,NULL,'Ultrablock'),(305,24,NULL,'Тайвань'),(305,25,NULL,'45'),(305,26,NULL,'160х14х14'),(305,27,NULL,'7'),(306,16,NULL,'1,52х30'),(306,17,NULL,'7'),(306,18,NULL,'80'),(306,20,NULL,'99'),(306,21,NULL,'38,1'),(306,22,12,NULL),(306,23,NULL,'Ultrablock'),(306,24,NULL,'Юж. Корея'),(306,25,NULL,'45'),(306,26,NULL,'160х14х14'),(306,27,NULL,'7'),(311,16,NULL,'1,52х30'),(311,17,NULL,'35'),(311,20,NULL,'99'),(311,21,NULL,'38,1'),(311,22,12,NULL),(311,23,NULL,'NDFOS'),(311,24,NULL,'Юж. Корея'),(311,25,NULL,'45'),(311,26,NULL,'160х14х14'),(311,27,NULL,'7'),(310,16,NULL,'1,52х30'),(310,17,NULL,'21'),(310,20,NULL,'99'),(310,21,NULL,'38,1'),(310,22,12,NULL),(310,23,NULL,'NDFOS'),(310,24,NULL,'Юж. Корея'),(310,25,NULL,'45'),(310,26,NULL,'160х14х14'),(310,27,NULL,'7'),(278,16,NULL,'1,52х30'),(278,17,NULL,'29'),(278,18,NULL,'72'),(278,20,NULL,'99'),(278,21,NULL,'38,1'),(278,22,12,NULL),(278,23,NULL,'Solarblock'),(278,24,NULL,'Юж. Корея'),(278,25,NULL,'45'),(278,26,NULL,'160х14х14'),(278,27,NULL,'7'),(314,16,NULL,'1,52х30'),(314,17,NULL,'62'),(314,18,NULL,'42'),(314,20,NULL,'99'),(314,21,NULL,'38,1'),(314,22,12,NULL),(314,23,NULL,'Ultrablock'),(314,24,NULL,'Тайвань'),(314,25,NULL,'45'),(314,26,NULL,'160х14х14'),(314,27,NULL,'7'),(191,16,NULL,'1,52х30'),(191,17,NULL,'7'),(191,18,NULL,'93'),(191,20,NULL,'99'),(191,21,NULL,'38,1'),(191,22,12,NULL),(191,23,NULL,'Solarblock'),(191,24,NULL,'Юж. Корея'),(191,25,NULL,'45'),(191,26,NULL,'159х14х13'),(191,27,NULL,'6,5'),(315,16,NULL,'1,52х30'),(315,17,NULL,'12'),(315,18,NULL,'79'),(315,20,NULL,'99'),(315,21,NULL,'38,1'),(315,22,12,NULL),(315,23,NULL,'Solarblock'),(315,24,NULL,'Юж. Корея'),(315,25,NULL,'45'),(315,26,NULL,'160х14х14'),(315,27,NULL,'7'),(198,16,NULL,'1,52х30'),(198,17,NULL,'5'),(198,18,NULL,'81'),(198,20,NULL,'99'),(198,21,NULL,'38,1'),(198,22,12,NULL),(198,23,NULL,'Ultrablock'),(198,24,NULL,'Тайвань'),(198,25,NULL,'45'),(198,26,NULL,'160х14х14'),(198,27,NULL,'7'),(294,16,NULL,'1,52х30'),(294,17,NULL,'22'),(294,18,NULL,'77'),(294,20,NULL,'99'),(294,21,NULL,'38,1'),(294,22,12,NULL),(294,23,NULL,'NDFOS'),(294,24,NULL,'Юж. Корея'),(294,25,NULL,'45'),(294,26,NULL,'160х14х14'),(294,27,NULL,'7'),(307,16,NULL,'1,52х30'),(307,17,NULL,'71'),(307,18,NULL,'52'),(307,20,NULL,'99'),(307,21,NULL,'38,1'),(307,22,12,NULL),(307,23,NULL,'NDFOS'),(307,24,NULL,'Юж. Корея'),(307,25,NULL,'45'),(307,26,NULL,'160х14х14'),(307,27,NULL,'7'),(308,16,NULL,'1,52х30'),(308,17,NULL,'54'),(308,18,NULL,'53'),(308,20,NULL,'99'),(308,21,NULL,'38,1'),(308,22,12,NULL),(308,23,NULL,'NDFOS'),(308,24,NULL,'Юж. Корея'),(308,25,NULL,'45'),(308,26,NULL,'160х14х14'),(308,27,NULL,'7'),(309,16,NULL,'1,52х30'),(309,17,NULL,'54'),(309,18,NULL,'53'),(309,20,NULL,'99'),(309,21,NULL,'38,1'),(309,22,12,NULL),(309,23,NULL,'NDFOS'),(309,24,NULL,'Юж. Корея'),(309,25,NULL,'45'),(309,26,NULL,'160х14х14'),(309,27,NULL,'7'),(236,16,NULL,'1,52х30'),(236,17,NULL,'72'),(236,18,NULL,'80'),(236,20,NULL,'99'),(236,21,NULL,'38,1'),(236,22,12,NULL),(236,23,NULL,'Solarblock'),(236,24,NULL,'Юж. Корея'),(236,25,NULL,'45'),(236,26,NULL,'160х14х14'),(236,27,NULL,'7'),(194,16,NULL,'1,52х30'),(194,17,NULL,'72'),(194,18,NULL,'66'),(194,20,NULL,'99'),(194,21,NULL,'38,1'),(194,22,12,NULL),(194,23,NULL,'Solarblock'),(194,24,NULL,'Юж. Корея'),(194,25,NULL,'45'),(194,26,NULL,'160х14х14'),(194,27,NULL,'7'),(312,16,NULL,'1,52х30'),(312,20,NULL,'99'),(312,22,12,NULL),(312,23,NULL,'NDFOS'),(312,24,NULL,'Юж. Корея'),(312,25,NULL,'45'),(312,26,NULL,'160х14х14'),(312,27,NULL,'7'),(313,16,NULL,'купить авто пленкку, купить пленку на автомобиль'),(313,20,NULL,'99'),(313,22,12,NULL),(313,23,NULL,'NDFOS'),(313,24,NULL,'Юж. Корея'),(313,25,NULL,'45'),(313,26,NULL,'160х14х14'),(313,27,NULL,'7'),(282,16,NULL,'1,52х30'),(282,17,NULL,'35'),(282,18,NULL,'30'),(282,20,NULL,'99'),(282,23,NULL,'NDFOS'),(282,24,NULL,'Юж. Корея'),(282,25,NULL,'45'),(282,26,NULL,'160х14х14'),(282,27,NULL,'7'),(282,30,NULL,'Есть'),(281,16,NULL,'1,52х30'),(281,17,NULL,'20'),(281,18,NULL,'30'),(281,20,NULL,'99'),(281,23,NULL,'NDFOS'),(281,24,NULL,'Юж. Корея'),(281,25,NULL,'45'),(281,26,NULL,'160х14х14'),(281,27,NULL,'7'),(281,30,NULL,'Есть'),(280,16,NULL,'1,52х30'),(280,17,NULL,'15'),(280,18,NULL,'30'),(280,20,NULL,'99'),(280,23,NULL,'NDFOS'),(280,24,NULL,'Юж. Корея'),(280,25,NULL,'45'),(280,26,NULL,'160х1х14'),(280,27,NULL,'7'),(280,30,NULL,'Есть'),(279,16,NULL,'1,52х30'),(279,17,NULL,'5'),(279,18,NULL,'30'),(279,20,NULL,'99'),(279,23,NULL,'NDFOS'),(279,24,NULL,'Юж. Корея'),(279,25,NULL,'45'),(279,26,NULL,'160х14х14'),(279,27,NULL,'7'),(279,30,NULL,'Есть'),(287,2,NULL,'1,52х30'),(287,3,NULL,'49'),(287,4,NULL,'48'),(287,6,NULL,'99'),(287,7,NULL,'38,1'),(287,8,5,NULL),(287,9,NULL,'Solarblock'),(287,10,NULL,'Юж. Корея'),(287,11,NULL,'45'),(287,12,NULL,'160х14х14'),(287,13,NULL,'7'),(13,2,NULL,'1,52х30'),(13,3,NULL,'15'),(13,4,NULL,'80'),(13,5,NULL,'67'),(13,6,NULL,'99'),(13,7,NULL,'42'),(13,8,5,NULL),(13,9,NULL,'solarblock'),(13,10,NULL,'юж. Корея'),(13,11,NULL,'45'),(13,12,NULL,'160х14х14'),(13,13,NULL,'7'),(317,2,NULL,'1,52х30'),(317,3,NULL,'56'),(317,4,NULL,'45'),(317,6,NULL,'99'),(317,7,NULL,'127'),(317,8,5,NULL),(317,9,NULL,'Solarblock'),(317,10,NULL,'Юж. Корея'),(317,11,NULL,'45'),(317,12,NULL,'160х14х14'),(317,13,NULL,'12,5'),(50,2,NULL,'1,52х30'),(50,6,NULL,'99'),(50,7,NULL,'134'),(50,8,5,NULL),(50,9,NULL,'Solarblock'),(50,10,NULL,'Юж. Корея'),(50,11,NULL,'45'),(50,12,NULL,'159х14х13'),(50,13,NULL,'11'),(51,2,NULL,'1,52х30'),(51,6,NULL,'99'),(51,7,NULL,'360'),(51,8,5,NULL),(51,9,NULL,'Solarblock'),(51,10,NULL,'Юж. Корея'),(51,11,NULL,'45'),(51,12,NULL,'162х30х32'),(51,13,NULL,'31'),(52,2,NULL,'1,82х30'),(52,6,NULL,'99'),(52,7,NULL,'134'),(52,8,5,NULL),(52,9,NULL,'Solarblock'),(52,10,NULL,'Юж. Корея'),(52,11,NULL,'54.6'),(52,12,NULL,'192х14х13'),(52,13,NULL,'12,2'),(283,2,NULL,'1,52х30'),(283,7,NULL,'196'),(283,8,5,NULL),(283,9,NULL,'Solarblock'),(283,10,NULL,'Юж. Корея'),(283,11,NULL,'45'),(283,12,NULL,'160 х 18 х 18'),(283,13,NULL,'20'),(319,2,NULL,'1,83х30'),(319,7,NULL,'300'),(319,8,5,NULL),(319,10,NULL,'Корея'),(319,11,NULL,'55'),(1,2,NULL,'1,52х30'),(1,3,NULL,'7'),(1,4,NULL,'93'),(1,5,NULL,'82'),(1,6,NULL,'99'),(1,7,NULL,'70'),(1,8,5,NULL),(1,9,NULL,'Solarblock'),(1,10,NULL,'Юж. Корея'),(1,11,NULL,'45'),(1,12,NULL,'159х14х13'),(1,13,NULL,'6,5'),(5,2,NULL,'1,52х30'),(5,3,NULL,'15'),(5,4,NULL,'76'),(5,5,NULL,'70'),(5,6,NULL,'98'),(5,7,NULL,'70'),(5,8,5,NULL),(5,9,NULL,'Solarblock'),(5,10,NULL,'Юж. Корея'),(5,11,NULL,'45'),(5,12,NULL,'160х14х14'),(5,13,NULL,'7'),(2,2,NULL,'1,52х30'),(2,3,NULL,'29'),(2,4,NULL,'72'),(2,5,NULL,'47'),(2,6,NULL,'99'),(2,7,NULL,'70'),(2,8,5,NULL),(2,9,NULL,'Solarblock'),(2,10,NULL,'Юж. Корея'),(2,11,NULL,'45'),(2,12,NULL,'159х14х13'),(2,13,NULL,'6,5'),(8,2,NULL,'1,52х30'),(8,3,NULL,'18'),(8,4,NULL,'87'),(8,5,NULL,'67'),(8,6,NULL,'99'),(8,7,NULL,'70'),(8,8,5,NULL),(8,9,NULL,'Solarblock'),(8,10,NULL,'Юж. Корея'),(8,11,NULL,'45'),(8,12,NULL,'160х14х14'),(8,13,NULL,'7'),(316,2,NULL,'1,52х30'),(316,3,NULL,'27'),(316,4,NULL,'72'),(316,6,NULL,'99'),(316,7,NULL,'70'),(316,8,5,NULL),(316,9,NULL,'Solarblock'),(316,10,NULL,'Юж. Корея'),(316,11,NULL,'45'),(316,12,NULL,'160х14х14'),(316,13,NULL,'7'),(11,2,NULL,'1,52х30'),(11,3,NULL,'5'),(11,4,NULL,'81'),(11,5,NULL,'72'),(11,6,NULL,'99'),(11,7,NULL,'70'),(11,8,5,NULL),(11,9,NULL,'Solarblock'),(11,10,NULL,'юж. Корея'),(11,11,NULL,'45'),(11,12,NULL,'160х14х14'),(11,13,NULL,'7'),(19,2,NULL,'1,52х30'),(19,3,NULL,'35'),(19,4,NULL,'75'),(19,5,NULL,'85'),(19,6,NULL,'99'),(19,7,NULL,'80'),(19,8,5,NULL),(19,9,NULL,'Solarblock'),(19,10,NULL,'Юж. Корея'),(19,11,NULL,'45'),(19,12,NULL,'159х14х13'),(19,13,NULL,'6,5'),(20,2,NULL,'1,52х30'),(20,3,NULL,'48'),(20,4,NULL,'24'),(20,6,NULL,'98'),(20,7,NULL,'70'),(20,8,5,NULL),(20,9,NULL,'Solarblockk'),(20,10,NULL,'Юж. Корея'),(20,11,NULL,'45'),(20,12,NULL,'159х14х13'),(20,13,NULL,'6,5'),(318,2,NULL,'1,52х30'),(318,7,NULL,'70'),(318,8,5,NULL),(318,9,NULL,'Solarblock'),(318,10,NULL,'Юж. Корея'),(318,11,NULL,'45'),(318,12,NULL,'160х14х14'),(318,13,NULL,'7'),(21,2,NULL,'1,52х30'),(21,7,NULL,'70'),(21,8,5,NULL),(21,9,NULL,'Solarblock'),(21,10,NULL,'Юж. Корея'),(21,11,NULL,'45'),(21,12,NULL,'159х14х13'),(21,13,NULL,'6,5'),(35,2,NULL,'1,52х30'),(35,7,NULL,'70'),(35,8,5,NULL),(35,9,NULL,'Solarblock'),(35,10,NULL,'Юж. Корея'),(35,11,NULL,'45'),(35,12,NULL,'159х14х13'),(35,13,NULL,'6,5'),(22,2,NULL,'1,52х30'),(22,7,NULL,'70'),(22,8,5,NULL),(22,9,NULL,'Solarblock'),(22,10,NULL,'Юж. Корея'),(22,11,NULL,'45'),(22,12,NULL,'159х14х13'),(22,13,NULL,'6,5'),(36,2,NULL,'1,52х30'),(36,7,NULL,'70'),(36,8,5,NULL),(36,9,NULL,'Solarblock'),(36,10,NULL,'Юж. Корея'),(36,11,NULL,'45'),(36,12,NULL,'159х14х13'),(36,13,NULL,'6,5'),(23,2,NULL,'1,52х30'),(23,7,NULL,'70'),(23,8,5,NULL),(23,9,NULL,'Solarblock'),(23,10,NULL,'Юж. Корея'),(23,11,NULL,'45'),(23,12,NULL,'159х14х13'),(23,13,NULL,'6,5'),(25,2,NULL,'1,52х30'),(25,7,NULL,'70'),(25,8,5,NULL),(25,9,NULL,'Solarblock'),(25,10,NULL,'Юж. Корея'),(25,11,NULL,'45'),(25,12,NULL,'159х14х13'),(25,13,NULL,'6,5'),(46,2,NULL,'1,52х30'),(46,7,NULL,'70'),(46,8,5,NULL),(46,9,NULL,'Solarblock'),(46,10,NULL,'Юж. Корея'),(46,11,NULL,'45'),(46,12,NULL,'159х14х13'),(46,13,NULL,'6,5'),(49,2,NULL,'1,52х30'),(49,3,NULL,'72'),(49,4,NULL,'80'),(49,5,NULL,'55'),(49,6,NULL,'99'),(49,7,NULL,'70'),(49,8,5,NULL),(49,9,NULL,'Solarblock'),(49,10,NULL,'Юж. Корея'),(49,11,NULL,'45'),(49,12,NULL,'159х14х13'),(49,13,NULL,'6,5'),(53,2,NULL,'1,52х30 '),(53,3,NULL,'56'),(53,4,NULL,'45'),(53,5,NULL,'45'),(53,6,NULL,'99'),(53,7,NULL,'127'),(53,8,5,NULL),(53,9,NULL,'Solarblock'),(53,10,NULL,'Юж. Корея'),(53,11,NULL,'45'),(53,12,NULL,'159х14х13'),(53,13,NULL,'12,5'),(79,2,NULL,'1,52х30'),(79,3,NULL,'72'),(79,4,NULL,'66'),(79,5,NULL,'53'),(79,6,NULL,'99'),(79,7,NULL,'70'),(79,8,5,NULL),(79,9,NULL,'Solarblock'),(79,10,NULL,'Юж. Корея'),(79,11,NULL,'45'),(79,12,NULL,'159х14х13'),(79,13,NULL,'6,5'),(79,29,NULL,'3'),(80,2,NULL,'1,52х30'),(80,3,NULL,'72'),(80,4,NULL,'80'),(80,5,NULL,'55'),(80,6,NULL,'99'),(80,7,NULL,'70'),(80,8,5,NULL),(80,9,NULL,'Solarblock'),(80,10,NULL,'Юж. Корея'),(80,11,NULL,'45'),(80,12,NULL,'159х14х13'),(80,13,NULL,'159х14х13'),(80,29,NULL,'5');

--
-- Table structure for table `items`
--

CREATE TABLE `items` (
  `id` int(11) NOT NULL AUTO_INCREMENT,
  `name` varchar(255) NOT NULL,
  `name2` varchar(255) DEFAULT NULL,
  `categories` varchar(255) DEFAULT NULL,
  `description` text,
  `artikul` varchar(255) DEFAULT NULL,
  `image` varchar(255) DEFAULT NULL,
  `price` decimal(10,2) DEFAULT NULL,
  `price2` decimal(10,2) DEFAULT NULL,
  `external_id` int(11) DEFAULT NULL,
  `url` varchar(255) DEFAULT NULL,
  `specification` text,
  `alias` varchar(255) DEFAULT NULL,
  `ym` tinyint(1) NOT NULL DEFAULT '0',
  `seo_title` varchar(255) DEFAULT NULL,
  `seo_desc` varchar(255) DEFAULT NULL,
  `seo_keywords` varchar(255) DEFAULT NULL,
  `pos` int(11) NOT NULL,
  `compare` varchar(255) DEFAULT NULL,
  `without_discount` tinyint(1) NOT NULL DEFAULT '0',
  `layers` varchar(255) DEFAULT NULL,
  `passport` varchar(255) DEFAULT NULL,
  `volume` decimal(10,2) DEFAULT NULL,
  `weight` decimal(10,2) DEFAULT NULL,
  `site` int(11) NOT NULL,
  `storage_id` int(11) DEFAULT NULL,
  PRIMARY KEY (`id`),
  UNIQUE KEY `name` (`name`,`site`),
  UNIQUE KEY `alias` (`alias`,`site`),
  KEY `FK_items_storage` (`storage_id`),
  CONSTRAINT `FK_items_storage` FOREIGN KEY (`storage_id`) REFERENCES `storage` (`id`) ON DELETE SET NULL ON UPDATE SET NULL
) ENGINE=InnoDB AUTO_INCREMENT=320 DEFAULT CHARSET=utf8;

--
-- Dumping data for table `items`
--

INSERT INTO `items` VALUES (1,' Silver 5 зеркальная солнцезащитная пленка',NULL,' 1 ','<div class=\"row\">\r\n	<div class=\"col-xs-24 col-sm-12\">\r\n		<h2 class=\"item__article__title\">Зеркальная солнцезащитная пленка Silver 5\r\n		</h2>\r\n		<p>\r\n			Металлизированная выносливая пленка с односторонней видимостью. Днем снаружи пленка выглядит как непрозрачное зеркало — вас не видно, а изнутри видно, что происходит на улице\r\n		</p>\r\n		<ul>\r\n			<li>\r\n			Отражает 93% инфракрасного излучения солнца (IR-cut) и 82% всей тепловой энергии солнца (TSER).\r\n			</li>\r\n			<li>\r\n			Не пропускает 99% ультрафиолета и исключает блики от источников света внутри помещения.\r\n			</li>\r\n			<li>\r\n			Отлично подходит для офисов, складов, промышленных помещений, а в домашних условиях для балкона или спальни.\r\n			</li>\r\n			<li>\r\n			Предпочтительна для защиты помещений с интенсивным солнечным облучением.</li>\r\n		</ul>\r\n	</div>\r\n	<div class=\"col-xs-24 col-sm-12\">\r\n		<div class=\"transmiss__graph\">\r\n			<div class=\"transmiss__graph__comment transmiss__graph__comment--first\">\r\n				Silver 25\r\n				<span class=\"pointer pointer--vertical pointer--red pointer--lg\"></span>\r\n			</div>\r\n			<div class=\"transmiss__graph__comment transmiss__graph__comment--second\">\r\n				Silver 15\r\n				<span class=\"pointer pointer--vertical pointer--red pointer--lg\"></span>\r\n			</div>\r\n			<div class=\"transmiss__graph__comment transmiss__graph__comment--third\">\r\n				Silver 5\r\n				<span class=\"pointer pointer--vertical pointer--red pointer--lg\"></span>\r\n			</div>\r\n			<p class=\"transmiss__graph__percent\">\r\n				<i>100%</i>\r\n				<i>90</i>\r\n				<i>80</i>\r\n				<i>70</i>\r\n				<i>60</i>\r\n				<i>50</i>\r\n				<i>40</i>\r\n				<i>30</i>\r\n				<i>20</i>\r\n				<i>10</i>\r\n				<i>0%</i>\r\n			</p>\r\n			<div class=\"transmiss__graph__gradient\">\r\n				<span class=\"vlt\">\r\n				VLT\r\n				<a class=\"pop-over\" href=\"javascript: void(0)\" data-html=\"true\" data-toggle=\"popover\" data-placement=\"top\" title=\"<i class=\'icons icons--popover-close\'></i>VLT (ПВС)\" data-content=\"Процент пропускания видимого света. Чем он больше, тем выше прозрачность пленки.\">?</a>\r\n				</span>\r\n			</div>\r\n			<div class=\"transmiss__graph__marks\">\r\n				<span class=\"transmiss__graph__marks__first\"></span><span class=\"transmiss__graph__marks__second\"></span>\r\n			</div>\r\n			<div class=\"transmiss__graph__descr\">\r\n				<p class=\"pull-left\">\r\n					Прозрачное стекло  — 100-80%\r\n				</p>\r\n				<p class=\"pull-right\">\r\n					Темное стекло  — 18-8%\r\n				</p>\r\n			</div>\r\n		</div>\r\n	</div>\r\n</div>','Solarblock Silver 5','_silver_5_zerkalnaya_solntcezaschitnaya_plenka_gzaiw.png',5900.00,350.00,NULL,NULL,'{,}{,}','silver5',0,' Silver 5 зеркальная солнцезащитная пленка','Купить зеркальную солнцезащитную пленку','Silver 5,  Зеркальная пленка, Серебрянная пленка для тонировки, пленка для окон',10,'1,2,3,4',0,'zerkalnaya_plenka_silver_5_mlida.png','/tds/TDS-Solarblock-Silver5.pdf',0.03,6.50,1,1),(2,'Silver 25 зеркальная солнцезащитная пленка',NULL,' 1 ','<div class=\"row\">\r\n	<div class=\"col-xs-24 col-sm-12\">\r\n		<h2 class=\"item__article__title\">\r\n		Зеркальная солнцезащитная пленка Silver 25\r\n		</h2>\r\n		<p>\r\n			Металлизированная выносливая пленка с односторонней видимостью. Днем снаружи пленка выглядит как непрозрачное зеркало — вас не видно, а изнутри видно, что происходит на улице\r\n		</p>\r\n		<ul>\r\n			<li>\r\n			Солнцеотражающая пленка с односторонней видимостью. Днем снаружи пленка выглядит как непрозрачное зеркало – вас не видно,  а изнутри видно, что происходит на улице.\r\n			</li>\r\n			<li>\r\n			Отражает 72% инфракрасного излучения солнца (IR-cut) и 47% всей тепловой энергии солнца (TSER).\r\n			</li>\r\n			<li>\r\n			Не пропускает 99% ультрафиолета и исключает блики от источников света внутри помещения.\r\n			</li>\r\n			<li>\r\n			Отлично подходит для офисов, промышленных помещений, а в домашних условиях для балкона и жилых комнат.\r\n			</li>\r\n			<li>Универсальна  –  незначительно затемняет помещение вечером, зимой. Предпочтительна для средней солнечной нагрузки.\r\n			</li>\r\n		</ul>\r\n	</div>\r\n	<div class=\"col-xs-24 col-sm-12\">\r\n		<div class=\"transmiss__graph\">\r\n			<div class=\"transmiss__graph__comment transmiss__graph__comment--first\">\r\n				Silver 25\r\n				<span class=\"pointer pointer--vertical pointer--red pointer--lg\"></span>\r\n			</div>\r\n			<div class=\"transmiss__graph__comment transmiss__graph__comment--second\">\r\n				Silver 15\r\n				<span class=\"pointer pointer--vertical pointer--red pointer--lg\"></span>\r\n			</div>\r\n			<div class=\"transmiss__graph__comment transmiss__graph__comment--third\">\r\n				Silver 5\r\n				<span class=\"pointer pointer--vertical pointer--red pointer--lg\"></span>\r\n			</div>\r\n			<div class=\"transmiss__graph__percent\">\r\n				<i>100%</i>\r\n				<i>90</i>\r\n				<i>80</i>\r\n				<i>70</i>\r\n				<i>60</i>\r\n				<i>50</i>\r\n				<i>40</i>\r\n				<i>30</i>\r\n				<i>20</i>\r\n				<i>10</i>\r\n				<i>0%</i>\r\n			</div>\r\n			<div class=\"transmiss__graph__gradient\">\r\n				<span class=\"vlt\">\r\n				VLT\r\n				<a class=\"pop-over\" href=\"javascript: void(0)\" data-html=\"true\" data-toggle=\"popover\" data-placement=\"top\" title=\"<i class=\'icons icons--popover-close\'></i>VLT (ПВС)\" data-content=\"Процент пропускания видимого света. Чем он больше, тем выше прозрачность пленки.\">?</a>\r\n				</span>\r\n			</div>\r\n			<div class=\"transmiss__graph__marks\">\r\n				<span class=\"transmiss__graph__marks__first\"></span><span class=\"transmiss__graph__marks__second\"></span>\r\n			</div>\r\n			<div class=\"transmiss__graph__descr\">\r\n				<p class=\"pull-left\">\r\n					Прозрачное стекло  — 100-80%\r\n				</p>\r\n				<p class=\"pull-right\">\r\n					Темное стекло  — 18-8%\r\n				</p>\r\n			</div>\r\n		</div>\r\n	</div>\r\n</div>','Solarblock Silver 25','silver_25_zerkalnaya_solntcezaschitnaya_plenka_nsofc.png',5900.00,350.00,NULL,NULL,'{,}{,}','silver25',0,'Silver 25 зеркальная солнцезащитная пленка','Купить зеркальную пленку Silver 25','Silver 25,   Солнцезащитная пленка  Silver 25, Зеркальная пленка на окна',20,'1,2,4,49',0,'zerkalnaya_plenka_silver_15_by6dv.png','/tds/TDS-Solarblock-Silver25.pdf',0.03,6.50,1,2),(3,'Bronze 10 зеркальная бронзовая пленка на окна',NULL,' 1 ','<h2 class=\"item__article__title\">\r\nBronze 10 - зеркальная солнцезащитная бронзовая пленка\r\n</h2>\r\n<p>\r\n	Металлизированная выносливая пленка с односторонней видимостью. Днем снаружи пленка выглядит как непрозрачное зеркало — вас не видно, а изнутри видно, что происходит на улице\r\n</p>\r\n<ul>\r\n	<li>Солнцезащитная пленка бронзового цвета снаружи (с улицы),  изнутри- серебряного цвета</li>\r\n	<li>\r\n	Отражает 79 % инфракрасного излучения солнца (IR-cut) и 76 % всей тепловой энергии солнца (TSER).\r\n	</li>\r\n	<li>\r\n	Не пропускает 99% ультрафиолета и исключает блики от источников света внутри помещения.\r\n	</li>\r\n	<li>\r\n	Стильный цвет подходит для фасадов административных зданий, загородных домов и т.п., где неуместно использовать яркие цвета.\r\n	</li>\r\n</ul>\r\n\r\n<p> <iframe width=\"560\" height=\"315\" src=\"https://www.youtube.com/embed/jdH3yR-Oky0?rel=0\" frameborder=\"0\" allowfullscreen></iframe></p>','Solarblock Bronze 10','bronze_10_zerkalnaya_bronzovaya_plenka_na_okna_hu4sq.png',6900.00,400.00,NULL,NULL,'{,}2{=}{,}3{=}{,}4{=}{,}5{=}{,}6{=}{,}7{=}{,}8{=}5{,}','bronze10',0,'Bronze 10 зеркальная бронзовая пленка на окна','Купить зеркальную  бронзовую пленка  Bronze 10','Зеркальная  бронзовая пленка  Bronze 10, бронзовая пленка, ',22,'1,3,2,4',0,'zerkalnaya__bronzovaya_plenka__bronza_10_ucxx1.png','/tds/TDS-Solarblock-Bronza10.pdf',0.03,7.00,1,5),(4,'IR-cut 7060 теплоотражающая прозрачная солнцезащитная пленка ',NULL,' 1  2 ','<h2 class=\"item__article__title\">\r\nIR-cut 7060 - теплоотражающая прозрачная солнцезащитная пленка\r\n</h2><p>\r\n	Теплоотражающие пленки появились в процессе эволюции солнцезащитных пленок. Стало востребовано более прозрачное и более эффективное покрытие, чем классическая зеркальная пленка. Благодаря развитию новых технологий и экспериментам с новыми материалами был создан это долгожданный продукт, который защищает от солнечной энергии и не затемняет помещение. \r\n</p><ul>\r\n	<li>\r\n	Прозрачность (пропускание видимого света 72 %)  при эффективной теплозащите  и энергосбережении.\r\n\r\n	</li>\r\n	<li>\r\n	Отражает 66 % инфракрасного излучения солнца (IR-cut) , 53 % всей тепловой энергии солнца (TSER) и 99% ультрафиолета.\r\n	</li>\r\n	<li>\r\n	Подходит для помещений с большой площадью остекления, используем дневное освещение и препятствуем теплопотерям зимой.\r\n	</li>\r\n	<li>\r\n	Solarblock IR-cut 7060 превосходит по обзорности зеркальные солнцезащитные пленки, сохраняя тепло и уют в помещении.\r\n	</li>\r\n</ul>','Solarblock IR-cut 7060','ircut_7060_teplootrazhayuschaya_prozrachnaya_solntcezaschitnaya_plenka__v59be.png',20900.00,1000.00,NULL,NULL,'{,}2{=}{,}3{=}{,}4{=}{,}5{=}{,}6{=}{,}7{=}{,}8{=}6{,}','ir-cut-7060',0,'IR-cut 7060 теплоотражающая прозрачная солнцезащитная пленка ','Купить теплоотражающую солнцезащитную пленку IR-cut 7060','Купить теплоотражающую солнцезащитную пленку, купить теплоотражающую пленку,   купить теплозащитную пленку на окна',320,'49,4,2,',0,'teplootrazhayuschaya_solntcezaschitnaya_plenka__ircut_7060_de8e9.png','/tds/TDS-Solarblock-IR-Cut-7060.pdf',0.03,6.50,1,3),(5,'Silver 15 зеркальная солнцезащитная',NULL,' 1 ','<div class=\"row\">\r\n	<div class=\"col-xs-24 col-sm-12\">\r\n		<h2 class=\"item__article__title\">\r\n		Зеркальная солнцезащитная пленка Silver 15\r\n		</h2>\r\n		<p>\r\n			Металлизированная выносливая пленка с односторонней видимостью. Днем снаружи пленка выглядит как непрозрачное зеркало — вас не видно, а изнутри видно, что происходит на улице\r\n		</p>\r\n		<ul>\r\n			<li>\r\n			Солнцеотражающая пленка с односторонней видимостью. Днем снаружи пленка выглядит как непрозрачное зеркало – вас не видно,  а изнутри видно, что происходит на улице.\r\n			</li>\r\n			<li>\r\n			Отражает 76% инфракрасного излучения солнца (IR-cut) и 70% всей тепловой энергии солнца (TSER).</li>\r\n			<li>\r\n			Не пропускает 99% ультрафиолета и исключает блики от источников света внутри помещения.\r\n			</li>\r\n			<li>\r\n			Отлично подходит для офисов, промышленных помещений, а в домашних условиях для балкона и жилых комнат.\r\n			</li>\r\n			<li>Универсальна  –  незначительно затемняет помещение вечером, зимой. Предпочтительна для средней солнечной нагрузки.\r\n			</li>\r\n		</ul>\r\n	</div>\r\n	<div class=\"col-xs-24 col-sm-12\">\r\n		<div class=\"transmiss__graph\">\r\n			<div class=\"transmiss__graph__comment transmiss__graph__comment--first\">\r\n				Silver 25\r\n				<span class=\"pointer pointer--vertical pointer--red pointer--lg\"></span>\r\n			</div>\r\n			<div class=\"transmiss__graph__comment transmiss__graph__comment--second\">\r\n				Silver 15\r\n				<span class=\"pointer pointer--vertical pointer--red pointer--lg\"></span>\r\n			</div>\r\n			<div class=\"transmiss__graph__comment transmiss__graph__comment--third\">\r\n				Silver 5\r\n				<span class=\"pointer pointer--vertical pointer--red pointer--lg\"></span>\r\n			</div>\r\n			<div class=\"transmiss__graph__percent\">\r\n				<i>100%</i>\r\n				<i>90</i>\r\n				<i>80</i>\r\n				<i>70</i>\r\n				<i>60</i>\r\n				<i>50</i>\r\n				<i>40</i>\r\n				<i>30</i>\r\n				<i>20</i>\r\n				<i>10</i>\r\n				<i>0%</i>\r\n			</div>\r\n			<div class=\"transmiss__graph__gradient\">\r\n				<span class=\"vlt\">\r\n				VLT\r\n				<a class=\"pop-over\" href=\"javascript: void(0)\" data-html=\"true\" data-toggle=\"popover\" data-placement=\"top\" title=\"<i class=\'icons icons--popover-close\'></i>VLT (ПВС)\" data-content=\"Процент пропускания видимого света. Чем он больше, тем выше прозрачность пленки.\">?</a>\r\n				</span>\r\n			</div>\r\n			<div class=\"transmiss__graph__marks\">\r\n				<span class=\"transmiss__graph__marks__first\"></span><span class=\"transmiss__graph__marks__second\"></span>\r\n			</div>\r\n			<div class=\"transmiss__graph__descr\">\r\n				<p class=\"pull-left\">\r\n					Прозрачное стекло  — 100-80%\r\n				</p>\r\n				<p class=\"pull-right\">\r\n					Темное стекло  — 18-8%\r\n				</p>\r\n			</div>\r\n		</div>\r\n	</div>\r\n</div>','Solarblock Silver 15','zerkalnaya_plenka_silver_25_xhrif.png',5900.00,350.00,NULL,NULL,'{,}2{=}{,}3{=}{,}4{=}{,}6{=}{,}7{=}{,}8{=}5{,}','silver15',0,'Серебряная Зеркальная пленка Silver  15','Купить серебрянную зеркальную пленка Silver 15, любой метраж от 1 пм с доставкой по Москве и России','',15,'1,2,5,4',0,'zerkalnaya_plenka_silver_25_hreek.png','',0.03,7.00,1,NULL),(8,'Gold/Gold золотая солнцезащитная пленка',NULL,' 1 ','<h2 class=\"item__article__title\">Solarblock Gold  - Зеркальная пленка золотого цвета (c двух сторон золото)</h2><p>\r\n	Cолнцезащитная пленка Gold - красивая защита от проникновения солнечного света. Двух сторон пленка имеет желтый (золотой) цвет т.е. без зеркального эффекта.  Степень пропускания видимого света 18% - актуально для торговых, офисных центров, ресторанов, кафе и других объектов.\r\n</p><ul>\r\n	<li>\r\n	Золотистый оттенок пленки создает благородный стиль, подчеркивая изысканность и аристократичность. С давних пор золотой цвет считается признаком несомненного вкуса и достатка владельца. Выбирая золотистой оттенок для своих окон, вы непременно подчеркнете свой статус.\r\n	</li>\r\n	<li>\r\n	Пленка обладает зеркальным эффектом, что в совокупности с цветовой гаммой материала делает общее впечатление от тонирования эффектным.\r\n	</li>\r\n	\r\n</ul>','Solarblock  Gold','zerkalnaya_plenka_gold_15_g-viq.jpg',8000.00,490.00,NULL,NULL,'{,}2{=}{,}','gold15',0,'Золотая зеркальная пленка на окна','Купить золотую зеркальную солнцезащитную пленку, любой метраж от 1 пм, с доставкой по Москве и России.','',25,'2,8,3,5',0,'','',0.03,7.00,1,37),(11,'Blue/Blue  синяя солнцезащитная пленка',NULL,' 1 ','<h2 class=\"item__article__title\">\r\nBlue  - синяя двухсторонняя пленка на окна</h2><p>\r\n	Металлизированная выносливая пленка с двух сторон синяя.</p><ul>\r\n	<li>Солнцезащитная пленка синего цвета снаружи (с улицы).</li>\r\n	<li>\r\n	Отражает 81 % инфракрасного излучения солнца (IR-cut) и 72 % всей тепловой энергии солнца (TSER).\r\n	</li>\r\n	<li>\r\n	Не пропускает 99% ультрафиолета и исключает блики от источников света внутри помещения.\r\n	</li>\r\n	<li>\r\n	Стильный цвет подходит для фасадов административных зданий, загородных домов.\r\n	</li>\r\n</ul>','Solablock Blue/Blue','zerkalnaya_sinyaya_solntcezaschitnaya_plenka_blue_5_s_303_v7u49.jpg',8000.00,490.00,NULL,NULL,'{,}2{=}{,}3{=}{,}4{=}{,}5{=}{,}6{=}{,}7{=}{,}8{=}5{,}','solarbock-blue',0,'Синяя пленка на окна.','Купить синию двухсторонную пленка на окна. Заказать монтаж синей пленка на окна от 700 р/м2. Доставка любого метража от 1 пм по Москве и России.','',40,'1,11,2,3',0,'','',0.03,7.00,1,NULL),(13,'Blue голубая солнцезащитная пленка',NULL,' 1 ','<h2 class=\"item__article__title\">\r\nBlue - голубая зеркальная солнцезащитная пленка синего цвета\r\n</h2><p>\r\n	Зеркальная солнцезащитная пленка Blue/Silver 15  - двусторонняя пленка с одной стороны имеет синий оттенок, с другой - серебряный оттенок.\r\n</p><ul>\r\n	<li>\r\n	Солнцеотражающая пленка с односторонней видимостью. Днем снаружи пленка выглядит как непрозрачное зеркало синего цвета – вас не видно, а изнутри видно, что происходит на улице. \r\n	</li>\r\n	<li>Отражает 80 % инфракрасного излучения солнца (IR-cut). \r\n	</li>\r\n	<li>Не пропускает 99% ультрафиолета и исключает блики от источников света внутри помещения. \r\n	</li>\r\n	<li>\r\n	Пленка обладает зеркальным эффектом, что в совокупности с цветовой гаммой материала делает общее впечатление от тонирования эффектным.\r\n	</li>\r\n	<li>Универсальна – незначительно затемняет помещение вечером, зимой. Предпочтительна для средней солнечной нагрузки. \r\n	</li>\r\n</ul>','Solarblock Blue','zerkalnaya_solntcezaschitnaya_plenka_blue_silver_15_s_509_h_s2oql.jpg',8000.00,490.00,NULL,NULL,'{,}2{=}{,}3{=}{,}4{=}{,}5{=}{,}6{=}{,}7{=}{,}8{=}5{,}','bluesilver15',0,'Голубая зеркальная солнцезащитная пленка','Купить голубую пленку на окна. Заказать монтаж окна от 700 р/м2. Доставка любого метража от 1 пм по Москве и России.','',30,'2,13,11,3',0,'','',0.03,7.00,1,NULL),(19,'Белая матовая пленка White matt',NULL,' 4 ','<h1>Матовая пленка на стекло</h1><p>\r\n	Матовая пленка для окон с доставкой по Москве и России, продаем любой метраж матовой пленки, выполняем монтаж матовой пленки для окон с гарантией на пленку 5 лет.\r\n</p><ul>\r\n	<li>\r\n	Белая матовая пленка создает внутри помещения приятный рассеянный свет, передавая полутона и контуры.\r\n	</li>\r\n	<li>Белая матовая на стекло делает его полупрозрачным, создает приватность днем и ночью, когда в помещении включен свет.\r\n	</li>\r\n	\r\n</ul><p>\r\n	Перед монтажом матовой пленки на окно можно выполнить полноцветную печать. Получаются сочные цвета при высокой стойкости рисунка к свету и моющим средствам.\r\n	</p><p><br>\r\n</p>','White matt 2 mil','belaya_matovaya_plenka_white_matt_9e9nz.png',5900.00,300.00,NULL,NULL,'{,}2{=}{,}','white-matt-2mill',0,'Матовая пленка на стекло, купить, установить','Матовая пленка на окна с доставкой по Москве и России, продаем любой метраж матовой white matt пленки, выполняем монтаж матовой пленки с гарантией 5 лет.','',210,'3,19,2,',0,'dekorativnaya_belaya_matovaya_plenka_white_matt_uk5bh.png','/tds/TDS-Solarblock-White-matt-2mil.pdf',0.03,6.50,1,13),(20,'Белая матовая полупрозрачная пленка',NULL,' 4 ','<p>Solarblock TL matt - полупрозрачная (White matt translucent film<span class=\"redactor-invisible-space\">) белая матовая пленка, она аналогично ad 220, но чуть толще и более однородна.</span></p><p><br></p>','Solarblock TL matt','dekorativnaya_belaya_matovaya_plenka_pvc_k5vhc.jpg',8500.00,550.00,NULL,NULL,'{,}2{=}{,}','soalrblock-tl100',0,'Белая полупрозрачная матовая пленка на окна','Купить белую полупрозрачную пленку на окна с доставкой по Москве и России. Продаем любой метраж защитной пленки. Выполняем монтаж матовой полупрозрачной пленки.','',220,'19,36,,',0,'','',0.03,6.50,1,19),(21,'Матовая полупрозрачная полоса 10',NULL,' 4 ','<h1>Матовая полупрозрачная полоса 10</h1><p>Solarblock Line 1 matt -  белая матовая полупрозрачная пленка  с белой полоской шириной 1 см.\r\n</p>','Solarblock Line 1 matt','dekorativnaya_poluprozrachnaya_polosa_10_e862k.jpg',8500.00,550.00,NULL,NULL,'{,}2{=}{,}','Solarblock-Line1-white',0,'Матовая полупрозрачная полоса 10 на окно','Купить матовую полупрозрачную полосу шириной 10 мм, продаем любой метраж декоративных пленок. Заказать тонировку декоративной пленкой. Гарантия 5 лет. ','',230,NULL,0,'','',0.03,6.50,1,NULL),(22,'Белая полоса 30 на окно',NULL,' 4 ','<h1>Белая полоса 30 на окно</h1><p>Solarblock Line 3 white - белая полоса шириной 30 мм.\r\n</p>','Solarblock Line 3 white','dekorativnaya_polosa_30_mlwj9.jpeg',7000.00,450.00,NULL,NULL,'{,}2{=}{,}','Solarblock-Line-3-white',0,'Белая полоса 30 на окно','Купить пленку с белой полосой, ширина полосу 30 мм, продаем любой метраж декоративной пленки. Заказать тонировку декоративной пленкой. Гарантия 5 лет. ','',240,'35,23,,',0,'','',0.03,6.50,1,NULL),(23,'Полупрозрачная  матовая полоса 35',NULL,' 4 ','<h1>Полупрозрачная  матовая полоса 35</h1><p>Solarblock Line 3,5 matt   - матовая полопрозрачная полоса шириной 35 мм.\r\n</p>','Solarblock Line 3,5 matt ','dekorativnaya_poluprozrachnaya_polosa_35_wf2_j.jpg',8500.00,550.00,NULL,NULL,'{,}2{=}{,}','solarblock-line-35-matt ',0,'Полупрозрачная матовая полоса 35','Купить полупрозрачную матовую полосу шириной 35 мм, продаем любой метраж матовых пленок полосок. Заказать тонировку матовой пленкой. Гарантия 5 лет. ','',250,NULL,1,'','',0.03,6.50,1,NULL),(25,'Полупрозрачный матовый квадрат 45х45',NULL,' 4 ','<h1>Полупрозрачный матовый квадрат</h1><p>Solablock square 45 matt -  полупрозрачная матовая пленка с квадратом 45 на 45 мм.<br>\r\n</p>','Solablock square 45 matt','dekorativnij_poluprozrachnij_kvadrat_45h45_ghq9w.jpg',8500.00,550.00,NULL,NULL,'{,}2{=}{,}','Solablock-square-45matt',0,' Полупрозрачный матовый квадрат 45х45','Купить матовую пленку квадрат 45 на 45 мм, продаем любой метраж матовой пленки зеркальной пленки. Заказать тонировку матовой пленкой. Гарантия 5 лет. ','',290,',,,',1,'','',0.03,6.50,1,NULL),(35,'Белая полоса 10 на окно',NULL,' 4 ','<h1>Пленка белая полоса 10 на окно</h1><p>Solarbock Line 1 white  - белая полоса шириной 10 мм.\r\n</p>','Solarbock Line 1 white','dekorativnaya_polosa_10_qag_a.jpg',7000.00,450.00,NULL,NULL,'{,}2{=}{,}','Solarbock-Line-1-white',0,'Белая полоса 10 на окно, купить, наклеить','Купить пленку белую полосу шириной 10 мм на окно, продаем любой метраж матовых пленок полоски. Заказать тонировку матовых полосок  на окно. Гарантия 5 лет. ','',235,'21,36,22,',0,'','',0.03,6.50,1,NULL),(36,'Белая полоса 40 на окно',NULL,' 4 ','<h1>Пленка белая полоса 40 на окно</h1><p>Solarblock Line 4 white  - пленка на окно с белой полосой шириной 40 мм.</p>','Solarblock Line 4 white','dekorativnaya_polosa_4_bll4o.jpg',7000.00,450.00,NULL,NULL,'{,}2{=}{,}','Solarblock-Line-4-white',0,'Белая полоса 40 на окно','Купить пленку с белой полосой 40 мм на окно, продаем любой метраж пленок с белыми полосками. Заказать тонировку матовыми полосками окон. Гарантия 5 лет. ','Купить декоративную полосу 4, купить декоративную пленку, купить декоративную пленку на окна',245,NULL,1,'','',0.03,6.50,1,NULL),(46,'Пленка цветы золотые',NULL,' 4 ','<h1>Пленка цветы золотые на окно</h1><p>Solarblock gold flowers  - пленка на окно с рисунком золотые цветы на прозрачном фоне.\r\n</p>','Solarblock gold flowers','dekorativnaya_plenka_tcveti_zolotie_-awgi.jpg',12000.00,700.00,NULL,NULL,'{,}2{=}{,}','Solarblock-gold-flowers',0,'Пленка с золотыми цветами','Купить пленку с золотыми цветами на прозрачном фоне, продаем любой метраж декоративных пленок. Заказать тонировку декоративными пленками. Гарантия 5 лет. ','',295,NULL,1,'','',0.03,6.50,1,NULL),(49,'IR-cut 7080 теплоотражающая прозрачная солнцезащитная пленка ',NULL,' 1  2 ','<h2 class=\"item__article__title\">\r\nIR-cut 7080 - теплоотражающая прозрачная солнцезащитная пленка\r\n</h2><p>\r\n	Теплоотражающие пленки появились в процессе эволюции солнцезащитных пленок. Стало востребовано более прозрачное и более эффективное покрытие, чем классическая зеркальная пленка. Благодаря развитию новых технологий и экспериментам с новыми материалами был создан это долгожданный продукт, который защищает от солнечной энергии и не затемняет помещение.\r\n</p><ul>\r\n	<li>\r\n	При эффективной теплозащите и энергосбережении пленка почти не заметна на окне - ПВС 74 %.\r\n	</li>\r\n	<li>\r\n	Отражает 80 % инфракрасного излучения солнца (IR-cut) , 55 % всей тепловой энергии солнца (TSER) и 99% ультрафиолета.\r\n	</li>\r\n	<li>\r\n	Незаменима для остекления, где важна прозрачность, используем дневное освещение и препятствуем теплопотерям зимой.\r\n	</li>\r\n	<li>\r\n	Solarblock IR-cut 7080 почти как зеркальные пленки защищает от солнечной энергии,  заметно превосходит по обзорности и энергоэффективности.\r\n	</li>\r\n</ul><p>\r\n	<iframe width=\"560\" height=\"315\" src=\"https://www.youtube.com/embed/xDEz44NHkIk?rel=0\" frameborder=\"0\" allowfullscreen=\"\">\r\n	</iframe>\r\n</p><p>\r\n	<iframe width=\"560\" height=\"315\" src=\"https://www.youtube.com/embed/5EhFqmOONSo?rel=0\" frameborder=\"0\" allowfullscreen=\"\"></iframe>\r\n</p>','Solarblock IR-cut 7080','ircut_7080_teplootrazhayuschaya_prozrachnaya_solntcezaschitnaya_plenka__rnk5q.png',22900.00,1200.00,NULL,NULL,'{,}2{=}{,}3{=}{,}4{=}{,}5{=}{,}6{=}{,}7{=}{,}8{=}5{,}','ircut7080',0,'IR-cut 7080 теплоотражающая прозрачная солнцезащитная пленка ','Купить теплоотражающую солнцезащитную пленку IR-cut 7080','Купить теплоотражающую солнцезащитную пленку, купить теплоотражающую пленку,   купить теплозащитную пленку на окна',310,'49,4,2,',0,'ircut_7080_teplootrazhayuschaya_solntcezaschitnaya_plenka__sdq0j.png','/tds/TDS-Solarblock-IR-Cut-7080.pdf',0.03,6.50,1,4),(50,'Бронирующая пленка 134 микрона',NULL,' 3 ','<h2 class=\"item__article__title\">\r\nSolarblock Safety 100 - бронирующая противоосколочная пленка 134 микрон\r\n</h2><p>\r\n	Повышает устойчивость стекла к механическому воздействию, предохраняет его от возникновения сколов и царапин, значительно повышает прочность и сохраняет идеальный вид стекла\r\n</p><ul>\r\n	<li>\r\n	Подходит для большинства помещений, достаточно повышает прочность стекла для безопасности людей.\r\n	</li>\r\n	<li>\r\n	В случае разбития все осколки останутся на пленке, люди и интерьеры не пострадают. Пленка незаметна, не мешает в быту и работе.\r\n	</li>\r\n	<li>\r\n	Активно используется в учебных заведениях, торговых помещениях, офисах и банках. \r\n	</li>\r\n	\r\n</ul>','Solarblock Safety 100','broniruyuschaya_plenka_100_mikron_4_mil_fnsm2.png',6900.00,400.00,NULL,NULL,'{,}2{=}{,}3{=}{,}4{=}{,}6{=}{,}7{=}{,}8{=}5{,}','safety100',0,'Бронирующая пленка  134 микрона на окна','Купить бронирующую пленку на окна 130 микрона. Установка бронирующей пленки на окна и витрины магазина.','',107,'52,50,53,',0,'broniruyuschaya_plenka_100_mkm_4_mil_00kmq.png','/tds/TDS-Solarblock-Safety-100.pdf',0.03,11.00,1,7),(51,'Бронирующая пленка  360 мкм',NULL,' 3 ','<div class=\"row\">\r\n	<div class=\"col-xs-24 col-sm-18\">\r\n		<h2 class=\"item__article__title\">\r\nSolarblock Safety 300 - бронирующая противоосколочная пленка толщиной 360 микрон\r\n</h2>\r\n<p>\r\n	300 микрон - максимальная защита и наибольшее сопротивление нагрузкам.\r\n</p>\r\n<ul>\r\n	<li>\r\n	Стекло с такой пленкой  не позволит проникнуть в помещение без использования спецсредств. \r\n	</li>\r\n	<li>\r\n	В случае разбития все осколки останутся на пленке, люди и интерьеры не пострадают. Пленка незаметна, не мешает в быту и работе.\r\n	</li>\r\n	<li>\r\n	Активно используется в местах хранения ценных вещей, банках и первых этажах жилых домов\r\n	</li>\r\n</ul>\r\n<p>\r\n	<iframe width=\"560\" height=\"315\" src=\"https://www.youtube.com/embed/seiMDk09oWc?rel=0\" frameborder=\"0\" allowfullscreen=\"\">\r\n	</iframe>\r\n</p>\r\n\r\n\r\n	</div>\r\n	<div class=\"col-xs-24 col-sm-6\">\r\n		<div>\r\n			<p> <img src=\"/certificate/Solarblock-certificate-300mkm.jpg\">\r\n			</p>\r\n		</div>\r\n	</div>\r\n</div>','Solarblock Safety 300','broniruyuschaya_plenka__360_mkm_rx2r-.png',16900.00,1000.00,NULL,NULL,'{,}2{=}{,}3{=}{,}4{=}{,}6{=}{,}7{=}{,}8{=}5{,}','safety300',0,'Бронирующая пленка  360 мкм','Купить бронирующую пленку 300 на окна. Установка бронирующей пленки на окна и витрины магазина.','SF 300 CL (323 мкм),  Бронирующая пленка, 300 микрон бронирующей пленки, антиосколочная пленка 300 микрон, противоосколочная пленка 300 микрон.',112,'50,51,53,',0,'broniruyuschaya_plenka_300_mkm_12_mil_c4qba.png','/tds/TDS-Solarblock-Safety-300.pdf',0.16,31.00,1,10),(52,'Бронирующая пленка 134 мкм (Широкий рулон 1,82 м)',NULL,' 3 ','<h2 class=\"item__article__title\">\r\nSolarblock Safety 100 (182) - широкий рулон бронирующей противоосколочной пленки 134 мкм</h2><p>\r\n	Рулон увеличенной ширины 182 мм предназначен для бесшовного бронирования широких стекол. Широкие рулоны уникальные на российском рынке, и мы являемся первой компанией, которая наладила постоянные поставки широкий рулонов бронирующей пленки.\r\n\r\n</p><ul>\r\n	<li>\r\n	Повышает прочность стекла и в случае удара все осколки удержатся на пленке, защищая людей и интерьеры.\r\n	</li>\r\n	<li>\r\n	Пленка прозрачна и не затемняет помещение. Активно используется в административных зданиях, лечебных заведениях и коттеджах.\r\n	</li>\r\n	\r\n	\r\n</ul>','Solarblock safety 100 (182)','broniruyuschaya_plenka_100_mkm_shirokij_rulon_182_m_usbir.png',9900.00,500.00,NULL,NULL,'{,}2{=}{,}3{=}{,}4{=}{,}6{=}{,}7{=}{,}8{=}5{,}','safety100-182',0,'Бронирующая пленка 100 микрон. Ширина  рулона - 182 мм','Купить бронирующую пленку на окна 100 микрон в широких рулонах. Установка бронирующей пленки на окна и витрины магазина. Бесшовное бронирование окон и витрин.','Купить широкие рулоны бронирующей пленки, бесшовная установка бронирующей пленки, ',111,'50,52,53,',0,'broniruyuschaya_plenka_100_mkm_shirokij_rulon_182_m_yn3vb.png','/tds/TDS-Solarblock-Safety100-182.pdf',0.03,12.20,1,8),(53,'Бронирующая пленка 160 мкм с теплоотражающим слоем',NULL,' 2  3 ','<h2 class=\"item__article__title\">\r\nSolarblock Safety IR-cut 125/50 - бронирующая пленка толщиной 160мкм с теплоотражающим слоем.\r\n</h2><p>\r\n	Значительно укрепляет стекло от большинства экстремальных нагрузок и слегка его тонирует.\r\n</p><ul>\r\n	<li>\r\n	Пленка содержит теплозащитный слой, который защитит от перегрева солнечным теплом.\r\n	</li>\r\n	<li>\r\n	В случае разбития все осколки останутся на пленке, люди и интерьеры не пострадают. Пленка незаметна, не мешает в быту и работе.\r\n	</li>\r\n	<li>\r\n	Активно используется в местах хранения ценных вещей, банках и первых этажах жилых домов\r\n	</li>\r\n</ul>','Solarblock Safety IR-cut 125/50','broniruyuschaya_plenka_160_mkm_s_teplootrazhayuschim_sloem_07l6y.png',8000.00,490.00,NULL,NULL,'{,}2{=}{,}3{=}{,}4{=}{,}5{=}{,}6{=}{,}7{=}{,}8{=}5{,}','safety-ircut-125-50',0,'160 мкм бронирующая пленка с  теплоотражающим слоем','Купить бронирующую пленку с теплоотражающим слоем. Бронирует окно и обеспечивает защиту от солнца','Купить бронирующую пленку с теплоотражающим слоем, купить толстую теплоотражающую пленку, купить толстую атермальную пленку, купить плотную теплозащитную пленку, купить плотную атермальную пленку.',330,'50,53,52,',0,'broniruyuschaya_plenka_125_mkm_s_teplootrazhayuschim_sloem_vlyww.png','/tds/TDS-Solarblock-Safety-ir-cut-125-50.pdf',0.03,12.50,1,6),(79,'IR-cut 7060 энергосберегающая прозрачная пленка',NULL,' 7 ','<h2 class=\"item__article__title\">\r\nIR-cut 7060 - энергосберегающая прозрачная теплозащитная пленка\r\n</h2><p>\r\n	Энергосберегающая пленка с уравновешенными характеристиками и оптимальной ценой  успешно выполняет задачу отражения летнего солнечного тепла и сохранения его зимой внутри. Ежедневно сокращает ваши расходы на поддержание комфорта в помещении, практически не затемняя его. Несложные испытания показали разницу температуры с использованием такой пленки около 3-5 ℃.\r\n</p><ul>\r\n	<li>\r\n	Прозрачность (пропускание видимого света 72 %)  при эффективной теплозащите  и энергосбережении.\r\n	</li>\r\n	<li>\r\n	Отражает 66 % инфракрасного излучения солнца (IR-cut) , 53 % всей тепловой энергии солнца (TSER) и 99% ультрафиолета.\r\n	</li>\r\n	<li>\r\n	Подходит для помещений с большой площадью остекления, используем дневное освещение и препятствуем теплопотерям зимой.\r\n	</li>\r\n	<li>\r\n	Solarblock IR-cut 7060 превосходит по обзорности зеркальные солнцезащитные пленки, сохраняя тепло и уют в помещении.\r\n	</li>\r\n</ul><p><iframe width=\"560\" height=\"315\" src=\"https://www.youtube.com/embed/pTz8H9gxEfw?rel=0\" frameborder=\"0\" allowfullscreen=\"\"></iframe>\r\n</p>','Solarblock IR-cut 7060','ircut_7060_energosberegayuschaya_prozrachnaya_plenka_ywtgc.png',20900.00,1000.00,NULL,NULL,'{,}2{=}{,}3{=}{,}4{=}{,}5{=}{,}6{=}{,}7{=}{,}8{=}5{,}9{=}{,}10{=}{,}11{=}{,}12{=}{,}13{=}{,}','ircut7060se',0,'IR-cut 7060 энергосберегающая пленка ','Купить энергосберегающую пленку IR-cut 7060','Купить энергосберегающую пленку',410,'79,80,,',0,'ircut_7060_energosberegayuschaya_prozrachnaya_plenka_n53vq.png','/tds/TDS-Solarblock-IR-Cut-7060.pdf',0.03,6.50,1,3),(80,'IR-cut 7080 энергосберегающая прозрачная пленка',NULL,' 7 ','<h2 class=\"item__article__title\">\r\nIR-cut 7080 - энергосберегающая прозрачная теплозащитная пленка\r\n</h2><p>\r\n	Энергосберегающая пленка с высокими характеристиками и обоснованной ценой  для продуктивного контроля тепловой энергии, проходящей через ваши окна. Максимальное отражение тепла летом и возврат его зимой, заметная экономия энергии и ощутимый комфорт. Почти невидима на стекле, но каждый день в работе на многие годы. Разница температур с использованием этой пленки около 5-7 ℃.\r\n</p><ul>\r\n	<li>\r\n	При эффективной теплозащите и энергосбережении пленка почти не заметна на окне - ПВС 74 %.\r\n	</li>\r\n	<li>\r\n	Отражает 80 % инфракрасного излучения солнца (IR-cut) , 55 % всей тепловой энергии солнца (TSER) и 99% ультрафиолета.\r\n	</li>\r\n	<li>\r\n	Незаменима для остекления, где важна прозрачность, используем дневное освещение и препятствуем теплопотерям зимой.\r\n	</li>\r\n	<li>\r\n	Solarblock IR-cut 7080 почти как зеркальные пленки защищает от солнечной энергии,  заметно превосходит по обзорности и энергоэффективности.\r\n	</li>\r\n</ul><p>\r\n<iframe width=\"560\" height=\"315\" src=\"https://www.youtube.com/embed/xDEz44NHkIk?rel=0\" frameborder=\"0\" allowfullscreen=\"\"></iframe>\r\n</p><p>\r\n	<iframe width=\"560\" height=\"315\" src=\"https://www.youtube.com/embed/k8EK17g6T6s?rel=0\" frameborder=\"0\" allowfullscreen=\"\">\r\n	</iframe>\r\n</p>','Solarblock IR-cut 7080','ircut_7080_energosberegayuschaya_prozrachnaya_plenka_xs-jx.jpg',22900.00,1200.00,NULL,NULL,'{,}2{=}{,}3{=}{,}4{=}{,}5{=}{,}6{=}{,}7{=}{,}8{=}5{,}9{=}{,}10{=}{,}11{=}{,}12{=}{,}13{=}{,}','ircut7080se',0,'IR-cut 7080 энергосберегающая прозрачная пленка','Купить энергосберегающую пленку IR-cut 7080','Купить энергосберегающую пленку',420,'80,79,,',0,'ircut_7080_energosberegayuschaya_prozrachnaya_plenka_td-o8.png','/tds/TDS-Solarblock-IR-Cut-7080.pdf',0.03,159.00,1,4),(191,'Solarblock Silver 5 зеркальная солнцезащитная пленка',NULL,' 8 ','<div class=\"row\">\r\n	<div class=\"col-xs-24 col-sm-12\">\r\n		<h2 class=\"item__article__title\">Зеркальная солнцезащитная пленка Silver 5\r\n		</h2>\r\n		<p>\r\n			Металлизированная выносливая пленка с односторонней видимостью. Днем снаружи пленка выглядит как непрозрачное зеркало — вас не видно, а изнутри видно, что происходит на улице\r\n		</p>\r\n		<ul>\r\n			<li>\r\n			Отражает более 95 инфракрасного излучения солнца (IR-cut) и 82% всей тепловой энергии солнца (TSER).\r\n			</li>\r\n			<li>\r\n			Не пропускает 99% ультрафиолета и исключает блики от источников света внутри помещения.\r\n			</li>\r\n			<li>\r\n			Отлично подходит для офисов, складов, промышленных помещений, а в домашних условиях для балкона или спальни.\r\n			</li>\r\n			<li>\r\n			Предпочтительна для защиты помещений с интенсивным солнечным облучением.</li>\r\n		</ul>\r\n	\r\n	</div>\r\n</div>','Solarblock Silver 5','ultrablock_silver_5_zerkalnaya_solntcezaschitnaya_plenka_022qv.png',5900.00,350.00,NULL,NULL,'{,}{,}','Solarblock-silver5',0,' Silver 5 зеркальная солнцезащитная пленка','Купить зеркальную солнцезащитную пленку','Silver 5,  Зеркальная пленка, Серебрянная пленка для тонировки, пленка для окон',5,'1,2,3,4',0,'zerkalnaya_plenka_silver_5_mlida.png','',0.03,6.50,2,1),(192,'NDFOS Silver 5 зеркальная солнцезащитная пленка',NULL,' 8 ','<div class=\"row\">\r\n	<div class=\"col-xs-24 col-sm-12\">\r\n		<h2 class=\"item__article__title\">\r\n		Зеркальная солнцезащитная пленка Silver 5</h2>\r\n		<p>\r\n			Металлизированная выносливая пленка с односторонней видимостью. Днем снаружи пленка выглядит как непрозрачное зеркало — вас не видно, а изнутри видно, что происходит на улице\r\n		</p>\r\n		<ul>\r\n			<li>\r\n			Солнцеотражающая пленка с односторонней видимостью. Днем снаружи пленка выглядит как непрозрачное зеркало – вас не видно,  а изнутри видно, что происходит на улице.\r\n			</li>\r\n			<li>\r\n			Отражает 72% инфракрасного излучения солнца (IR-cut) и 47% всей тепловой энергии солнца (TSER).\r\n			</li>\r\n			<li>\r\n			Не пропускает 99% ультрафиолета и исключает блики от источников света внутри помещения.\r\n			</li>\r\n			<li>\r\n			Отлично подходит для офисов, промышленных помещений, а в домашних условиях для балкона и жилых комнат.\r\n			</li>\r\n			<li>Универсальна  –  незначительно затемняет помещение вечером, зимой. Предпочтительна для средней солнечной нагрузки.\r\n			</li>\r\n		</ul>\r\n	\r\n	\r\n	</div>\r\n</div>','NDFOS Silver 5','ndfos_silver_5_zerkalnaya_solntcezaschitnaya_plenka_3skbl.png',6550.00,350.00,NULL,NULL,'{,}{,}','ndfos-silve5',0,'NDFOS Silver 5 зеркальная солнцезащитная пленка','Купить зеркальную пленку Silver 5 NDFOS','Silver 25,   Солнцезащитная пленка  Silver 5, Зеркальная пленка на окна',10,'1,2,4,49',0,'zerkalnaya_plenka_silver_15_by6dv.png','',0.03,7.00,2,NULL),(193,'Nexfil Silver 5 зеркальная солнезащитная пленка',NULL,' 8 ','<div class=\"row\">\r\n	<div class=\"col-xs-24 col-sm-12\">\r\n		<h2 class=\"item__article__title\">Зеркальная солнцезащитная пленка Silver 5\r\n		</h2>\r\n		<p>\r\n			Металлизированная выносливая пленка с односторонней видимостью. Днем снаружи пленка выглядит как непрозрачное зеркало — вас не видно, а изнутри видно, что происходит на улице\r\n		</p>\r\n		<ul>\r\n			<li>\r\n			Отражает 93% инфракрасного излучения солнца (IR-cut) и 82% всей тепловой энергии солнца (TSER).\r\n			</li>\r\n			<li>\r\n			Не пропускает 99% ультрафиолета и исключает блики от источников света внутри помещения.\r\n			</li>\r\n			<li>\r\n			Отлично подходит для офисов, складов, промышленных помещений, а в домашних условиях для балкона или спальни.\r\n			</li>\r\n			<li>\r\n			Предпочтительна для защиты помещений с интенсивным солнечным облучением.</li>\r\n		</ul>\r\n	</div>\r\n	\r\n	\r\n</div>','Nexfil Silver 5','nexfil_silver_5_zerkalnaya_solnezaschitnaya_plenka_t4qcz.png',6200.00,350.00,NULL,NULL,'{,}2{=}{,}3{=}{,}4{=}{,}5{=}{,}6{=}{,}7{=}{,}8{=}5{,}','nexfil-silver5',0,'Nexfil  Silver 5 зеркальная пленка','Купить Nexfil  Silver 5 зеркальная пленка','Купить Nexfil  Silver 5 зеркальная пленка',15,'1,3,2,4',0,'zerkalnaya__bronzovaya_plenka__bronza_10_ucxx1.png','',0.03,7.00,2,NULL),(194,'IR-cut 7060 теплоотражающая прозрачная солнцезащитная пленка  Solarblock',NULL,' 9 ','<h2 class=\"item__article__title\">\r\nIR-cut 7060 - теплоотражающая прозрачная солнцезащитная пленка\r\n</h2><p>\r\n	Теплоотражающие пленки появились в процессе эволюции солнцезащитных пленок. Стало востребовано более прозрачное и более эффективное покрытие, чем классическая зеркальная пленка. Благодаря развитию новых технологий и экспериментам с новыми материалами был создан это долгожданный продукт, который защищает от солнечной энергии и не затемняет помещение. \r\n</p><ul>\r\n	<li>\r\n	Прозрачность (пропускание видимого света 72 %)  при эффективной теплозащите  и энергосбережении.\r\n\r\n	</li>\r\n	<li>\r\n	Отражает 66 % инфракрасного излучения солнца (IR-cut) , 53 % всей тепловой энергии солнца (TSER) и 99% ультрафиолета.\r\n	</li>\r\n	<li>\r\n	Подходит для помещений с большой площадью остекления, используем дневное освещение и препятствуем теплопотерям зимой.\r\n	</li>\r\n	<li>\r\n	Solarblock IR-cut 7060 превосходит по обзорности зеркальные солнцезащитные пленки, сохраняя тепло и уют в помещении.\r\n	</li>\r\n</ul>','Solarblock IR-cut 7060','ircut_7060__teplootrazhayuschaya_prozrachnaya_solntcezaschitnaya_plenka__sk1cs.png',24300.00,1000.00,NULL,NULL,'{,}2{=}{,}3{=}{,}4{=}{,}5{=}{,}6{=}{,}7{=}{,}8{=}6{,}','ir-cut-7060',0,'IR-cut 7060 теплоотражающая прозрачная солнцезащитная пленка ','Купить теплоотражающую солнцезащитную пленку IR-cut 7060','Купить теплоотражающую солнцезащитную пленку, купить теплоотражающую пленку,   купить теплозащитную пленку на окна',120,'49,4,2,',0,'teplootrazhayuschaya_solntcezaschitnaya_plenka__ircut_7060_de8e9.png','/tds/TDS-Solarblock-IR-Cut-7060.pdf',0.03,7.00,2,3),(195,'Зеркальная пленка Silver (25)  (ultrablock)',NULL,'','<div class=\"row\">\r\n	<div class=\"col-xs-24 col-sm-12\">\r\n		<h2 class=\"item__article__title\">\r\n		Зеркальная солнцезащитная пленка Silver 25\r\n		</h2>\r\n		<p>\r\n			Металлизированная выносливая пленка с односторонней видимостью. Днем снаружи пленка выглядит как непрозрачное зеркало — вас не видно, а изнутри видно, что происходит на улице\r\n		</p>\r\n		<ul>\r\n			<li>\r\n			Солнцеотражающая пленка с односторонней видимостью. Днем снаружи пленка выглядит как непрозрачное зеркало – вас не видно,  а изнутри видно, что происходит на улице.\r\n			</li>\r\n			<li>\r\n			Отражает 54% инфракрасного излучения солнца (IR-cut) и 70% всей тепловой энергии солнца (TSER).</li>\r\n			<li>\r\n			Не пропускает 99% ультрафиолета и исключает блики от источников света внутри помещения.\r\n			</li>\r\n			<li>\r\n			Отлично подходит для офисов, промышленных помещений, а в домашних условиях для балкона и жилых комнат.\r\n			</li>\r\n			<li>Универсальна  –  незначительно затемняет помещение вечером, зимой. Предпочтительна для средней солнечной нагрузки.\r\n			</li>\r\n		</ul>\r\n	</div>\r\n	<div class=\"col-xs-24 col-sm-12\">\r\n		<div class=\"transmiss__graph\">\r\n			<div class=\"transmiss__graph__comment transmiss__graph__comment--first\">\r\n				Silver 25\r\n				<span class=\"pointer pointer--vertical pointer--red pointer--lg\"></span>\r\n			</div>\r\n			<div class=\"transmiss__graph__comment transmiss__graph__comment--second\">\r\n				Silver 15\r\n				<span class=\"pointer pointer--vertical pointer--red pointer--lg\"></span>\r\n			</div>\r\n			<div class=\"transmiss__graph__comment transmiss__graph__comment--third\">\r\n				Silver 5\r\n				<span class=\"pointer pointer--vertical pointer--red pointer--lg\"></span>\r\n			</div>\r\n			<div class=\"transmiss__graph__percent\">\r\n				<i>100%</i>\r\n				<i>90</i>\r\n				<i>80</i>\r\n				<i>70</i>\r\n				<i>60</i>\r\n				<i>50</i>\r\n				<i>40</i>\r\n				<i>30</i>\r\n				<i>20</i>\r\n				<i>10</i>\r\n				<i>0%</i>\r\n			</div>\r\n			<div class=\"transmiss__graph__gradient\">\r\n				<span class=\"vlt\">\r\n				VLT\r\n				<a class=\"pop-over\" href=\"javascript: void(0)\" data-html=\"true\" data-toggle=\"popover\" data-placement=\"top\" title=\"<i class=\'icons icons--popover-close\'></i>VLT (ПВС)\" data-content=\"Процент пропускания видимого света. Чем он больше, тем выше прозрачность пленки.\">?</a>\r\n				</span>\r\n			</div>\r\n			<div class=\"transmiss__graph__marks\">\r\n				<span class=\"transmiss__graph__marks__first\"></span><span class=\"transmiss__graph__marks__second\"></span>\r\n			</div>\r\n			<div class=\"transmiss__graph__descr\">\r\n				<p class=\"pull-left\">\r\n					Прозрачное стекло  — 100-80%\r\n				</p>\r\n				<p class=\"pull-right\">\r\n					Темное стекло  — 18-8%\r\n				</p>\r\n			</div>\r\n		</div>\r\n	</div>\r\n</div>','usb  silver 25','zerkalnaya_plenka_silver_25_xhrif.png',6000.00,490.00,NULL,NULL,'{,}2{=}{,}3{=}{,}4{=}{,}6{=}{,}7{=}{,}8{=}5{,}','usbsilver25',0,'Зеркальная пленка Silver 25','Купить зеркальную пленка Silver 25','Зеркальная пленка Silver 25,  пленка Silver 25, Silver 25',91,'1,2,5,4',1,'zerkalnaya_plenka_silver_25_hreek.png','',NULL,NULL,2,34),(196,'Солнцезащитная пленка Gold 15 (ultrablock)',NULL,' 8 ','<h2 class=\"item__article__title\" \"=\"\">\r\nGold 15 - солнцезащитная пленка золотого цвета\r\n</h2><p>\r\n	Cолнцезащитная пленка Gold 15 - красивая защита от проникновения солнечного света. Степень пропускания видимого света 18% - актуально для торговых, офисных центров, ресторанов, кафе и других объектов.\r\n</p><ul>\r\n	<li>\r\n	Золотистый оттенок пленки создает благородный стиль, подчеркивая изысканность и аристократичность. С давних пор золотой цвет считается признаком несомненного вкуса и достатка владельца. Выбирая золотистой оттенок для своих окон, вы непременно подчеркнете свой статус.\r\n	</li>\r\n	<li>\r\n	Пленка обладает зеркальным эффектом, что в совокупности с цветовой гаммой материала делает общее впечатление от тонирования эффектным.\r\n	</li>\r\n	\r\n</ul>','Gold 15 (ultrablock)','zerkalnaya_plenka_gold_15_ultrablock_mkc4x.jpg',7500.00,NULL,NULL,NULL,'{,}2{=}{,}','gold15',0,'Gold 15 солнцезащитная пленка','Купить тнирующую солнцезащитную пленку золото','Gold 15,  Солнцезащитная пленка, Золотая пленка для тонировки, пленка для окон',83,'2,8,3,5',1,'zerkalnaya_plenka_gold_15_tgsd5.png','',0.03,7.00,2,NULL),(197,'Зеркальная пленка Bronze/Silver 10 S 713 H (ultrablock)',NULL,' 8 ','<h2 class=\"item__article__title\">\r\nBronze/Silver 10 - Зеркальная солнцезащитная пленка бронзового цвета\r\n</h2><p>\r\n	Cолнцезащитная пленка Bronze/Silver 10 - двусторонняя пленка с одной стороны имеет бронзовый оттенок, с другой - серебряный оттенок.\r\n\r\n\r\n</p><ul>\r\n	<li>\r\n	Солнцеотражающая пленка с односторонней видимостью. Днем снаружи пленка выглядит как непрозрачное зеркало бронзового цвета – вас не видно, а изнутри видно, что происходит на улице. \r\n	</li>\r\n	<li>Отражает 39 % инфракрасного излучения солнца (IR-cut). \r\n	</li>\r\n	<li>Не пропускает 99% ультрафиолета и исключает блики от источников света внутри помещения. \r\n	</li>\r\n	<li>\r\n	Пленка обладает зеркальным эффектом, что в совокупности с цветовой гаммой материала делает общее впечатление от тонирования эффектным.\r\n	</li>\r\n	<li>Универсальна – незначительно затемняет помещение вечером, зимой. Предпочтительна для средней солнечной нагрузки. \r\n	</li>\r\n	\r\n</ul>','Bronze/Silver 10 S 713 H (ultrablock)','zerkalnaya_plenka_bronze_silver_10_s_713_h_ultrablock_p4ruv.jpg',7500.00,490.00,NULL,NULL,'{,}2{=}{,}3{=}{,}4{=}{,}5{=}{,}6{=}{,}7{=}{,}8{=}5{,}','bronzesilver10',0,'Bronze/Silver 10 S 713 H зеркальная солнцезащитная пленка','Купить зеркальную солнцезащитную пленку бронза серебро','Bronze/Silver 10 S 713 H,  Зеркальная пленка, Серебрянная бронзовая пленка для тонировки, пленка для окон',75,'3,10,8,2',1,'','',0.03,7.00,2,NULL),(198,'Синяя солнцезащитная пленка Blue 5 S 303 (ultrablock)',NULL,' 8 ','<h2 class=\"item__article__title\" \"=\"\">\r\nBlue 5 -  синяя солнцезащитная пленка Blue 5 S 303\r\n</h2>','Blue 5 S 303 (ultrablock)','zerkalnaya_sinyaya_solntcezaschitnaya_plenka_blue_5_s_303_v7u49.jpg',7500.00,490.00,NULL,NULL,'{,}2{=}{,}3{=}{,}4{=}{,}5{=}{,}6{=}{,}7{=}{,}8{=}5{,}','blue5',0,'Blue 5 S 303  солнцезащитная пленка синяя','Купить зеркальную солнцезащитную пленку синюю','Blue 5 S 303,  Зеркальная пленка, Серебрянная пленка для тонировки, пленка для окон синяя',55,'1,11,2,3',1,'','',0.03,7.00,2,NULL),(199,' Зеленая солнцезащитная пленка Green 5 (ultrablock)',NULL,' 8 ','<h2 class=\"item__article__title\" \"=\"\">\r\nGreen 5  -  зеленая солнцезащитная пленка </h2><p \"=\"\">\r\n	<br></p><ul>\r\n	<li>Солнцезащитная пленка зеленого цвета снаружи (с улицы).</li>\r\n	<li>\r\n	Отражает 81 % инфракрасного излучения солнца (IR-cut) и 72 % всей тепловой энергии солнца (TSER).\r\n	</li>\r\n	<li>\r\n	Не пропускает 99% ультрафиолета и исключает блики от источников света внутри помещения.\r\n	</li>\r\n	<li>\r\n	Стильный цвет подходит для фасадов административных зданий, загородных домов.\r\n	</li>\r\n</ul>','Green 5 S 968  (ultrablock)','zerkalnaya_zelenaya_solntcezaschitnaya_plenka_green_5_3jlbs.jpg',7500.00,490.00,NULL,NULL,'{,}2{=}{,}3{=}{,}4{=}{,}5{=}{,}6{=}{,}7{=}{,}8{=}5{,}','green5',0,'Green 5 S 968 зеленая солнцезащитная пленка','Купить зеленую тонирующуд солнцезащитную пленку','Green 5 S 968,  тонирующая пленка, зеленая пленка для тонировки, пленка для окон',60,'1,12,3,2',1,'','',0.03,7.00,2,39),(200,'Зеркальная солнцезащитная пленка Blue/Silver 15 S 509 H (ultrablock)',NULL,' 8 ','<h2 class=\"item__article__title\">\r\nBlue/Silver 15 - Зеркальная солнцезащитная пленка синего цвета\r\n</h2><p>\r\n	Зеркальная солнцезащитная пленка Blue/Silver 15  - двусторонняя пленка с одной стороны имеет синий оттенок, с другой - серебряный оттенок.\r\n</p><ul>\r\n	<li>\r\n	Солнцеотражающая пленка с односторонней видимостью. Днем снаружи пленка выглядит как непрозрачное зеркало синего цвета – вас не видно, а изнутри видно, что происходит на улице. \r\n	</li>\r\n	<li>Отражает 80 % инфракрасного излучения солнца (IR-cut). \r\n	</li>\r\n	<li>Не пропускает 99% ультрафиолета и исключает блики от источников света внутри помещения. \r\n	</li>\r\n	<li>\r\n	Пленка обладает зеркальным эффектом, что в совокупности с цветовой гаммой материала делает общее впечатление от тонирования эффектным.\r\n	</li>\r\n	<li>Универсальна – незначительно затемняет помещение вечером, зимой. Предпочтительна для средней солнечной нагрузки. \r\n	</li>\r\n</ul>','Blue/Silver 15 S 509 H (ultrablock)','zerkalnaya_solntcezaschitnaya_plenka_blue_silver_15_s_509_h_s2oql.jpg',7500.00,490.00,NULL,NULL,'{,}2{=}{,}3{=}{,}4{=}{,}5{=}{,}6{=}{,}7{=}{,}8{=}5{,}','bluesilver15',0,'Blue/Silver 15 S 509 H зеркальная солнцезащитная пленка ','Купить зеркальную солнцезащитную пленку голубая серебро','Blue/Silver 15 S 509 H голубая серебро,  Зеркальная пленка, Серебрянная пленка для тонировки, пленка для окон ',56,'2,13,11,3',1,'','',0.03,7.00,2,36),(201,'Бронирующая пленка SF 50 CL (2 mil) (ultrablock)',NULL,'','','SF 50 CL','broniruyuschaya_plenka_sf_50_cl_56_mkm_mzjzu.png',6750.00,390.00,NULL,NULL,'{,}2{=}{,}3{=}{,}4{=}{,}6{=}{,}7{=}{,}8{=}5{,}','sf50',0,'SF 50 CL (56 мкм) бронирующая пленка','Купить бронирующую пленку','SF 50 CL (56 мкм),  Бронирующая пленка, пленка для окон',205,'50,14,52,4',1,'','',NULL,NULL,2,NULL),(202,'Бронирующая пленка SF 200 CL  (ultrablock)',NULL,'','<h2 class=\"item__article__title\">\r\nUSB SF 200 CL - бронирующая противоосколочная пленка 200 микрон\r\n</h2><p>\r\n	Оптимальный выбор для защиты окон и витрин магазинов, торговых  и развлекательных центров.\r\n</p><ul>\r\n	<li>\r\n	Обеспечивает надежность на уровне металических решеток и не портит внешний вид здания и окон.\r\n	</li>\r\n	<li>\r\n	В случае разбития все осколки останутся на пленке, люди и интерьеры не пострадают. Пленка незаметна, не мешает в быту и работе.\r\n	</li>\r\n	<li>\r\n	Активно используется в учебных заведениях, торговых помещениях, офисах и банках. \r\n	</li>\r\n</ul>','SF 200 CL','broniruyuschaya_plenka_sf_200_cl_224_mkm_ai-mo.png',12250.00,700.00,NULL,NULL,'{,}2{=}{,}3{=}{,}4{=}{,}6{=}{,}7{=}{,}8{=}5{,}','sf200',0,'Купить SF 200 CL бронирующая пленка 200 микрон (8 mil)','Купить бронирующую пленку 200 микрон (8 mil) для защиты окон и витрин магазинов, кафе, торговых и развлекательных центров.','SF 200 CL (200 мкм),  Бронирующая пленка 200 микрон, 200 микрон пленка для окон, бронирующая пленка для торговых центров, бронирующая пленка для развлекательных центров, бронирующая пленка для окон учебных заведений',220,'50,15,53,51',1,'broniruyuschaya_plenka_sf_200_cl_224_mkm_vv3n5.png','',NULL,NULL,2,NULL),(203,'Теплоотражающая пленка  USB Sky Blue (ultrablock)',NULL,' 9 ','','Sky Blue','teplootrazhayuschaya_plenka__usb_sky_blue_kv2xy.jpg',31250.00,1500.00,NULL,NULL,'{,}2{=}{,}3{=}{,}4{=}{,}6{=}{,}7{=}{,}8{=}5{,}','usb-sky-blue',0,'Теплоотражающая пленка  USB Sky Blue','Купить теплоотражающую пленку USB Sky Blue','Купить теплоотражающую солнцезащитную пленку, купить теплоотражающую пленку,   купить теплозащитную пленку на окна',110,'49,4,16,17',1,'','',0.00,0.00,2,11),(204,'Теплоотражающая светло-голубая пленка  USB Nano Blue (ultrablock)',NULL,' 9 ','','Nano Blue','teplootrazhayuschaya_svetlogolubaya_plenka__usb_nano_blue_grfue.jpg',13250.00,700.00,NULL,NULL,'{,}2{=}{,}3{=}{,}4{=}{,}6{=}{,}7{=}{,}8{=}5{,}','usb-nano-blue',0,'Теплоотражающая светло-голубая пленка  USB Nano Blue','Купить теплоотражающую светло-голубую пленку  USB Nano Blue','Купить теплоотражающую светло-голубую пленку, купить теплоотражающую пленку,   купить теплозащитную пленку на окна',125,'4,49,17,18',1,'','',0.00,0.00,2,31),(205,'Теплоотражающая светло-серая пленка  USB Nano Grey (ultrablock)',NULL,' 9 ','','Nano Grey','teplootrazhayuschaya_svetloseraya_plenka__usb_nano_grey_8rtky.jpg',13250.00,700.00,NULL,NULL,'{,}2{=}{,}3{=}{,}4{=}{,}6{=}{,}7{=}{,}8{=}5{,}','usb-nano-grey',0,'Теплоотражающая светло-серая пленка  USB Nano Grey','Купить теплоотражающую светло-серую пленку USB Nano Grey','Купить теплоотражающую светло-серую пленку, купить теплоотражающую пленку,   купить теплозащитную пленку на окна',140,'4,49,18,17',1,'','',0.00,0.00,2,20),(206,'Белая матовая пленка White matt',NULL,' 11 ','<h2 class=\"item__article__title\">\r\nWhite matt 2 mil - белая матовая пленка\r\n</h2><p>\r\n	Стекло с матовой пленкой (любой декоративной пленкой) может треснуть после сильного удара , но все части стекла удержатся на пленке и никто не пострадает (защита от осколков).\r\n</p><ul>\r\n	<li>\r\n	Белая матовая пленка создает внутри помещения приятный рассеянный свет, передавая полутона и контуры.\r\n	</li>\r\n	<li>\r\n	Делает стекло полупрозрачным, создает приватность днем и ночью, когда в помещении включен свет.\r\n	</li>\r\n	<li>\r\n	На пленке можно выполнить полноцветную печать. Получаются сочные цвета при высокой стойкости рисунка к свету и моющим средствам.\r\n	</li>\r\n</ul><p><br></p>','Solarblock White matt 2 mil','dekorativnaya_belaya_matovaya_plenka_white_matt_t4wnw.jpg',5900.00,300.00,NULL,NULL,'{,}2{=}{,}','white-matt-2mill',0,'White Matt белая матовая пленка на окна','Купить декоративную белую матовую пленку White Matt','Купить декоративную белую матовую пленку White Matt, купить декоративную плетку, купить декоративную пленку на окна',300,'3,19,2,',0,'dekorativnaya_belaya_matovaya_plenka_white_matt_uk5bh.png','/tds/TDS-Solarblock-White-matt-2mil.pdf',0.03,7.00,2,13),(207,'Декоративная белая матовая пленка  AD 220 (1,52х30)',NULL,' 11 ','','ultrablock AD 220','dekorativnaya_belaya_matovaya_plenka_pvc_k5vhc.jpg',8500.00,450.00,NULL,NULL,'{,}2{=}{,}','ultrablock-ad220',0,'Декоративная белая матовая пленка PVC','Купить декоративную белую матовую пленку PVC','Купить декоративную белую матовую пленку PVC, купить декоративную плетку, купить декоративную пленку на окна',310,NULL,1,'','',0.03,7.00,2,NULL),(208,'Декоративная полупрозрачная полоса 10 мм полупрозрачная',NULL,' 11 ','<p>Полупрозрачные полоски шириной 10 мм.</p>','ultrablock PF 32-1F','dekorativnaya_poluprozrachnaya_polosa_10_e862k.jpg',8500.00,450.00,NULL,NULL,'{,}2{=}{,}','ultrablock-pf-32-1f',0,'Декоративная полупрозрачная полоса 10','Купить декоративную полупрозрачную полосу 10','Купить декоративную полупрозрачную полосу 10, купить декоративную плетку, купить декоративную пленку на окна',340,NULL,1,'','',0.03,7.00,2,21),(209,'Декоративная полоса 30 ',NULL,' 11 ','<p>Белая глянцевая полоска 30 мм.</p>','ultrablock PF 28-1','dekorativnaya_polosa_30_mlwj9.jpeg',7000.00,400.00,NULL,NULL,'{,}2{=}{,}','ultrablock-pf28-1',0,'Декоративная полоса 30','Купить декоративную полосу 30','Купить декоративную полосу 30, купить декоративную плетку, купить декоративную пленку на окна',355,NULL,1,'','',0.03,7.00,2,18),(210,'Декоративная полупрозрачная полоса 35',NULL,' 11 ','<p>Полупрозрачная матовая полоса шириной 35 мм</p>','Ultrablock PF 52-1F','dekorativnaya_poluprozrachnaya_polosa_35_qsffm.jpg',8500.00,450.00,NULL,NULL,'{,}2{=}{,}','ultrablock pf52-1f',0,'Декоративная полупрозрачная полоса 35','Купить декоративную полупрозрачную полосу 35','Купить декоративную полупрозрачную полосу 35, купить декоративную плетку, купить декоративную пленку на окна',360,NULL,1,'','',0.03,7.00,2,NULL),(211,'Декоративный белый прямоугольник 46х6 ',NULL,' 11 ','<p> Глянцевый прямоугольник 46 х 6 мм</p>','Ultrablock PF 03-1','dekorativnij_belij_pryamougolnik_46h6_-0mzz.jpg',7000.00,400.00,NULL,NULL,'{,}2{=}{,}','ultrablock-pf03-1',0,'Декоративный белый прямоугольник 46х6','Купить декоративный белый прямоугольник 46х6','Купить декоративный белый прямоугольник 46х6, купить декоративную плетку, купить декоративную пленку на окна',365,NULL,1,'','',0.03,7.00,2,NULL),(212,'Декоративный полупрозрачный квадрат 45х45 ',NULL,' 11 ','<p>Полупрозрачный матовый квадрат 45х45 мм</p>','Ultrablock PF 57-1F','dekorativnij_poluprozrachnij_kvadrat_45h45_ghq9w.jpg',8500.00,450.00,NULL,NULL,'{,}2{=}{,}','ultrablock-pf57-1f',0,'Декоративный полупрозрачный квадрат 45х45','Купить декоративный полупрозрачный квадрат 45х45','Купить декоративный полупрозрачный квадрат 45х45, купить декоративную плетку, купить декоративную пленку на окна',360,NULL,1,'','',0.03,7.00,2,NULL),(213,'Декоративный квадрат 37х37 ',NULL,' 11 ','<p>Глянцевый квадрат матовый 37х37 мм</p>','Ultrablock PF 15-1','dekorativnij_kvadrat_37h37_uifca.jpg',7000.00,400.00,NULL,NULL,'{,}2{=}{,}','ultrablock-pf15-1',0,'Декоративный квадрат 37х37','Купить декоративный квадрат 37х37','Купить декоративный квадрат 37х37, купить декоративную плетку, купить декоративную пленку на окна',375,NULL,1,'','',0.03,7.00,2,NULL),(214,'Декоративный белый квадрат 20х20',NULL,' 11 ','<p>Глянцевый квадрат 20х20 мм</p>','ultrablock PF 01-1','dekorativnij_belij_kvadrat_20h20_egf3k.jpeg',7000.00,400.00,NULL,NULL,'{,}2{=}{,}','ultrablock-pf01-1',0,'Декоративный белый квадрат 20х20','Купить декоративный белый квадрат 20х20','Купить декоративный белый квадрат 20х20, купить декоративную плетку, купить декоративную пленку на окна',377,NULL,1,'','',0.03,7.00,2,27),(216,'Декоративный белый прямоугольник 34х15',NULL,' 11 ','<p>Белый глянцевый прямоугольник 34х15 мм</p>','Ultrablock PF 02-1','dekorativnij_belij_pryamougolnik_34h15_q7jhy.jpg',7000.00,400.00,NULL,NULL,'{,}2{=}{,}','ultrablock-pf02-1',0,'Декоративный белый прямоугольник 34х15','Купить декоративный белый прямоугольник 34х15','Купить декоративный белый прямоугольник 34х15, купить декоративную плетку, купить декоративную пленку на окна',379,NULL,1,'','',0.03,7.00,2,30),(222,'Декоративная полоса 10',NULL,' 11 ','<p>Белая глянцевая полоска шириной 10 мм</p>','ultrablock PF 32-1','dekorativnaya_polosa_10_qag_a.jpg',7000.00,400.00,NULL,NULL,'{,}2{=}{,}','ultrablock-pf32-1',0,'Декоративная полоса 10','Купить декоративную полосу 10','Купить декоративную полосу 10, купить декоративную плетку, купить декоративную пленку на окна',350,NULL,1,'','',0.03,7.00,2,NULL),(223,'Декоративная полоса 4 ',NULL,' 11 ','<p>Белая глянцевая полоска шириной 4 мм</p>','ultrablock PF 14-1','dekorativnaya_polosa_4_bll4o.jpg',7000.00,400.00,NULL,NULL,'{,}2{=}{,}','ultrablock-pf14-1',0,'Декоративная полоса 4','Купить декоративную полосу 4','Купить декоративную полосу 4, купить декоративную плетку, купить декоративную пленку на окна',381,NULL,1,'','',0.03,7.00,2,NULL),(224,'Декоративная пленка ромб',NULL,' 11 ','<p>Белая глянцевая пленка ромб</p>','Ultrablock PF 18-1','dekorativnaya_plenka_romb_jzkrb.jpg',7000.00,400.00,NULL,NULL,'{,}2{=}{,}','ultrablock-pf18-1',0,'Декоративная пленка ромб','Купить декоративную пленку ромб','Купить декоративную пленку ромб, купить декоративную плетку, купить декоративную пленку на окна',385,NULL,1,'','',0.03,7.00,2,14),(225,'Декоративная пленка дождь ',NULL,' 11 ','','Ultrablock PF 44-1','dekorativnaya_plenka_dozhd_cnfmj.jpg',7000.00,400.00,NULL,NULL,'{,}2{=}{,}','ultrablock-pf44-1',0,'Декоративная пленка дождь','Купить декоративную пленку дождь','Купить декоративную пленку дождь, купить декоративную плетку, купить декоративную пленку на окна',387,NULL,1,'','',0.03,7.00,2,NULL),(230,'Декоративная пленка ветвь прозрачная',NULL,' 11 ','','ultrablock  PF45-1','dekorativnaya_plenka_vetv_prozrachnaya_gmh8j.jpg',7000.00,400.00,NULL,NULL,'{,}2{=}{,}','ultrablock-pf45-1',0,'Декоративная пленка ветвь прозрачная','Купить декоративную пленку ветвь прозрачная','Купить декоративную пленку ветвь прозрачная, купить декоративную плетку, купить декоративную пленку на окна',389,NULL,1,'','',0.03,7.00,2,NULL),(231,'Декоративная пленка ветвь матовая',NULL,' 11 ','','Ultrablock AF013','dekorativnaya_plenka_vetv_matovaya_47qkb.jpg',8500.00,450.00,NULL,NULL,'{,}2{=}{,}','ultrablock-af013',0,'Декоративная пленка ветвь матовая','Купить декоративную пленку ветвь матовая','Купить декоративную пленку ветвь матовая, купить декоративную плетку, купить декоративную пленку на окна',391,NULL,1,'','',0.03,6.00,2,23),(233,'Декоративная пленка цветы золотые',NULL,' 11 ','','Ultrablock SRC PG 001','dekorativnaya_plenka_tcveti_zolotie_-awgi.jpg',12500.00,600.00,NULL,NULL,'{,}2{=}{,}','ultrablock-src-pg-001',0,'Декоративная пленка цветы золотые','Купить декоративную пленку цветы золотые','Купить декоративную пленку цветы золотые, купить декоративную плетку, купить декоративную пленку на окна',393,NULL,1,'','',0.03,7.00,2,NULL),(234,' Зеркальная солнцезащитная тонировочная пленка, silver 40 (серебро)  (ultrablock)',NULL,'','','usb Silver 40','dekorativnaya_plenka_shahmati_serebro_epy9-.jpg',7250.00,490.00,NULL,NULL,'{,}2{=}{,}','Silver40',0,' Зеркальная солнцезащитная тонировочная пленка, silver 40 (серебро) ',' Зеркальная солнцезащитная тонировочная пленка, silver 40 (серебро) ',' Зеркальная солнцезащитная тонировочная пленка, silver 40 (серебро) ',90,NULL,1,'','',NULL,NULL,2,NULL),(235,'Солнцезащитная пленка Bronze 35 (ultrablock)',NULL,' 8 ','','Bronze 35 (ultrablock)','solntcezaschitnaya_plenka_bronze_35_ultrablock_t3mbx.jpg',6500.00,NULL,NULL,NULL,'{,}2{=}{,}','s193bk',0,'Bronze 35 солнцезащитная пленка','Купить солнцезащитную пленку бронза','Бронза 35, тонирующая пленка, бронзовая пленка для тонировки, пленка для окон',82,'303,197,282,',1,'','',0.03,7.00,2,32),(236,'IR-cut 7080 теплоотражающая прозрачная солнцезащитная пленка Solarblock',NULL,' 9 ','<h2 class=\"item__article__title\">\r\nIR-cut 7080 - теплоотражающая прозрачная солнцезащитная пленка\r\n</h2><p>\r\n	Теплоотражающие пленки появились в процессе эволюции солнцезащитных пленок. Стало востребовано более прозрачное и более эффективное покрытие, чем классическая зеркальная пленка. Благодаря развитию новых технологий и экспериментам с новыми материалами был создан это долгожданный продукт, который защищает от солнечной энергии и не затемняет помещение.\r\n</p><ul>\r\n	<li>\r\n	При эффективной теплозащите и энергосбережении пленка почти не заметна на окне - ПВС 74 %.\r\n\r\n	</li>\r\n	<li>\r\n	Отражает 80 % инфракрасного излучения солнца (IR-cut) , 55 % всей тепловой энергии солнца (TSER) и 99% ультрафиолета.\r\n	</li>\r\n	<li>\r\n	Незаменима для остекления, где важна прозрачность, используем дневное освещение и препятствуем теплопотерям зимой.\r\n	</li>\r\n	<li>\r\n	Solarblock IR-cut 7080 почти как зеркальные пленки защищает от солнечной энергии,  заметно превосходит по обзорности и энергоэффективности.\r\n	</li>\r\n</ul>','Solarblock IR-cut 7080','ircut_7080_teplootrazhayuschaya_prozrachnaya_solntcezaschitnaya_plenka__et-bh.png',28900.00,1200.00,NULL,NULL,'{,}2{=}{,}3{=}{,}4{=}{,}5{=}{,}6{=}{,}7{=}{,}8{=}5{,}','ircut7080',0,'IR-cut 7080 теплоотражающая прозрачная солнцезащитная пленка ','Купить теплоотражающую солнцезащитную пленку IR-cut 7080','Купить теплоотражающую солнцезащитную пленку, купить теплоотражающую пленку,   купить теплозащитную пленку на окна',105,'49,4,2,',0,'ircut_7080_teplootrazhayuschaya_solntcezaschitnaya_plenka__sdq0j.png','/tds/TDS-Solarblock-IR-Cut-7080.pdf',0.03,7.00,2,4),(237,'Бронирующая пленка 100 микрон (4 mil) (ultrablock)',NULL,' 10 ','<h2 class=\"item__article__title\">\r\nSolarblock Safety 100 - бронирующая противоосколочная пленка 100 микрон\r\n</h2><p>\r\n	Повышает устойчивость стекла к механическому воздействию, предохраняет его от возникновения сколов и царапин, значительно повышает прочность и сохраняет идеальный вид стекла\r\n</p><ul>\r\n	<li>\r\n	Подходит для большинства помещений, достаточно повышает прочность стекла для безопасности людей.\r\n	</li>\r\n	<li>\r\n	В случае разбития все осколки останутся на пленке, люди и интерьеры не пострадают. Пленка незаметна, не мешает в быту и работе.\r\n	</li>\r\n	<li>\r\n	Активно используется в учебных заведениях, торговых помещениях, офисах и банках. \r\n	</li>\r\n	\r\n</ul>','Solarblock Safety 100','broniruyuschaya_plenka_100_mkm_4_mil_4urqj.png',8900.00,400.00,NULL,NULL,'{,}2{=}{,}3{=}{,}4{=}{,}6{=}{,}7{=}{,}8{=}5{,}','safety100',0,'Бронирующая пленка  100 микрон на окна','Купить бронирующую пленку на окна 100 микрон. Установка бронирующей пленки на окна и витрины магазина.','SF 100 CL (112 мкм),  Бронирующая пленка, 100 микрон бронирующей пленки, антиосколочная пленка 100 микрон, противоосколочная пленка 100 микрон.',210,'52,50,53,',0,'broniruyuschaya_plenka_100_mkm_4_mil_00kmq.png','/tds/TDS-Solarblock-Safety-100.pdf',0.03,11.00,2,NULL),(238,'Бронирующая пленка  300 микрон  (12 mil) (ultrablock)',NULL,' 10 ','<h2 class=\"item__article__title\">\r\nSolarblock Safety 300 - бронирующая противоосколочная пленка толщиной 300 микрон\r\n</h2><p>\r\n	300 микрон - максимальная защита и наибольшее сопротивление нагрузкам.\r\n</p><ul>\r\n	<li>\r\n	Стекло с такой пленкой  не позволит проникнуть в помещение без использования спецсредств. \r\n	</li>\r\n	<li>\r\n	В случае разбития все осколки останутся на пленке, люди и интерьеры не пострадают. Пленка незаметна, не мешает в быту и работе.\r\n	</li>\r\n	<li>\r\n	Активно используется в местах хранения ценных вещей, банках и первых этажах жилых домов\r\n	</li>\r\n</ul>','Solarblock Safety 300','broniruyuschaya_plenka_300_mkm_12_mil_yamzn.png',24300.00,1000.00,NULL,NULL,'{,}2{=}{,}3{=}{,}4{=}{,}6{=}{,}7{=}{,}8{=}5{,}','safety300',0,'Бронирующая пленка  300 микрон  (12 mil)','Купить бронирующую пленку на окна 300 микрон. Установка бронирующей пленки на окна и витрины магазина.','SF 300 CL (323 мкм),  Бронирующая пленка, 300 микрон бронирующей пленки, антиосколочная пленка 300 микрон, противоосколочная пленка 300 микрон.',225,'50,51,53,',0,'broniruyuschaya_plenka_300_mkm_12_mil_c4qba.png','/tds/TDS-Solarblock-Safety-300.pdf',0.16,31.00,2,10),(239,'Бронирующая пленка 100 микрон (Широкий рулон 1,82 м) (ultrablock)',NULL,' 10 ','<h2 class=\"item__article__title\">\r\nSolarblock Safety 100 (182) - широкий рулон бронирующей противоосколочной пленки 100 микрон\r\n</h2><p>\r\n	Рулон увеличенной ширины 182 мм предназначен для бесшовного бронирования широких стекол. Широкие рулоны уникальные на российском рынке, и мы являемся первой компанией, которая наладила постоянные поставки широкий рулонов бронирующей пленки.\r\n\r\n</p><ul>\r\n	<li>\r\n	Повышает прочность стекла и в случае удара все осколки удержатся на пленке, защищая людей и интерьеры.\r\n	</li>\r\n	<li>\r\n	Пленка прозрачна и не затемняет помещение. Активно используется в административных зданиях, лечебных заведениях и коттеджах.\r\n	</li>\r\n	\r\n	\r\n</ul>','Solarblock safety 100 (182)','broniruyuschaya_plenka_100_mkm_shirokij_rulon_182_m_usbir.png',12500.00,500.00,NULL,NULL,'{,}2{=}{,}3{=}{,}4{=}{,}6{=}{,}7{=}{,}8{=}5{,}','safety100-182',0,'Бронирующая пленка 100 микрон. Ширина  рулона - 182 мм','Купить бронирующую пленку на окна 100 микрон в широких рулонах. Установка бронирующей пленки на окна и витрины магазина. Бесшовное бронирование окон и витрин.','Купить широкие рулоны бронирующей пленки, бесшовная установка бронирующей пленки, ',215,'50,52,53,',0,'broniruyuschaya_plenka_100_mkm_shirokij_rulon_182_m_yn3vb.png','/tds/TDS-Solarblock-Safety-100-180.pdf',0.03,12.20,2,8),(240,'Бронирующая пленка 127 мкм с теплоотражающим слоем (ultrablock)',NULL,' 9  10 ','<h2 class=\"item__article__title\">\r\nSolarblock Safety IR-cut 125/50 - бронирующая пленка толщиной 127 мкм с теплоотражающим слоем.\r\n</h2><p>\r\n	Значительно укрепляет стекло от большинства экстремальных нагрузок и слегка его тонирует.\r\n</p><ul>\r\n	<li>\r\n	Пленка содержит теплозащитный слой, который защитит от перегрева солнечным теплом.\r\n	</li>\r\n	<li>\r\n	В случае разбития все осколки останутся на пленке, люди и интерьеры не пострадают. Пленка незаметна, не мешает в быту и работе.\r\n	</li>\r\n	<li>\r\n	Активно используется в местах хранения ценных вещей, банках и первых этажах жилых домов\r\n	</li>\r\n</ul>','Solarblock Safety IR-cut 125/50','broniruyuschaya_plenka_125_mkm_s_teplootrazhayuschim_sloem_26mgq.jpg',11800.00,500.00,NULL,NULL,'{,}2{=}{,}3{=}{,}4{=}{,}5{=}{,}6{=}{,}7{=}{,}8{=}5{,}','safety-ircut-125-50',0,'125 мкм бронирующая пленка с  теплоотражающим слоем','Купить бронирующую пленку с теплоотражающим слоем. Бронирует окно и обеспечивает защиту от солнца','Купить бронирующую пленку с теплоотражающим слоем, купить толстую теплоотражающую пленку, купить толстую атермальную пленку, купить плотную теплозащитную пленку, купить плотную атермальную пленку.',60,'50,53,52,',0,'broniruyuschaya_plenka_125_mkm_s_teplootrazhayuschim_sloem_vlyww.png','/tds/TDS-Solarblock-Safety-ir-cut-125-50.pdf',0.00,0.00,2,6),(241,'WhiteOut белая непрозрачная ',NULL,' 11 ','<p>Белая глянцевая непрозрачная пленка</p>','Ultrablock WhiteOut','white_out_belaya_neprozrachnaya_sbfsv.jpg',8500.00,450.00,NULL,NULL,'{,}2{=}{,}7{=}{,}','ultrablock-whiteout',0,'Декоративная белая непрозрачная пленка White Out','Купить декоративную белую непрозрачную пленку White Out','Купить декоративную непрозрачную матовую пленку White Out, купить декоративную плетку, купить декоративную пленку на окна',325,NULL,1,'','',0.03,7.00,2,17),(242,' BlackOut черная непрозрачная',NULL,' 11 ','<p>Черная глянцевая не прозрачная пленка на окна</p>','Ultrablock BlackOut','dekorativnaya_plenka_chernaya_neprozrachnaya_black_out_avwjy.jpg',8500.00,450.00,NULL,NULL,'{,}2{=}{,}7{=}{,}','ultrablock-blackout',0,'Декоративная пленка черная непрозрачная Black Out','Купить декоративную черную непрозрачную пленку Black Out','Купить декоративную непрозрачную черную пленку Black Out, купить декоративную плетку, купить декоративную пленку на окна',335,NULL,1,'','',0.03,7.00,2,NULL),(243,'Зеркальная пленка Silver 5 (USB) (ultrablock)',NULL,'','','USB silver 5 ',NULL,7250.00,490.00,NULL,NULL,'{,}{,}','usbsilver5',0,'','','',89,NULL,0,'','',NULL,NULL,2,NULL),(244,'NDFOS  Silver 35 зеркальная солнцезащитная пленка',NULL,' 8 ','<div class=\"row\">\r\n	<div class=\"col-xs-24 col-sm-12\">\r\n		<h2 class=\"item__article__title\">Зеркальная солнцезащитная пленка Silver 35</h2>\r\n		<p>\r\n			Металлизированная выносливая пленка с односторонней видимостью. Днем снаружи пленка выглядит как непрозрачное зеркало — вас не видно, а изнутри видно, что происходит на улице\r\n		</p>\r\n		<ul>\r\n			<li>\r\n			Отражает более 95 % инфракрасного излучения солнца (IR-cut) и 82% всей тепловой энергии солнца (TSER).\r\n			</li>\r\n			<li>\r\n			Не пропускает 99 % ультрафиолета и исключает блики от источников света внутри помещения.\r\n			</li>\r\n			<li>\r\n			Отлично подходит для офисов, складов, промышленных помещений, а в домашних условиях для балкона или спальни.\r\n			</li>\r\n			<li>\r\n			Предпочтительна для защиты помещений с интенсивным солнечным облучением.</li>\r\n		</ul>\r\n	</div>\r\n</div>','NDFOS  Silver 35','ndfos__silver_35_zerkalnaya_solntcezaschitnaya_plenka_i8uko.jpg',6550.00,350.00,NULL,NULL,'{,}{,}','ndfos-silver35',0,'NDFOS  Silver 35 зеркальная солнцезащитная пленка','Купить NDFOS  Silver 35 зеркальную солнцезащитную пленку','Купить Silver 35 ',35,'191,277,278,',0,'','',0.03,7.00,2,NULL),(262,'IR-cut 7060 энергосберегающая прозрачная пленка1 (ultrablock)',NULL,'','<h2 class=\"item__article__title\">\r\nIR-cut 7060 - энергосберегающая прозрачная теплозащитная пленка\r\n</h2><p>\r\n	Энергосберегающая пленка с уравновешенными характеристиками и оптимальной ценой  успешно выполняет задачу отражения летнего солнечного тепла и сохранения его зимой внутри. Ежедневно сокращает ваши расходы на поддержание комфорта в помещении, практически не затемняя его. Несложные испытания показали разницу температуры с использованием такой пленки около 3-5 ℃.\r\n\r\n</p><ul>\r\n	<li>\r\n	Прозрачность (пропускание видимого света 72 %)  при эффективной теплозащите  и энергосбережении.\r\n	</li>\r\n	<li>\r\n	Отражает 66 % инфракрасного излучения солнца (IR-cut) , 53 % всей тепловой энергии солнца (TSER) и 99% ультрафиолета.\r\n	</li>\r\n	<li>\r\n	Подходит для помещений с большой площадью остекления, используем дневное освещение и препятствуем теплопотерям зимой.\r\n	</li>\r\n	<li>\r\n	Solarblock IR-cut 7060 превосходит по обзорности зеркальные солнцезащитные пленки, сохраняя тепло и уют в помещении.\r\n	</li>\r\n</ul>','Solarblock IR-cut 7060','ircut_7060_energosberegayuschaya_prozrachnaya_plenka_5w3bj.png',24300.00,1000.00,NULL,NULL,'{,}2{=}{,}3{=}{,}4{=}{,}5{=}{,}6{=}{,}7{=}{,}8{=}5{,}9{=}{,}10{=}{,}11{=}{,}12{=}{,}13{=}{,}','ircut7060se.htm',0,'IR-cut 7060 энергосберегающая пленка ','Купить энергосберегающую пленку IR-cut 7060','Купить энергосберегающую пленку',141,NULL,0,'ircut_7060_energosberegayuschaya_prozrachnaya_plenka_n53vq.png','',0.00,0.00,2,3),(263,'IR-cut 7080 энергосберегающая прозрачная пленка (ultrablock)',NULL,' 14 ','<h2 class=\"item__article__title\">\r\nIR-cut 7080 - энергосберегающая прозрачная теплозащитная пленка\r\n</h2><p>\r\n	Энергосберегающая пленка с высокими характеристиками и обоснованной ценой  для продуктивного контроля тепловой энергии, проходящей через ваши окна. Максимальное отражение тепла летом и возврат его зимой, заметная экономия энергии и ощутимый комфорт. Почти невидима на стекле, но каждый день в работе на многие годы. Разница температур с использованием этой пленки около 5-7 ℃.\r\n\r\n</p><ul>\r\n	<li>\r\n	При эффективной теплозащите и энергосбережении пленка почти не заметна на окне - ПВС 74 %.\r\n	</li>\r\n	<li>\r\n	Отражает 80 % инфракрасного излучения солнца (IR-cut) , 55 % всей тепловой энергии солнца (TSER) и 99% ультрафиолета.\r\n	</li>\r\n	<li>\r\n	Незаменима для остекления, где важна прозрачность, используем дневное освещение и препятствуем теплопотерям зимой.\r\n	</li>\r\n	<li>\r\n	Solarblock IR-cut 7080 почти как зеркальные пленки защищает от солнечной энергии,  заметно превосходит по обзорности и энергоэффективности.\r\n	</li>\r\n</ul>','Solarblock IR-cut 7080','ircut_7080_energosberegayuschaya_prozrachnaya_plenka_wl31h.png',28900.00,1200.00,NULL,NULL,'{,}2{=}{,}3{=}{,}4{=}{,}5{=}{,}6{=}{,}7{=}{,}8{=}5{,}9{=}{,}10{=}{,}11{=}{,}12{=}{,}13{=}{,}','ircut7080se.htm',0,'IR-cut 7080 энергосберегающая прозрачная пленка','Купить энергосберегающую пленку IR-cut 7080','Купить энергосберегающую пленку',142,NULL,0,'ircut_7080_energosberegayuschaya_prozrachnaya_plenka_td-o8.png','',0.00,0.00,2,4),(277,'Ultrablock Silver 15 зеркальная солнцезащитная пленка',NULL,' 8 ','<div class=\"row\">\r\n	<div class=\"col-xs-24 col-sm-12\">\r\n		<h2 class=\"item__article__title\">Зеркальная солнцезащитная пленка Silver 15\r\n		</h2>\r\n		<p>\r\n			Металлизированная выносливая пленка с односторонней видимостью. Днем снаружи пленка выглядит как непрозрачное зеркало — вас не видно, а изнутри видно, что происходит на улице\r\n		</p>\r\n		<ul>\r\n			<li>\r\n			Отражает более 95 % инфракрасного излучения солнца (IR-cut) и 82% всей тепловой энергии солнца (TSER).\r\n			</li>\r\n			<li>\r\n			Не пропускает 99 % ультрафиолета и исключает блики от источников света внутри помещения.\r\n			</li>\r\n			<li>\r\n			Отлично подходит для офисов, складов, промышленных помещений, а в домашних условиях для балкона или спальни.\r\n			</li>\r\n			<li>\r\n			Предпочтительна для защиты помещений с интенсивным солнечным облучением.</li>\r\n		</ul>\r\n	</div>\r\n</div>','Ultrablock Silver 15 ','ultrablock_silver_15_zerkalnaya_solntcezaschitnaya_plenka_skh3x.jpg',6200.00,350.00,NULL,NULL,'{,}16{=}{,}17{=}{,}18{=}{,}20{=}{,}21{=}{,}22{=}12{,}23{=}{,}24{=}{,}25{=}{,}26{=}{,}27{=}{,}','ultrablock-silver15',0,'ultrablock Silver 15 зеркальная солнцезащитная пленка','Купить Silver 15 зеркальную солнцезащитную пленку','Silver 15,  Зеркальная пленка, Серебрянная пленка для тонировки, пленка для окон',20,NULL,0,'','',0.03,7.00,2,35),(278,'Solarblock Silver 25 зеркальна солнцезащитная пленка',NULL,' 8 ','','Solarblock silver 25','ultrablock_silver_25_zerkalna_solntcezaschitnaya_plenka_4moup.png',5900.00,350.00,NULL,NULL,'{,}16{=}{,}17{=}{,}18{=}{,}20{=}{,}21{=}{,}22{=}12{,}23{=}{,}24{=}{,}25{=}{,}26{=}{,}27{=}{,}','Solarblock-silver25',0,'Solarblock Silver 25 зеркальная солнцезащитная пленка','Купить Solarblock Silver 25 зеркальную солнцезащитную пленка','купить silver 25',30,'277,288,191,',0,'','',0.03,7.00,2,2),(279,'Автомобильная пленка Charcoal 5 \"черная\"',NULL,' 15 ','','NDFOS PHP Charcoal 5 Pro Series','avtomobilnaya_plenka_charcoal_5__ugol_metall_ebrhu.jpg',11600.00,500.00,NULL,NULL,'{,}16{=}{,}23{=}{,}24{=}{,}25{=}{,}26{=}{,}27{=}{,}','ndfos-charcoal-5',0,'Купить пленку Charcoal 5  для автотонировки','Купить автомобильную пленку Charcoal 5  уголь/металл','купить авто пленкку, купить пленку на автомобиль',505,'280,281,282,',0,'','',0.03,7.00,2,15),(280,'Автомобильная пленка Charcoal 15 \"черная\"',NULL,' 15 ','','NDFOS PHP Charcoal 15 Pro Series','avtomobilnaya_plenka_charcoal_15_chernaya_orlbj.jpg',11600.00,500.00,NULL,NULL,'{,}16{=}{,}17{=}{,}18{=}{,}20{=}{,}23{=}{,}24{=}{,}25{=}{,}26{=}{,}27{=}{,}30{=}{,}','ndfos-charcoal-15',0,'Купить пленку NDOS Charcoal 15  для автотонировки','Купить автомобильную пленку Charcoal 5  уголь/металл','купить авто пленкку, купить пленку на автомобиль',510,'279,281,282,',0,'','',0.00,7.00,2,NULL),(281,'Автомобильная пленка Charcoal 20 \"черная\"',NULL,' 15 ','','NDFOS PHP Charcoal 20 Pro Series','avtomobilnaya_plenka_charcoal_20_chernaya_yteae.jpg',11600.00,500.00,NULL,NULL,'{,}16{=}{,}17{=}{,}18{=}{,}20{=}{,}23{=}{,}24{=}{,}25{=}{,}26{=}{,}27{=}{,}30{=}{,}','ndfos-charcoal-20',0,'Купить пленку NDFOS Charcoal 20  для автотонировки','Купить автомобильную пленку Charcoal 20  уголь/металл','купить авто пленкку, купить пленку на автомобиль',515,'279,280,282,',0,'','',0.03,7.00,2,NULL),(282,'Автомобильная пленка Charcoal 35 \"черная\"',NULL,' 15 ','','NDFOS PHP Charcoal 35 Pro Series','avtomobilnaya_plenka_charcoal_35_chernaya__1wn-.jpeg',11600.00,500.00,NULL,NULL,'{,}16{=}{,}17{=}{,}18{=}{,}20{=}{,}23{=}{,}24{=}{,}25{=}{,}26{=}{,}27{=}{,}30{=}{,}','ndfos-charcoal-35',0,'Купить пленку NDFOS Charcoal 35  для автотонировки','Купить автомобильную пленку Charcoal 35  уголь/металл','купить авто пленкку, купить пленку на автомобиль',520,'279,280,281,',0,'','',0.03,7.00,2,NULL),(283,'Бронирующая пленка 196 мкм ',NULL,' 3 ','<div class=\"row\">\r\n	<div class=\"col-xs-24 col-sm-18\">\r\n		<h2 class=\"item__article__title\">\r\n		Solarblock Safety 200 - бронирующая противоосколочная пленка 196 мкм</h2>\r\n		<p>\r\n			Повышает устойчивость стекла к механическому воздействию, предохраняет его от возникновения сколов и царапин, значительно повышает прочность и сохраняет идеальный вид стекла\r\n		</p>\r\n		<ul>\r\n			<li>\r\n			Подходит для большинства помещений, достаточно повышает прочность стекла для безопасности людей.\r\n			</li>\r\n			<li>\r\n			В случае разбития все осколки останутся на пленке, люди и интерьеры не пострадают. Пленка незаметна, не мешает в быту и работе.\r\n			</li>\r\n			<li>\r\n			Активно используется в учебных заведениях, торговых помещениях, офисах и банках. \r\n			</li>\r\n		</ul>\r\n	</div>\r\n	<div class=\"col-xs-24 col-sm-6\">\r\n		<div><p> <img src=\"/certificate/Solarblock-certificate-200mkm.jpg\">\r\n		</p></div>\r\n	</div>\r\n</div>','Solarblock Safety 200','broniruyuschaya_plenka_200_mikron_8_mil_3yblu.jpg',11800.00,700.00,NULL,NULL,'{,}2{=}{,}7{=}{,}8{=}5{,}9{=}{,}10{=}{,}11{=}{,}12{=}{,}13{=}{,}','safety200',0,'Бронирующая пленка 196 мкм','Купить бронирующую противоосколочную  корейскую пленку 196 мкм','',108,NULL,0,'','',0.05,20.00,1,29),(286,'Декоративная белая матовая пленка  AD 220 (1,23х30)',NULL,' 11 ','','ultrablock AD 220 (1,23)',NULL,7500.00,420.00,NULL,NULL,'{,}16{=}{,}25{=}{,}26{=}{,}27{=}{,}','ultrablock-ad220-123',0,'Декоративная белая матовая пленка PVC','Купить декоративную белую матовую пленку PVC','Купить декоративную белую матовую пленку PVC, купить декоративную плетку, купить декоративную пленку на окна',315,NULL,0,'','',0.03,7.00,2,12),(287,' Silver 40 зеркальная солнцезащитная пленка',NULL,' 1 ','<div class=\"row\">\r\n	<div class=\"col-xs-24 col-sm-12\">\r\n		<h2 class=\"item__article__title\">Зеркальная солнцезащитная пленка Silver 40</h2>\r\n		<p>\r\n			Металлизированная выносливая пленка с односторонней видимостью. Днем снаружи пленка выглядит как непрозрачное зеркало — вас не видно, а изнутри видно, что происходит на улице\r\n		</p>\r\n		<ul>\r\n			<li>\r\n			Отражает 42% инфракрасного излучения солнца (IR-cut).\r\n			</li>\r\n			<li>\r\n			Не пропускает 99% ультрафиолета и исключает блики от источников света внутри помещения</li>\r\n			\r\n		</ul>\r\n	</div>\r\n	<div class=\"col-xs-24 col-sm-12\">\r\n		<div class=\"transmiss__graph\">\r\n			<div class=\"transmiss__graph__comment transmiss__graph__comment--first\">\r\n				Silver 25\r\n				<span class=\"pointer pointer--vertical pointer--red pointer--lg\"></span>\r\n			</div>\r\n			<div class=\"transmiss__graph__comment transmiss__graph__comment--second\">\r\n				Silver 15\r\n				<span class=\"pointer pointer--vertical pointer--red pointer--lg\"></span>\r\n			</div>\r\n			<div class=\"transmiss__graph__comment transmiss__graph__comment--third\">\r\n				Silver 5\r\n				<span class=\"pointer pointer--vertical pointer--red pointer--lg\"></span>\r\n			</div>\r\n			<p class=\"transmiss__graph__percent\">\r\n				<i>100%</i>\r\n				<i>90</i>\r\n				<i>80</i>\r\n				<i>70</i>\r\n				<i>60</i>\r\n				<i>50</i>\r\n				<i>40</i>\r\n				<i>30</i>\r\n				<i>20</i>\r\n				<i>10</i>\r\n				<i>0%</i>\r\n			</p>\r\n			<div class=\"transmiss__graph__gradient\">\r\n				<span class=\"vlt\">\r\n				VLT\r\n				<a class=\"pop-over\" href=\"javascript: void(0)\" data-html=\"true\" data-toggle=\"popover\" data-placement=\"top\" title=\"<i class=\'icons icons--popover-close\'></i>VLT (ПВС)\" data-content=\"Процент пропускания видимого света. Чем он больше, тем выше прозрачность пленки.\">?</a>\r\n				</span>\r\n			</div>\r\n			<div class=\"transmiss__graph__marks\">\r\n				<span class=\"transmiss__graph__marks__first\"></span><span class=\"transmiss__graph__marks__second\"></span>\r\n			</div>\r\n			<div class=\"transmiss__graph__descr\">\r\n				<p class=\"pull-left\">\r\n					Прозрачное стекло  — 100-80%\r\n				</p>\r\n				<p class=\"pull-right\">\r\n					Темное стекло  — 18-8%\r\n				</p>\r\n			</div>\r\n		</div>\r\n	</div>\r\n</div>','Solarblock Silver 40','_silver_50_zerkalnaya_solntcezaschitnaya_plenka_lxscu.png',5900.00,350.00,NULL,NULL,'{,}2{=}{,}3{=}{,}4{=}{,}6{=}{,}7{=}{,}8{=}5{,}9{=}{,}10{=}{,}11{=}{,}12{=}{,}13{=}{,}','solarblock-silver40',0,'Серебрянная зеркальная солнцезащитная пленка  Silver 40 ','Купить silver 40 cеребрянную солнцезащитную пленку. Заказать монтаж silver 40  на окна от 500 р/м2. Доставка любого метража от 1 пм по Москве и России.','Silver 50,  Зеркальная пленка, Серебрянная пленка для тонировки, пленка для окон',21,'1,287,2,',0,'','',0.03,7.00,1,NULL),(288,'NDFOS Silver 15 зеркальная солнцезащитная пленка',NULL,' 8 ','<div>\r\n	<div>\r\n		<h2>\r\n		Зеркальная солнцезащитная пленка Silver 15</h2>\r\n		<p>\r\n			Металлизированная выносливая пленка с односторонней видимостью. Днем \r\nснаружи пленка выглядит как непрозрачное зеркало — вас не видно, а \r\nизнутри видно, что происходит на улице\r\n		</p>\r\n		<ul><li>\r\n			Солнцеотражающая пленка с односторонней видимостью. Днем снаружи \r\nпленка выглядит как непрозрачное зеркало – вас не видно,  а изнутри \r\nвидно, что происходит на улице.\r\n			</li><li>\r\n			Отражает 55% инфракрасного излучения солнца (IR-cut) и 31% всей тепловой энергии солнца (TSER).\r\n			</li><li>\r\n			Не пропускает 99% ультрафиолета и исключает блики от источников света внутри помещения.\r\n			</li><li>\r\n			Отлично подходит для офисов, промышленных помещений, а в домашних условиях для балкона и жилых комнат.\r\n			</li><li>Универсальна  –  незначительно затемняет помещение вечером, зимой. Предпочтительна для средней солнечной нагрузки.\r\n			</li></ul>\r\n	\r\n	\r\n	</div>\r\n</div>','NDFOS Silver 15','ndfos_silver_15_zerkalnaya_solntcezaschitnaya_plenka_knuit.jpg',6550.00,350.00,NULL,NULL,'{,}{,}','ndfos-silver15',0,'NDFOS Silver 15 зеркальная солнцезащитная пленка','Купить зеркальную пленку Silver 15 NDFOS','Silver 15,   Солнцезащитная пленка  Silver 15, Зеркальная пленка на окна',25,'191,195,244,277',0,'ndfos_silver_15_zerkalnaya_solntcezaschitnaya_plenka_8jcdi.jpg','',0.03,7.00,2,NULL),(289,'NDFOS Silver 50 зеркальная солнцезащитная пленка',NULL,' 8 ','<div>\r\n	<div>\r\n		<h2>\r\n		Зеркальная солнцезащитная пленка Silver 50</h2>\r\n		<p \"=\"\">\r\n			Металлизированная выносливая пленка с односторонней видимостью. Днем \r\nснаружи пленка выглядит как полупрозрачное зеркало — вас не видно, а \r\nизнутри видно, что происходит на улице\r\n		</p>\r\n		<ul><li>\r\n			Солнцеотражающая пленка с односторонней видимостью. Днем снаружи \r\nпленка выглядит как непрозрачное зеркало – вас не видно,  а изнутри \r\nвидно, что происходит на улице.\r\n			</li><li>\r\n			Отражает 25% инфракрасного излучения солнца (IR-cut) и 56% всей тепловой энергии солнца (TSER).\r\n			</li><li>\r\n			Не пропускает 99% ультрафиолета и исключает блики от источников света внутри помещения.\r\n			</li><li>\r\n			Отлично подходит для офисов, промышленных помещений, а в домашних условиях для балкона и жилых комнат.\r\n			</li><li>Универсальна  –  незначительно затемняет помещение вечером, зимой. Предпочтительна для средней солнечной нагрузки.\r\n			</li></ul>\r\n	\r\n	\r\n	</div>\r\n</div>','NDFOS Silver 50','ndfos_silver_50_zerkalnaya_solntcezaschitnaya_plenka_4amcl.jpg',6550.00,350.00,NULL,NULL,'{,}{,}','dfos-silver50',0,'NDFOS Silver 50 зеркальная солнцезащитная пленка','Купить зеркальную пленку Silver 50 NDFOS','Silver 50,   Солнцезащитная пленка  Silver 50, Зеркальная пленка на окна',50,'288,277,244,',0,'ndfos_silver_50_zerkalnaya_solntcezaschitnaya_plenka_iz4a4.jpg','',0.03,7.00,2,NULL),(290,'WhiteOut белая непрозрачная  NDFOS',NULL,' 11 ','<p>Непрозрачная белая пленка для стеклянных перегородок и окон White out обеспечивает полную уединенность 24 часа в сутки. Благодаря насыщенному белому цвету, помещение выглядит просторным, чистым и светлым. Белая пленка отражает свет внутри помещения и визуально увеличивает объем. При использовании пленки серии White Out, помещение выглядит хорошо освещенным.</p><p>Непрозрачная белая пленка обеспечивает полную конфиденциальность, поэтому пленка подходит для медицинских учреждений и клиник. Также часто пленку применяют на складах, на перегородках в офисах, в бизнес-центрах и торговых помещениях.<br></p>','NDFOS WhiteOut ','whiteout_belaya_neprozrachnaya__ndfos_uknq5.png',9800.00,550.00,NULL,NULL,'{,}{,}','ndfos-whiteout',0,'Купить WhiteOut  NDFOS на отрез, рулон.','Купить WhiteOut в отрез погонными метрами или целым рулоном','Купить WhiteOut, Купить 1 пм WhiteOut,  купить 2 метра WhiteOut, купить WhiteOut ndfos',320,'241,290,19,',0,'','',0.03,7.00,2,16),(292,'NDFOS Sputter Silver 35 зеркальная солнцезащитная пленка',NULL,' 8 ','<p><span style=\"font-size: 10px;\"></span></p><div>\r\n	<div>\r\n		<h2>\r\n		</h2><h2 \"=\"\">Спаттерная зеркальная солнцезащитная пленка SPATTER Silver 35</h2>\r\n		<h2>Спаттерный полиэстр, продукт наиболее совершенной на сегодня технологии нанесения защитного слоя<span class=\"redactor-invisible-space\">. Спаттерные\r\n пленки могут включать в себя от одного до трех слоев \r\nспаттерного полиэстра, ламинированных слоем прозрачного полиэстра, и \r\nдвойной износостойкий защитный слой. Спаттерные пленки очень хорошо \r\nсправляются с тепловым излучением, обладают превосходными оптическими \r\nсвойствами и являются самыми долговечными. На некоторые виды спаттерных \r\nпленок их производитель предоставляет пожизненную гарантию. \r\nСпаттерно-металлизированные пленки — это некий компромисс, <span></span>вобравший в \r\nсебя все положительные качества спаттерного и металлизированного \r\nполиэстра, компромисс со знаком «+».</span></h2><p>Металлизированная выносливая пленка с односторонней видимостью. Днем \r\nснаружи пленка выглядит как непрозрачное зеркало — вас не видно, а \r\nизнутри видно, что происходит на улице\r\n		</p>\r\n		<ul><li>\r\n			Солнцеотражающая пленка с односторонней видимостью. Днем снаружи \r\nпленка выглядит как непрозрачное зеркало – вас не видно,  а изнутри \r\nвидно, что происходит на улице.\r\n			</li><li>\r\n			Отражает 45% инфракрасного излучения солнца (IR-cut) и 33% всей тепловой энергии солнца (TSER).\r\n			</li><li>\r\n			Не пропускает 99% ультрафиолета и исключает блики от источников света внутри помещения.\r\n			</li><li>\r\n			Отлично подходит для офисов, промышленных помещений, а в домашних условиях для балкона и жилых комнат.\r\n			</li><li>Универсальна  –  незначительно затемняет помещение вечером, зимой. Предпочтительна для средней солнечной нагрузки.\r\n			</li></ul>\r\n	\r\n	\r\n	</div>\r\n</div><p \"=\"\"><span class=\"redactor-invisible-space\"></span></p>','NDFOS Sputter Silver 35','ndfos_sputter_silver_35_zerkalnaya_solntcezaschitnaya_plenka_9vyky.jpeg',11900.00,NULL,NULL,NULL,'{,}{,}','ndfos-sput-silver35',0,'NDFOS Spatter Silver 35 зеркальная солнцезащитная пленка','Купить спаттерную зеркальную пленку Silver 35 NDFOS','Silver 35,   Спаттерная солнцезащитная пленка  Silver 35, Зеркальная пленка на окна',40,'288,244,235,',0,'','',0.03,7.00,2,NULL),(293,'NDFOS Sputter Silver Bronze 15 зеркальная солнцезащитная пленка',NULL,' 8 ','<h2 \"=\"\">Спаттерная зеркальная солнцезащитная пленка SPATTER Silver Bronze 15</h2><h2>Спаттерный полиэстр, продукт наиболее совершенной на сегодня технологии нанесения защитного слоя<span class=\"redactor-invisible-space\">. Спаттерные\r\n пленки могут включать в себя от одного до трех слоев \r\nспаттерного полиэстра, ламинированных слоем прозрачного полиэстра, и \r\nдвойной износостойкий защитный слой. Спаттерные пленки очень хорошо \r\nсправляются с тепловым излучением, обладают превосходными оптическими \r\nсвойствами и являются самыми долговечными. На некоторые виды спаттерных \r\nпленок их производитель предоставляет пожизненную гарантию. \r\nСпаттерно-металлизированные пленки — это некий компромисс, вобравший в \r\nсебя все положительные качества спаттерного и металлизированного \r\nполиэстра, компромисс со знаком «+».</span></h2><p>Металлизированная выносливая пленка с односторонней видимостью и бронзовым оттенком. Днем \r\nснаружи пленка выглядит как непрозрачное зеркало — вас не видно, а \r\nизнутри видно, что происходит на улице\r\n		</p><ul><li>\r\n			Солнцеотражающая пленка с односторонней видимостью. Днем снаружи \r\nпленка выглядит как непрозрачное зеркало – вас не видно,  а изнутри \r\nвидно, что происходит на улице.\r\n			</li><li>\r\n			Отражает 64% инфракрасного излучения солнца (IR-cut) </li><li>\r\n			Не пропускает 99% ультрафиолета и исключает блики от источников света внутри помещения.\r\n			</li><li>\r\n			Отлично подходит для офисов, промышленных помещений, а в домашних условиях для балкона и жилых комнат.\r\n			</li><li>Универсальна  –  незначительно затемняет помещение вечером, зимой. Предпочтительна для средней солнечной нагрузки.\r\n			</li></ul>','NDFOS Sputter Silver Bronze 15 ','dfos_sputter_silver_bronze_15_zerkalnaya_solntcezaschitnaya_plenka_w3ihc.jpeg',10500.00,NULL,NULL,NULL,'{,}{,}','ndfos-sput-silverBr15',0,'NDFOS Sputter Silver Bronze 15 зеркальная солнцезащитная пленка','Купить спаттерную зеркальную пленку Silver Bronze 15 NDFOS','Bronze 15, Спаттерная солнцезащитная пленка  Silver Bronze 15, Зеркальная пленка на окна',77,'288,197,,',0,'','',0.03,7.00,2,NULL),(294,'NDFOS Sputter Solar Bronze 20 тонирующая солнцезащитная пленка',NULL,' 8 ','<h2 \"=\"\">Спаттерная солнцезащитная пленка SPATTER Solar Bronze 20</h2><h2>Спаттерный полиэстр, продукт наиболее совершенной на сегодня технологии нанесения защитного слоя<span class=\"redactor-invisible-space\">. Спаттерные\r\n пленки могут включать в себя от одного до трех слоев \r\nспаттерного полиэстра, ламинированных слоем прозрачного полиэстра, и \r\nдвойной износостойкий защитный слой. Спаттерные пленки очень хорошо \r\nсправляются с тепловым излучением, обладают превосходными оптическими \r\nсвойствами и являются самыми долговечными. На некоторые виды спаттерных \r\nпленок их производитель предоставляет пожизненную гарантию. \r\nСпаттерно-металлизированные пленки — это некий компромисс, вобравший в \r\nсебя все положительные качества спаттерного и металлизированного \r\nполиэстра, компромисс со знаком «+».</span></h2><p \"=\"\">    Выносливая пленка с односторонней видимостью и солнечным бронзовым оттенком. \r\n		</p><ul><li>\r\n			Солнцеотражающая пленка с двухсторонней видимостью. </li><li>\r\n			Отражает 85% инфракрасного излучения солнца (IR-cut) </li><li>\r\n			Не пропускает 99% ультрафиолета и исключает блики от источников света внутри помещения.\r\n			</li><li>\r\n			Отлично подходит для офисов, промышленных помещений, а в домашних условиях для балкона и жилых комнат.\r\n			</li><li>Универсальна  –  незначительно затемняет помещение вечером, зимой. Предпочтительна для средней солнечной нагрузки.\r\n			</li></ul>','NDFOS Sputter Solar Bronze 20','dfos_sputter_solar_bronze_20_zerkalnaya_solntcezaschitnaya_plenka_pm22d.jpeg',14750.00,NULL,NULL,NULL,'{,}{,}','ndfos-sput-solarBr20',0,'NDFOS Sputter Solar Bronze 20 солнцезащитная пленка бронза','Купить спаттерную бронзовую пленку Solar Bronze 20 NDFOS','Bronze 20, Спаттерная солнцезащитная пленка  Solar Bronze 20, бронзовая пленка на окна',81,'292,293,197,',0,'','',0.03,7.00,2,NULL),(295,'NDFOS Sputter Silver Blue 15 зеркальная солнцезащитная пленка',NULL,' 8 ','<h2>Спаттерная зеркальная солнцезащитная пленка SPATTER Silver Blue 15</h2><h2>Спаттерный полиэстр, продукт наиболее совершенной на сегодня технологии нанесения защитного слоя<span class=\"redactor-invisible-space\">. Спаттерные\r\n пленки могут включать в себя от одного до трех слоев \r\nспаттерного полиэстра, ламинированных слоем прозрачного полиэстра, и \r\nдвойной износостойкий защитный слой. Спаттерные пленки очень хорошо \r\nсправляются с тепловым излучением, обладают превосходными оптическими \r\nсвойствами и являются самыми долговечными. На некоторые виды спаттерных \r\nпленок их производитель предоставляет пожизненную гарантию. \r\nСпаттерно-металлизированные пленки — это некий компромисс, вобравший в \r\nсебя все положительные качества спаттерного и металлизированного \r\nполиэстра, компромисс со знаком «+».</span></h2><p>Металлизированная выносливая пленка с односторонней видимостью и бронзовым оттенком. Днем \r\nснаружи пленка выглядит как непрозрачное зеркало — вас не видно, а \r\nизнутри видно, что происходит на улице\r\n		</p><ul><li>\r\n			Солнцеотражающая пленка с односторонней видимостью. Днем снаружи \r\nпленка выглядит как непрозрачное зеркало – вас не видно,  а изнутри \r\nвидно, что происходит на улице.\r\n			</li><li>\r\n			Отражает 80% инфракрасного излучения солнца (IR-cut) </li><li>\r\n			Не пропускает 99% ультрафиолета и исключает блики от источников света внутри помещения.\r\n			</li><li>\r\n			Отлично подходит для офисов, промышленных помещений, а в домашних условиях для балкона и жилых комнат.\r\n			</li><li>Универсальна  –  незначительно затемняет помещение вечером, зимой. Предпочтительна для средней солнечной нагрузки.\r\n			</li></ul>','NDFOS Sputter Silver Blue 15 ','dfos_sputter_silver_blue_15_zerkalnaya_solntcezaschitnaya_plenka_tvzmf.jpeg',10500.00,NULL,NULL,NULL,'{,}{,}','ndfos-sput-silverBlu15',0,'NDFOS Sputter Silver Blue 15 зеркальная солнцезащитная пленка голубая','Купить спаттерную зеркальную пленку Silver Blue 15 NDFOS',' Blue  15, Спаттерная солнцезащитная пленка  Silver  Blue 15, Зеркальная пленка на окна голубая',57,'198,200,,',0,'','',0.03,7.00,2,NULL),(296,'NDFOS Sputter Silver Gold 15 зеркальная солнцезащитная пленка',NULL,' 8 ','<h2>Спаттерная зеркальная солнцезащитная пленка SPATTER Silver Gold 15</h2><h2>Спаттерный полиэстр, продукт наиболее совершенной на сегодня технологии нанесения защитного слоя<span class=\"redactor-invisible-space\">. Спаттерные\r\n пленки могут включать в себя от одного до трех слоев \r\nспаттерного полиэстра, ламинированных слоем прозрачного полиэстра, и \r\nдвойной износостойкий защитный слой. Спаттерные пленки очень хорошо \r\nсправляются с тепловым излучением, обладают превосходными оптическими \r\nсвойствами и являются самыми долговечными. На некоторые виды спаттерных \r\nпленок их производитель предоставляет пожизненную гарантию. \r\nСпаттерно-металлизированные пленки — это некий компромисс, вобравший в \r\nсебя все положительные качества спаттерного и металлизированного \r\nполиэстра, компромисс со знаком «+».</span></h2><p>Металлизированная выносливая пленка с односторонней видимостью и бронзовым оттенком. Днем \r\nснаружи пленка выглядит как непрозрачное зеркало — вас не видно, а \r\nизнутри видно, что происходит на улице\r\n		</p><ul><li>\r\n			Солнцеотражающая пленка с односторонней видимостью. Днем снаружи \r\nпленка выглядит как непрозрачное зеркало – вас не видно,  а изнутри \r\nвидно, что происходит на улице.\r\n			</li><li>\r\n			Отражает 80% инфракрасного излучения солнца (IR-cut) </li><li>\r\n			Не пропускает 99% ультрафиолета и исключает блики от источников света внутри помещения.\r\n			</li><li>\r\n			Отлично подходит для офисов, промышленных помещений, а в домашних условиях для балкона и жилых комнат.\r\n			</li><li>Универсальна  –  незначительно затемняет помещение вечером, зимой. Предпочтительна для средней солнечной нагрузки</li></ul>','NDFOS Sputter Silver Gold 15','dfos_sputter_silver_gold_15_zerkalnaya_solntcezaschitnaya_plenka_y0hmb.jpeg',10500.00,NULL,NULL,NULL,'{,}{,}','ndfos-sput-silverGol15',0,'NDFOS Sputter Silver Gold 15 зеркальная солнцезащитная пленка золото','Купить спаттерную зеркальную пленку Silver Gold 15 NDFOS','Gold 15, Спаттерная солнцезащитная пленка  Silver Gold  15, Зеркальная пленка на окна золото',85,'196,288,293,',0,'','',0.03,7.00,2,NULL),(297,'NDFOS BlackOut черная непрозрачная',NULL,' 11 ','','NDFOS BlackOut','ndfos_blackout_chernaya_neprozrachnaya_lk5jr.jpeg',9800.00,NULL,NULL,NULL,'{,}16{=}{,}17{=}{,}18{=}{,}20{=}{,}21{=}{,}22{=}12{,}23{=}{,}24{=}{,}25{=}{,}26{=}{,}27{=}{,}','NDFOS-blackout',0,'Декоративная пленка черная непрозрачная Black Out','Купить декоративную черную непрозрачную пленку Black Out','Купить декоративную непрозрачную черную пленку Black Out, купить декоративную плетку, купить декоративную пленку на окна',330,'242,290,,',0,'','',0.03,7.00,2,NULL),(298,'NDFOS Декоративный белый квадрат 36х36 ',NULL,' 11 ',NULL,'квадрат 36х36 мм','ndfos_dekorativnij_belij_kvadrat_36h36__cywl9.jpeg',7500.00,NULL,NULL,NULL,'{,}16{=}{,}21{=}{,}22{=}12{,}23{=}{,}24{=}{,}25{=}{,}26{=}{,}27{=}{,}','NDFOS-36х36',0,'Декоративный белый квадрат 36х36 ','Купить декоративный белый квадрат 36х36','Купить декоративный белый квадрат 36х36, купить декоративную плетку, купить декоративную пленку на окна',370,NULL,0,NULL,NULL,0.03,7.00,2,NULL),(299,'NDFOS Декоративная пленка паутинка',NULL,' 11 ','','NDFOS паутинка','ndfos_dekorativnaya_plenka_pautinka_6wpcz.jpeg',7500.00,NULL,NULL,NULL,'{,}16{=}{,}21{=}{,}22{=}12{,}23{=}{,}24{=}{,}25{=}{,}26{=}{,}27{=}{,}','NDFOS-pautinka',0,'NDFOS Декоративная пленка паутинка','Купить декоративную пленку паутинка','Купить декоративную пленку паутинка, купить декоративную пленку, купить декоративную пленку на окна',395,'43,37,38,23',0,'','',0.03,7.00,2,NULL),(300,'NDFOS Декоративная белая полоса 4 мм',NULL,' 11 ','','NDFOS полоса 4 мм','ndfos_dekorativnaya_belaya_polosa_4_mm_ftstc.jpeg',7500.00,NULL,NULL,NULL,'{,}16{=}{,}21{=}{,}22{=}12{,}23{=}{,}24{=}{,}25{=}{,}26{=}{,}27{=}{,}','NDFOS-polosa4',0,'NDFOS Декоративная белая полоса 4','Купить декоративную полосу 4','Купить декоративную полосу 4, купить декоративную плеyку, купить декоративную пленку на окна',383,'208,22,300,',0,'','',0.03,7.00,2,NULL),(301,'NDFOS Декоративная белая полоса 10 мм',NULL,' 11 ','','NDFOS полоса 10 мм','ndfos_dekorativnaya_belaya_polosa_10_mm_6ohrs.jpeg',7500.00,NULL,NULL,NULL,'{,}16{=}{,}21{=}{,}22{=}12{,}23{=}{,}24{=}{,}25{=}{,}26{=}{,}27{=}{,}','NDFOS-polosa10',0,'NDFOS Декоративная белая полоса 10','Купить декоративную полосу 10','Купить декоративную полосу 10, купить декоративную плеyку, купить декоративную пленку на окна',345,'208,300,22,',0,'','',0.03,7.00,2,NULL),(302,'NDFOS  серебряная матовая пленка Silver matte',NULL,'','','NDFOS Silver matte','ndfos__serebryanaya_matovaya_plenka_silver_matte_2ooil.jpeg',NULL,NULL,NULL,NULL,'{,}16{=}{,}21{=}{,}22{=}12{,}23{=}{,}24{=}{,}25{=}{,}26{=}{,}27{=}{,}','NDFOS-silmat',0,'NDFOS  серебряная матовая пленка Silver matte на окна','Купить декоративную матовую пленку Silver Matte','Купить матовую серебряную пленку Silver Matte, купить декоративную пленку, купить декоративную пленку на окна',305,'19,191,,',0,'','',0.03,7.00,2,NULL),(303,'Солнцезащитная пленка Bronze 15 (ultrablock)',NULL,' 8 ',NULL,'Bronze 15 (ultrablock)','solntcezaschitnaya_plenka_bronze_15_ultrablock_jt7qt.jpg',6500.00,NULL,NULL,NULL,'{,}16{=}{,}17{=}{,}18{=}{,}20{=}{,}21{=}{,}22{=}12{,}23{=}{,}24{=}{,}25{=}{,}26{=}{,}27{=}{,}','Bronze15',0,'Bronze15 солнцезащитная пленка','Купить солнцезащитную пленку бронза','Bronze 15, тонирующая пленка, бронзовая пленка для тонировки, пленка для окон',80,'293,235,197,',0,NULL,NULL,0.03,7.00,2,NULL),(304,'Зеркальная солнцезащитная пленка 	S 506 H \"Золотая/серебро\" (ultrablock)',NULL,' 8 ','<h2>\r\nS 506 H \"Золотая/серебро\" - Зеркальная солнцезащитная пленка золотого цвета\r\n</h2><p>\r\n	Зеркальная солнцезащитная пленка S 506 H \"Золотая/серебро\"  - двусторонняя пленка с\r\n одной стороны имеет золотой оттенок, с другой - серебряный оттенок.\r\n</p><ul><li>\r\n	Солнцеотражающая пленка с односторонней видимостью. Днем снаружи пленка\r\n выглядит как непрозрачное зеркало золотого цвета – вас не видно, а \r\nизнутри видно, что происходит на улице. \r\n	</li><li>Отражает 80 % инфракрасного излучения солнца (IR-cut). \r\n	</li><li>Не пропускает 99% ультрафиолета и исключает блики от источников света внутри помещения. \r\n	</li><li>\r\n	Пленка обладает зеркальным эффектом, что в совокупности с цветовой \r\nгаммой материала делает общее впечатление от тонирования эффектным.\r\n	</li><li>Универсальна – незначительно затемняет помещение вечером, зимой. Предпочтительна для средней солнечной нагрузки. \r\n	</li></ul>','S 506 H \"Золотая/серебро\" (ultrablock)','zerkalnaya_solntcezaschitnaya_plenka_s_506_h_zolotaya_serebro_ultrablock_q6rkc.jpg',7500.00,NULL,NULL,NULL,'{,}16{=}{,}17{=}{,}18{=}{,}20{=}{,}21{=}{,}22{=}12{,}23{=}{,}24{=}{,}25{=}{,}26{=}{,}27{=}{,}','goldsilver',0,'S 506 H \"Золотая/серебро\" зеркальная солнцезащитная пленка ','Купить зеркальную солнцезащитную пленку золотая серебро','S 506 H \"Золотая/серебро\" ,  Зеркальная пленка, Серебрянная пленка для тонировки, пленка для окон золотая',84,'197,296,,',0,'','',0.03,7.00,2,38),(305,'Зеркальная солнцезащитная пленка S 508 H \"Зеленая/серебро\" (ultrablock)',NULL,' 8 ',NULL,'S 508 H \"Зеленая/серебро\" (ultrablock)','zerkalnaya_solntcezaschitnaya_plenka_s_508_h_zelenaya_serebro_ultrablock_slrty.jpg',7500.00,NULL,NULL,NULL,'{,}16{=}{,}17{=}{,}18{=}{,}20{=}{,}21{=}{,}22{=}12{,}23{=}{,}24{=}{,}25{=}{,}26{=}{,}27{=}{,}','greensilver',0,'\"Зеленая/серебро\" S 508 H зеркальная солнцезащитная пленка ','Купить зеркальную солнцезащитную пленку зеленая серебро','\"Зеленая/серебро\" S 508 H,  Зеркальная пленка, Серебрянная пленка для тонировки, пленка для окон зеленая',62,'295,199,,',0,NULL,NULL,0.03,7.00,2,NULL),(306,'Зеркальная солнцезащитная пленка  \"Серая/серебро\" S 920 H  (ultrablock)',NULL,' 8 ',NULL,'\"Серая/серебро\" S 920 H  (ultrablock)','zerkalnaya_solntcezaschitnaya_plenka__seraya_serebro_s_920_h__ultrablock_olfif.jpg',7500.00,NULL,NULL,NULL,'{,}16{=}{,}17{=}{,}18{=}{,}20{=}{,}21{=}{,}22{=}12{,}23{=}{,}24{=}{,}25{=}{,}26{=}{,}27{=}{,}','greysilver',0,'\"Серая/серебро\" S 920 H зеркальная солнцезащитная пленка','Купить зеркальную солнцезащитную пленку серая серебро','\"Серая/серебро\" S 920 H пленка,  Зеркальная пленка, Серебрянная пленка для тонировки, пленка для окон серая',65,'302,191,,',0,NULL,NULL,0.03,7.00,2,NULL),(307,'NDFOS Premium IR 6070  энергосберегающая солнцезащитная пленка зеленоватая',NULL,' 9 ','','NDFOS Premium IR 6070','ndfos_premium_ir_6070__energosberegayuschaya_solntcezaschitnaya_plenka_zelenovataya_k-rey.jpg',24900.00,NULL,NULL,NULL,'{,}16{=}{,}17{=}{,}18{=}{,}20{=}{,}21{=}{,}22{=}12{,}23{=}{,}24{=}{,}25{=}{,}26{=}{,}27{=}{,}','ndfos-IR6070',0,'NDFOS Premium IR 6070  энергосберегающая солнцезащитная пленка','Купить энергосберегающую пленку Premium IR 6070 ','Купить теплоотражающую энергосберегающую солнцезащитную пленку, купить энергосберегающую пленку,   купить теплозащитную пленку на окна',115,'194,236,,',0,'','',0.03,7.00,2,NULL),(308,'NDFOS Premium IR 6560 blue энергосберегающая солнцезащитная пленка голубая',NULL,' 9 ','','NDFOS Premium IR 6560 blue','ndfos_premium_ir_6560_blue_energosberegayuschaya_solntcezaschitnaya_plenka_golubaya_yizva.jpg',24900.00,NULL,NULL,NULL,'{,}16{=}{,}17{=}{,}18{=}{,}20{=}{,}21{=}{,}22{=}12{,}23{=}{,}24{=}{,}25{=}{,}26{=}{,}27{=}{,}','ndfos-IR6560blue',0,'NDFOS Premium IR 6560 энергосберегающая солнцезащитная пленка','Купить энергосберегающую пленку Premium IR 6560','Купить теплоотражающую энергосберегающую солнцезащитную пленку, купить энергосберегающую пленку,   купить теплозащитную пленку на окна',130,'203,194,236,307',0,'','',0.03,7.00,2,NULL),(309,'NDFOS Premium IR 6560 green  энергосберегающая солнцезащитная пленка зеленая',NULL,' 9 ','','NDFOS Premium IR 6560 green','ndfos_premium_ir_6560_green__energosberegayuschaya_solntcezaschitnaya_plenka_zelenaya_z_9tq.jpg',24900.00,NULL,NULL,NULL,'{,}16{=}{,}17{=}{,}18{=}{,}20{=}{,}21{=}{,}22{=}12{,}23{=}{,}24{=}{,}25{=}{,}26{=}{,}27{=}{,}','ndfos-IR6560green',0,'NDFOS Premium IR 6560 энергосберегающая солнцезащитная пленка зеленая','Купить энергосберегающую пленку Premium IR 6560 green','Купить теплоотражающую энергосберегающую солнцезащитную пленку, купить энергосберегающую пленку,   купить теплозащитную пленку на окна',135,'194,236,204,',0,'','',0.03,7.00,2,NULL),(310,'NDFOS HP NEUTRAL 20 тонирующая солнцезащитная пленка',NULL,' 8 ','<p><a href=\"https://ndfos.ru/hp-neutral-20.html\">				</a>		</p><div>\r\n							<div>\r\n							<h4><a href=\"https://ndfos.ru/hp-neutral-20.html\">HP NEUTRAL 20</a></h4>\r\n								<p>Тонирующая солнцезащитная пленка<br>Оттенок нейтральный</p></div></div>','NDFOS HP NEUTRAL 20','ndfos_hp_neutral_20_toniruyuschaya_solntcezaschitnaya_plenka_wgcp_.jpg',9100.00,NULL,NULL,NULL,'{,}16{=}{,}17{=}{,}20{=}{,}21{=}{,}22{=}12{,}23{=}{,}24{=}{,}25{=}{,}26{=}{,}27{=}{,}','NDFOS-NEUTRAL20',0,'NDFOS  HP NEUTRAL 20 тонирующая солнцезащитная пленка нейтральная','Купить тонирующую солнцезащитнаю пленку','NEUTRAL 20, тонирующая пленка, нейтральная пленка для тонировки, пленка для окон',86,'303,235,,',0,'','',0.03,7.00,2,NULL),(311,'NDFOS HP NEUTRAL 35 тонирующая солнцезащитная пленка',NULL,' 8 ','<p><a href=\"https://ndfos.ru/hp-neutral-35.html\">				</a>		</p><div>\r\n							<div>\r\n							<h4><a href=\"https://ndfos.ru/hp-neutral-35.html\">HP NEUTRAL 35</a></h4>\r\n								<p>Тонирующая солнцезащитная пленка<br>Оттенок нейтральный</p></div></div>','NDFOS HP NEUTRAL 35','ndfos_hp_neutral_35_toniruyuschaya_solntcezaschitnaya_plenka_7qndm.jpg',9100.00,NULL,NULL,NULL,'{,}16{=}{,}17{=}{,}20{=}{,}21{=}{,}22{=}12{,}23{=}{,}24{=}{,}25{=}{,}26{=}{,}27{=}{,}','NDFOS-NEUTRAL35',0,'NDFOS  HP NEUTRAL 35 тонирующая солнцезащитная пленка нейтральная','Купить тонирующую солнцезащитнаю пленку','NEUTRAL 35, тонирующая пленка, нейтральная пленка для тонировки, пленка для окон',87,'303,235,310,',0,'','',0.03,7.00,2,NULL),(312,'Автомобильная энергосберегающая пленка Premium IR 80 (ГОСТ)',NULL,' 15 ','<h4><a href=\"https://ndfos.ru/prremium-ir-80-------.html\">Premium IR 80 (ГОСТ)</a></h4><p>Энергосберегающая атермальная пленка<br>На основе керамики<br>Проходит по ГОСТу<br>Цвет серо-голубой<br>(1,52мx30м=45,6 кв.м)</p>','NDFOS Автомобильная Premium IR 80','avtomobilnaya_energosberegayuschaya_plenka_premium_ir_80_gost_k0cv4.jpg',19850.00,990.00,NULL,NULL,'{,}16{=}{,}20{=}{,}22{=}12{,}23{=}{,}24{=}{,}25{=}{,}26{=}{,}27{=}{,}','ndfos-Premium-IR-80',0,'Купить пленку NDOS энергосберегающую Premium IR 80 для автотонировки','Купить автомобильную пленку Premium IR 80 ','купить авто пленкку, купить пленку на автомобиль',525,NULL,0,'','',0.03,7.00,2,NULL),(313,'Автомобильная энергосберегающая пленка HP 75 Blue (ГОСТ)',NULL,' 15 ','<h4><a href=\"https://ndfos.ru/hp-75-blue-------.html\">HP 75 Blue (ГОСТ)</a></h4><p>Металлизированная атермальная пленка<br>Проходит по ГОСТу<br>Цвет голубой<br>(1,52мx30м=45,6 кв.м)</p>','NDFOS Автомобильная HP 75 Blue','avtomobilnaya_energosberegayuschaya_plenka_hp_75_blue_gost_g-rmg.jpg',11500.00,500.00,NULL,NULL,'{,}16{=}{,}20{=}{,}22{=}12{,}23{=}{,}24{=}{,}25{=}{,}26{=}{,}27{=}{,}','ndfos-HP-75-Blue',0,'Купить пленку NDOS энергосберегающую HP 75 Blue для автотонировки','Купить автомобильную пленку HP 75 Blue','',530,NULL,0,'','',0.03,7.00,2,NULL),(314,'Ultrablock Silver 40 зеркальная солнцезащитная пленка',NULL,' 8 ',NULL,'Ultrablock Silver 40','ultrablock_silver_40_zerkalnaya_solntcezaschitnaya_plenka_eweco.jpg',6200.00,350.00,NULL,NULL,'{,}16{=}{,}17{=}{,}18{=}{,}20{=}{,}21{=}{,}22{=}12{,}23{=}{,}24{=}{,}25{=}{,}26{=}{,}27{=}{,}','ultrablock-silver40',0,'ultrablock Silver 40 зеркальная солнцезащитная пленка','Купить Silver 40 зеркальную солнцезащитную пленку','Silver 40,  Зеркальная пленка, Серебрянная пленка для тонировки, пленка для окон',45,'244,278,289,',0,NULL,NULL,0.03,7.00,2,NULL),(315,'Bronze 10 зеркальная бронзовая пленка на окна',NULL,' 8 ','<h2>\r\nBronze 10 - зеркальная солнцезащитная бронзовая пленка\r\n</h2><p>\r\n	Металлизированная выносливая пленка с односторонней видимостью. Днем \r\nснаружи пленка выглядит как непрозрачное зеркало — вас не видно, а \r\nизнутри видно, что происходит на улице\r\n</p><ul><li>Солнцезащитная пленка бронзового цвета снаружи (с улицы),  изнутри- серебряного цвета</li><li>\r\n	Отражает 79 % инфракрасного излучения солнца (IR-cut) и 76 % всей тепловой энергии солнца (TSER).\r\n	</li><li>\r\n	Не пропускает 99% ультрафиолета и исключает блики от источников света внутри помещения.\r\n	</li><li>\r\n	Стильный цвет подходит для фасадов административных зданий, загородных домов и т.п., где неуместно использовать яркие цвета.\r\n	</li></ul>','Bronze 10 Solarblock','bronze_10_zerkalnaya_bronzovaya_plenka_na_okna_siuya.png',6900.00,400.00,NULL,NULL,'{,}16{=}{,}17{=}{,}18{=}{,}20{=}{,}21{=}{,}22{=}12{,}23{=}{,}24{=}{,}25{=}{,}26{=}{,}27{=}{,}','Bronze-10-Solarblock',0,'Bronze 10 зеркальная бронзовая солнцезащитная пленка на окна','Купить зеркальную солнцезащитную пленку бронза серебро','Bronze 10, Зеркальная пленка, Серебрянная бронзовая пленка для тонировки, пленка для окон',70,'197,293,303,',0,'','',0.03,7.00,2,5),(316,'Gold/Silver солнцезащитная пленка',NULL,' 1 ','','Solarblock Gold/Silver','gold_silver_solntcezaschitnaya_plenka_wpatl.png',8000.00,490.00,NULL,NULL,'{,}2{=}{,}3{=}{,}4{=}{,}6{=}{,}7{=}{,}8{=}5{,}9{=}{,}10{=}{,}11{=}{,}12{=}{,}13{=}{,}','solarbock-gold-silver',0,'Золотая с серебром пленка на окна ','Купить золотую с серебром (зеркалом) пленку на окна. Заказать монтаж золотой пленка на окна от 700 р/м2. Доставка любого метража от 1 пм по Москве и России.','',27,NULL,0,'','',0.03,7.00,1,NULL),(317,'Grey  серая солнцезащитная пленка',NULL,' 1 ','','Solarblock Grey','grey__seraya_solntcezaschitnaya_plenka_4w27f.png',8000.00,490.00,NULL,NULL,'{,}2{=}{,}3{=}{,}4{=}{,}6{=}{,}7{=}{,}8{=}5{,}9{=}{,}10{=}{,}11{=}{,}12{=}{,}13{=}{,}','solarblock-grey',0,'Серая солнцезащитная пленка на окна','Купить серую тонировочную пленку на окна. Заказать монтаж пленки на окна от 500 р/м2. Доставка любого метража от 1 пм по Москве и России.','',35,NULL,0,'','/tds/TDS-Solarblock-Safety-ir-cut-125-50.pdf',0.03,12.50,1,NULL),(318,'Серебрянная матовая пленка',NULL,' 4 ','<h1>Серебрянная матовая пленка на окно</h1><p>Solarblock  Matt/Silver - серебрянная матовая пленка с одной стороны матовая с серебрянным оттенком, а с другой стороны зеркальная поверхность.\r\n</p>','Solarblock  Matt/Silver','serebryannaya_matovaya_plenka_tbf2b.png',8500.00,550.00,NULL,NULL,'{,}2{=}{,}8{=}5{,}9{=}{,}10{=}{,}11{=}{,}12{=}{,}13{=}{,}','Solarblock-Matt-Silver',0,'Серебрянная матовая пленка с зеркальной поверхностью','Серебрянная матовая пленка на окна с доставкой по Москве и России, продаем любой метраж матовых пленок, выполняем монтаж матовой пленки с гарантией 5 лет.','',225,NULL,0,'','',0.03,7.00,1,NULL),(319,'Бронирующая пленка  300 мкм (широкий рулон 1,83х30м)',NULL,'','','Safety 300 (1,83)',NULL,20900.00,NULL,NULL,NULL,'{,}2{=}{,}7{=}{,}8{=}5{,}10{=}{,}11{=}{,}','safety300/183',0,'Бронирующая пленка  300 мкм (1,83)','','',531,NULL,0,'','',0.00,0.00,1,NULL);

--
