(52,'Энергосберегающая пленка','',NULL,'/info/energy-saving-film',27,1,'site/category',NULL,NULL,'{\"topmenu\":\"\",\"toprightmenu\":\"\",\"bottommenu\":\"\",\"category\":\"7\",\"columns\":\"image,name,artikul,w,v,i,t,price,price2\",\"text1\":\"<img class=\\\"protect__bg\\\" src=\\\"\\/img\\/banner_05.png\\\" width=\\\"1150\\\" height=\\\"\\\" alt=\\\"\\\" \\/>\\r\\n\\t\\t\\t\\t\\t\\t\\r\\n\\t\\t\\t\\t\\t\\t<h1 class=\\\"protect__title\\\">\\r\\n\\t\\t\\t\\t\\t\\t\\t\\u042d\\u043d\\u0435\\u0440\\u0433\\u043e\\u0441\\u0431\\u0435\\u0440\\u0435\\u0433\\u0430\\u044e\\u0449\\u0430\\u044f<br \\/>\\r\\n\\t\\t\\t\\t\\t\\t\\t\\u043f\\u0440\\u043e\\u0437\\u0440\\u0430\\u0447\\u043d\\u0430\\u044f \\u043f\\u043b\\u0435\\u043d\\u043a\\u0430 \\r\\n\\t\\t\\t\\t\\t\\t<\\/h1>\\r\\n\\t\\t\\t\\t\\t\\t\\r\\n\\t\\t\\t\\t\\t\\t<h3 class=\\\"protect__subtitle\\\">\\r\\n\\t\\t\\t\\t\\t\\t\\t\\u0421\\u043e\\u0432\\u0440\\u0435\\u043c\\u0435\\u043d\\u043d\\u044b\\u0439 \\u0441\\u043f\\u043e\\u0441\\u043e\\u0431 \\u0437\\u0430\\u0449\\u0438\\u0442\\u044b \\u0436\\u0438\\u043b\\u0438\\u0449\\u0430 \\u043e\\u0442 \\u0436\\u0430\\u0440\\u043a\\u0438\\u0445 \\u043b\\u0443\\u0447\\u0435\\u0439 \\u043b\\u0435\\u0442\\u043e\\u043c, \\u0438 \\u043e\\u0442 \\u0443\\u0442\\u0435\\u0447\\u043a\\u0438 \\u0442\\u0435\\u043f\\u043b\\u0430 \\u0437\\u0438\\u043c\\u043e\\u0439\\r\\n<\\/h3>\\r\\n\\t\\t\\t\\t\\t\\t\\r\\n\\t\\t\\t\\t\\t\\t<div class=\\\"protect__comment\\\">\\r\\n<p>\\r\\n\\t\\t\\t\\t\\t\\t\\t\\t\\u041f\\u0440\\u0438\\u043d\\u0446\\u0438\\u043f \\u0432\\u0437\\u0430\\u0438\\u043c\\u043e\\u0434\\u0435\\u0439\\u0441\\u0442\\u0432\\u0438\\u044f \\u0441  \\u0442\\u0435\\u043f\\u043b\\u043e\\u0432\\u044b\\u043c \\u0438\\u0437\\u043b\\u0443\\u0447\\u0435\\u043d\\u0438\\u0435\\u043c \\u0443  \\u044d\\u043d\\u0435\\u0440\\u0433\\u043e\\u0441\\u0431\\u0435\\u0440\\u0435\\u0433\\u0430\\u044e\\u0449\\u0438\\u0445 \\u043f\\u043b\\u0435\\u043d\\u043e\\u043a \\u043e\\u0442\\u043b\\u0438\\u0447\\u0435\\u043d \\u043e\\u0442 \\u043e\\u0431\\u044b\\u0447\\u043d\\u044b\\u0445 \\u0441\\u043e\\u043b\\u043d\\u0446\\u0435\\u043e\\u0442\\u0440\\u0430\\u0436\\u0430\\u044e\\u0449\\u0438\\u0445 \\u043f\\u043b\\u0435\\u043d\\u043e\\u043a - \\u044d\\u0442\\u043e \\u0434\\u0440\\u0443\\u0433\\u043e\\u0439 \\u043c\\u0435\\u0445\\u0430\\u043d\\u0438\\u0437\\u043c \\u0434\\u0435\\u0439\\u0441\\u0442\\u0432\\u0438\\u044f. \\u042d\\u0442\\u043e \\u043d\\u0435 \\u043f\\u043e\\u0433\\u043b\\u043e\\u0449\\u0435\\u043d\\u0438\\u0435 \\u0442\\u0435\\u043f\\u043b\\u0430, \\u0430 \\u043e\\u0442\\u0440\\u0430\\u0436\\u0435\\u043d\\u0438\\u0435, \\u0447\\u0442\\u043e \\u0441\\u043e\\u0433\\u043b\\u0430\\u0441\\u0438\\u0442\\u0435\\u0441\\u044c \\u043d\\u0435 \\u043e\\u0434\\u043d\\u043e \\u0438 \\u0442\\u043e \\u0436\\u0435. \\u042d\\u043d\\u0435\\u0440\\u0433\\u043e\\u0441\\u0431\\u0435\\u0440\\u0435\\u0433\\u0430\\u044e\\u0449\\u0438\\u0435 \\u043f\\u043b\\u0435\\u043d\\u043a\\u0438 \\u043e\\u0442\\u0440\\u0430\\u0436\\u0430\\u044e\\u0442 \\u0442\\u0435\\u043f\\u043b\\u043e. \\u0418 \\u044d\\u0442\\u043e \\u0434\\u043b\\u044f \\u0436\\u0438\\u043b\\u043e\\u0433\\u043e \\u043f\\u043e\\u043c\\u0435\\u0449\\u0435\\u043d\\u0438\\u044f \\u043f\\u043e\\u043b\\u0435\\u0437\\u043d\\u0435\\u0439 \\u0438 \\u043d\\u0443\\u0436\\u043d\\u0435\\u0439, \\u0447\\u0435\\u043c \\u043f\\u043e\\u0433\\u043b\\u043e\\u0449\\u0435\\u043d\\u0438\\u0435. \\u041f\\u043e\\u0433\\u043b\\u043e\\u0449\\u0430\\u0442\\u044c \\u0442\\u0435\\u043f\\u043b\\u043e \\u043a\\u043e\\u043c\\u043d\\u0430\\u0442\\u044b \\u0437\\u0438\\u043c\\u043e\\u0439 \\u043d\\u0435 \\u043e\\u0447\\u0435\\u043d\\u044c \\u0446\\u0435\\u043b\\u0435\\u0441\\u043e\\u043e\\u0431\\u0440\\u0430\\u0437\\u043d\\u043e, \\u0435\\u0433\\u043e \\u043d\\u0430\\u043e\\u0431\\u043e\\u0440\\u043e\\u0442 \\u043d\\u0430\\u0434\\u043e \\u0445\\u0440\\u0430\\u043d\\u0438\\u0442\\u044c.  \\u0417\\u0438\\u043c\\u043e\\u0439 \\u0442\\u0435\\u043f\\u043b\\u043e \\u043e\\u0442\\u0440\\u0430\\u0436\\u0430\\u0435\\u0442\\u0441\\u044f \\u0432\\u043e\\u0432\\u043d\\u0443\\u0442\\u0440\\u044c - \\u0432\\u044b \\u0441\\u0431\\u0435\\u0440\\u0435\\u0433\\u0430\\u0435\\u0442\\u0435 \\u044d\\u043d\\u0435\\u0440\\u0433\\u0438\\u044e \\u043d\\u0430 \\u043e\\u0442\\u043e\\u043f\\u043b\\u0435\\u043d\\u0438\\u0435, \\u0430 \\u043b\\u0435\\u0442\\u043e\\u043c  \\u043e\\u0442\\u0440\\u0430\\u0436\\u0430\\u0435\\u0442 \\u043d\\u0430\\u0440\\u0443\\u0436\\u0443 \\u2013 \\u0432\\u044b \\u044d\\u043a\\u043e\\u043d\\u043e\\u043c\\u0438\\u0442\\u0435 \\u043d\\u0430 \\u043e\\u0445\\u043b\\u0430\\u0436\\u0434\\u0435\\u043d\\u0438\\u0438.  \\u041c\\u0430\\u0441\\u0448\\u0442\\u0430\\u0431\\u044b \\u044d\\u043a\\u043e\\u043d\\u043e\\u043c\\u0438\\u0438 \\u0434\\u043e\\u0441\\u0442\\u0438\\u0433\\u0430\\u044e\\u0442 \\u0432\\u043f\\u0435\\u0447\\u0430\\u0442\\u043b\\u044f\\u044e\\u0449\\u0438\\u0445 \\u0446\\u0438\\u0444\\u0440 \\u0432 \\u0441\\u043b\\u0443\\u0447\\u0430\\u0435 \\u043a\\u043e\\u043d\\u0442\\u0440\\u0430\\u0441\\u0442\\u043d\\u043e\\u0439 \\u043f\\u043e\\u0433\\u043e\\u0434\\u044b \\u0438 \\u0431\\u043e\\u043b\\u044c\\u0448\\u043e\\u0439 \\u043f\\u043b\\u043e\\u0449\\u0430\\u0434\\u0438 \\u043e\\u0441\\u0442\\u0435\\u043a\\u043b\\u0435\\u043d\\u0438\\u044f. \\u0410 \\u044d\\u0442\\u043e \\u0438 \\u0435\\u0441\\u0442\\u044c \\u0440\\u043e\\u0441\\u0441\\u0438\\u0439\\u0441\\u043a\\u0438\\u0435 \\u0440\\u0435\\u0430\\u043b\\u0438\\u0438 \\u2013 \\u0440\\u0430\\u0437\\u043d\\u043e\\u0441\\u0442\\u044c \\u0442\\u0435\\u043c\\u043f\\u0435\\u0440\\u0430\\u0442\\u0443\\u0440 \\u0432 \\u0442\\u0435\\u0447\\u0435\\u043d\\u0438\\u0435 \\u0433\\u043e\\u0434\\u0430 \\u0438 \\u0441\\u043e\\u0432\\u0440\\u0435\\u043c\\u0435\\u043d\\u043d\\u044b\\u0435 \\u0437\\u0434\\u0430\\u043d\\u0438\\u044f \\u0438\\u0437 \\u00ab\\u0441\\u0442\\u0435\\u043a\\u043b\\u0430 \\u0438 \\u0431\\u0435\\u0442\\u043e\\u043d\\u0430\\u00bb.\\r\\n\\r\\n\\t\\t\\t\\t\\t\\t\\t<\\/p>\\r\\n<br>\\r\\n\\t\\t\\t\\t\\t\\t\\t<p>\\r\\n\\t\\t\\t\\t\\t\\t\\t\\t\\u041c\\u044b \\u043f\\u0440\\u043e\\u0434\\u0430\\u0435\\u043c \\u043f\\u043b\\u0435\\u043d\\u043a\\u0443 \\u0446\\u0435\\u043b\\u044b\\u043c\\u0438 \\u0440\\u0443\\u043b\\u043e\\u043d\\u0430\\u043c\\u0438 (\\u0448\\u0438\\u0440\\u0438\\u043d\\u0430 \\u0440\\u0443\\u043b\\u043e\\u043d\\u0430: 1,5 \\u043c, \\u0434\\u043b\\u0438\\u043d\\u0430: 30 \\u043c, \\u043f\\u043b\\u043e\\u0449\\u0430\\u0434\\u044c: 45 \\u043c2)\\r\\n\\t\\t\\t\\t\\t\\t\\t\\t\\u0438 \\u043e\\u0442\\u0440\\u0435\\u0437\\u0430\\u0435\\u043c \\u043d\\u0443\\u0436\\u043d\\u043e\\u0435 \\u0432\\u0430\\u043c \\u043a\\u043e\\u043b\\u0438\\u0447\\u0435\\u0441\\u0442\\u0432\\u043e \\u043f\\u043e\\u0433\\u043e\\u043d\\u043d\\u044b\\u0445 \\u043c\\u0435\\u0442\\u0440\\u043e\\u0432\\r\\n\\t\\t\\t\\t\\t\\t\\t<\\/p>\\r\\n\\t\\t\\t\\t\\t\\t<\\/div>\",\"text2\":\"\\t\\t\\t\\t\\t\\r\\n\\t\\t\\t\\t\\t<!-- [spectr] -->\\r\\n\\t\\t\\t\\t\\t<div class=\\\"spectr\\\">\\r\\n\\t\\t\\t\\t\\t\\t\\r\\n\\t\\t\\t\\t\\t\\t<h2>\\r\\n\\t\\t\\t\\t\\t\\t\\t\\u041a\\u0430\\u043a \\u0432\\u044b\\u0431\\u0440\\u0430\\u0442\\u044c \\u044d\\u043d\\u0435\\u0440\\u0433\\u043e\\u0441\\u0431\\u0435\\u0440\\u0435\\u0433\\u0430\\u044e\\u0449\\u0443\\u044e \\u043f\\u043b\\u0435\\u043d\\u043a\\u0443 \\u0434\\u043b\\u044f \\u043e\\u043a\\u043e\\u043d?\\r\\n\\t\\t\\t\\t\\t\\t<\\/h2>\\r\\n\\t\\t\\t\\t\\t\\t\\r\\n\\t\\t\\t\\t\\t\\t<div class=\\\"row\\\">\\r\\n\\t\\t\\t\\t\\t\\t\\t<div class=\\\"col-xs-24 col-xs-push-0 col-sm-12 col-sm-push-12\\\">\\r\\n\\t\\t\\t\\t\\t\\t\\t\\t\\r\\n\\t\\t\\t\\t\\t\\t\\t\\t<div class=\\\"spectr__graph\\\">\\r\\n\\t\\t\\t\\t\\t\\t\\t\\t\\t<div class=\\\"spectr__graph__in\\\">\\r\\n\\t\\t\\t\\t\\t\\t\\t\\t\\t\\t\\r\\n\\t\\t\\t\\t\\t\\t\\t\\t\\t\\t<div class=\\\"row\\\">\\r\\n                                                                                        <div class=\\\"col-xs-24\\\"><img src=\\\"\\/img\\/solarblock-energy-saving-film.jpeg\\\" width=\\\"100%\\\" alt=\\\"\\\" \\/><\\/div>\\r\\n\\t\\t\\t\\t\\t\\t\\t\\t\\t\\t\\t<!-- <div class=\\\"col-xs-12\\\">\\r\\n\\t\\t\\t\\t\\t\\t\\t\\t\\t\\t\\t\\t<span class=\\\"spectr__graph__title\\\">\\u041f\\u0440\\u043e\\u0446\\u0435\\u043d\\u0442 \\u0437\\u0430\\u0449\\u0438\\u0442\\u044b \\u043e\\u0442 \\u0441\\u043e\\u043b\\u043d\\u0435\\u0447\\u043d\\u043e\\u0439 \\u044d\\u043d\\u0435\\u0440\\u0433\\u0438\\u0438<\\/span>\\r\\n\\t\\t\\t\\t\\t\\t\\t\\t\\t\\t\\t\\t<img src=\\\"\\/img\\/data\\/main\\/article\\/warm.png\\\" width=\\\"235\\\" alt=\\\"\\\" \\/>\\r\\n\\t\\t\\t\\t\\t\\t\\t\\t\\t\\t\\t<\\/div>\\r\\n\\t\\t\\t\\t\\t\\t\\t\\t\\t\\t\\t<div class=\\\"col-xs-12\\\">\\r\\n\\t\\t\\t\\t\\t\\t\\t\\t\\t\\t\\t\\t<div class=\\\"spectr__graph__content\\\">\\r\\n\\t\\t\\t\\t\\t\\t\\t\\t\\t\\t\\t\\t\\t<p>\\r\\n\\t\\t\\t\\t\\t\\t\\t\\t\\t\\t\\t\\t\\t\\t<strong>TSER (Total Solar Energy Rejected)<\\/strong> &mdash; \\u043f\\u0440\\u043e\\u0446\\u0435\\u043d\\u0442 \\u043e\\u0442\\u0440\\u0430\\u0436\\u0435\\u043d\\u0438\\u044f \\u043e\\u0431\\u0449\\u0435\\u0439 \\u0442\\u0435\\u043f\\u043b\\u043e\\u0432\\u043e\\u0439 \\u044d\\u043d\\u0435\\u0440\\u0433\\u0438\\u0438 \\u0441\\u043e\\u043b\\u043d\\u0446\\u0430 (\\u0432\\u0441\\u0435 \\u0441\\u043f\\u0435\\u043a\\u0442\\u0440\\u044b).\\r\\n\\t\\t\\t\\t\\t\\t\\t\\t\\t\\t\\t\\t\\t<\\/p>\\r\\n\\t\\t\\t\\t\\t\\t\\t\\t\\t\\t\\t\\t\\t<p>\\r\\n\\t\\t\\t\\t\\t\\t\\t\\t\\t\\t\\t\\t\\t\\t<strong>IR-cut (Infrared Rays)<\\/strong> &mdash; \\u043f\\u0440\\u043e\\u0446\\u0435\\u043d\\u0442 \\u043e\\u0442\\u0440\\u0430\\u0436\\u0435\\u043d\\u0438\\u044f \\u0438\\u043d\\u0444\\u0440\\u0430\\u043a\\u0440\\u0430\\u0441\\u043d\\u043e\\u0433\\u043e \\u0438\\u0437\\u043b\\u0443\\u0447\\u0435\\u043d\\u0438\\u044f. \\u042d\\u0442\\u043e\\u0442 \\u043f\\u0440\\u043e\\u0446\\u0435\\u043d\\u0442 \\u044d\\u043d\\u0435\\u0440\\u0433\\u0438\\u0438, \\u043d\\u0435\\u0441\\u0443\\u0449\\u0435\\u0439 \\u0442\\u0435\\u043f\\u043b\\u043e, \\u043e\\u0442\\u0440\\u0430\\u0436\\u0430\\u0435\\u0442\\u0441\\u044f \\u0438 \\u043d\\u0435 \\u043f\\u043e\\u043f\\u0430\\u0434\\u0430\\u0435\\u0442 \\u0432 \\u043f\\u043e\\u043c\\u0435\\u0449\\u0435\\u043d\\u0438\\u0435.\\r\\n\\t\\t\\t\\t\\t\\t\\t\\t\\t\\t\\t\\t\\t<\\/p>\\r\\n\\t\\t\\t\\t\\t\\t\\t\\t\\t\\t\\t\\t<\\/div>\\r\\n\\t\\t\\t\\t\\t\\t\\t\\t\\t\\t\\t<\\/div>-->\\r\\n\\t\\t\\t\\t\\t\\t\\t\\t\\t\\t<\\/div>\\r\\n\\t\\t\\t\\t\\t\\t\\t\\t\\t\\t\\r\\n\\t\\t\\t\\t\\t\\t\\t\\t\\t\\t\\r\\n\\t\\t\\t\\t\\t\\t\\t\\t\\t<\\/div>\\r\\n\\t\\t\\t\\t\\t\\t\\t\\t<\\/div>\\r\\n\\t\\t\\t\\t\\t\\t\\t\\t\\r\\n\\t\\t\\t\\t\\t\\t\\t<\\/div>\\t\\t\\t\\r\\n\\t\\t\\t\\t\\t\\t\\t\\r\\n\\t\\t\\t\\t\\t\\t\\t<div class=\\\"col-xs-24 col-xs-pull-0 col-sm-12 col-sm-pull-12\\\">\\r\\n\\t\\t\\t\\t\\t\\t\\t\\t\\r\\n\\t\\t\\t\\t\\t\\t\\t\\t<article class=\\\"spectr__article\\\">\\r\\n\\t\\t\\t\\t\\t\\t\\t\\t\\t\\r\\n\\t\\t\\t\\t\\t\\t\\t\\t\\t\\r\\n\\t\\t\\t\\t\\t\\t\\t\\t\\t\\r\\n\\t\\t\\t\\t\\t\\t\\t\\t\\t\\r\\n\\t\\t\\t\\t\\t\\t\\t\\t\\t\\r\\n\\t\\t\\t\\t\\t\\t\\t\\t<p>\\r\\n\\t\\t\\t\\t\\t\\t\\t\\t\\u041f\\u0440\\u043e\\u0437\\u0440\\u0430\\u0447\\u043d\\u044b\\u0435 \\u044d\\u043d\\u0435\\u0440\\u0433\\u043e\\u0441\\u0431\\u0435\\u0440\\u0435\\u0433\\u0430\\u044e\\u0449\\u0438\\u0435 \\u043f\\u043b\\u0435\\u043d\\u043a\\u0438 \\u043e\\u0442\\u043b\\u0438\\u0447\\u0430\\u044e\\u0442\\u0441\\u044f \\u043f\\u0440\\u043e\\u0437\\u0440\\u0430\\u0447\\u043d\\u043e\\u0441\\u0442\\u044c\\u044e, \\u0442\\u0435\\u043f\\u043b\\u043e\\u043e\\u0442\\u0440\\u0430\\u0436\\u0435\\u043d\\u0438\\u0435 (\\u044d\\u043d\\u0435\\u0440\\u0433\\u043e\\u0441\\u0431\\u0435\\u0440\\u0435\\u0436\\u0435\\u043d\\u0438\\u0435\\u043c), \\u0446\\u0432\\u0435\\u0442\\u043e\\u043c \\u0438 \\u0434\\u0430\\u0436\\u0435 \\u0442\\u043e\\u043b\\u0449\\u0438\\u043d\\u043e\\u0439. \\u041c\\u044b \\u043f\\u0440\\u0435\\u0434\\u043b\\u0430\\u0433\\u0430\\u0435\\u043c \\u0434\\u0432\\u0435 \\u0432\\u044b\\u0441\\u043e\\u043a\\u043e\\u043a\\u0430\\u0447\\u0435\\u0441\\u0442\\u0432\\u0435\\u043d\\u043d\\u044b\\u0435 \\u043f\\u043b\\u0435\\u043d\\u043a\\u0438 \\u0441 \\u043e\\u0434\\u0438\\u043d\\u0430\\u043a\\u043e\\u0432\\u043e\\u0439 \\u043f\\u0440\\u043e\\u0437\\u0440\\u0430\\u0447\\u043d\\u043e\\u0441\\u0442\\u044c\\u044e \\u0441 \\u043d\\u0435\\u0431\\u043e\\u043b\\u044c\\u0448\\u0438\\u043c \\u0441\\u0438\\u043d\\u0435\\u0432\\u0430\\u0442\\u044b\\u043c \\u043e\\u0442\\u0442\\u0435\\u043d\\u043a\\u043e\\u043c. \\u0418\\u0445 \\u043e\\u0442\\u043b\\u0438\\u0447\\u0438\\u0435  \\u0432 \\u043a\\u043e\\u044d\\u0444\\u0444\\u0438\\u0446\\u0438\\u0435\\u043d\\u0442\\u0435 \\u0442\\u0435\\u043f\\u043b\\u043e\\u043e\\u0442\\u0440\\u0430\\u0436\\u0435\\u043d\\u0438\\u044f. <a href =\\\"\\/product\\/ircut7080se.htm.htm\\\">Solarblock IR-cut 7080<\\/a> \\u043e\\u0442\\u0440\\u0430\\u0436\\u0430\\u0435\\u0442 80 % \\u0442\\u0435\\u043f\\u043b\\u043e\\u0432\\u043e\\u0439 \\u044d\\u043d\\u0435\\u0440\\u0433\\u0438\\u0438 \\u0438 \\u0441\\u043e\\u0445\\u0440\\u0430\\u043d\\u0438\\u0442 \\u0432 \\u043a\\u043e\\u043c\\u043d\\u0430\\u0442\\u0435 \\u043e\\u043a\\u043e\\u043b\\u043e 5 - 7 &#8451;, \\u0430 \\u043f\\u043b\\u0435\\u043d\\u043a\\u0430 <a href =\\\"\\/product\\/ircut7060se.htm.htm\\\">Solarblock IR-cut 7060<\\/a> \\u043e\\u0442\\u0440\\u0430\\u0436\\u0430\\u0435\\u0442 66 % \\u0442\\u0435\\u043f\\u043b\\u043e\\u0432\\u043e\\u0439 \\u044d\\u043d\\u0435\\u0440\\u0433\\u0438\\u0438 \\u0438  \\u0441\\u043e\\u0445\\u0440\\u0430\\u043d\\u0438\\u0442 \\u0432 \\u043a\\u043e\\u043c\\u043d\\u0430\\u0442\\u0435 \\u043e\\u043a\\u043e\\u043b\\u043e 3 - 5 &#8451;.\\r\\n\\t\\r\\n\\t\\t\\t\\t\\t\\t\\t<\\/p>\\r\\n\\t\\t\\t\\t\\t\\t\\t\\r\\n\\t\\t\\t\\t\\t\\t\\t\\t\\t\\r\\n\\t\\t\\t\\t\\t\\t\\t\\t<\\/article>\\r\\n\\t\\t\\t\\t\\t\\t\\t\\t\\r\\n\\t\\t\\t\\t\\t\\t\\t<\\/div>\\r\\n\\t\\t\\t\\t\\t\\t<\\/div>\\r\\n\\t\\t\\t\\t\\t\\t\\r\\n\\t\\t\\t\\t\\t<\\/div>\\r\\n\\t\\t\\t\\t\\t<!-- [\\/spectr] -->\\r\\n\\t\\t\\t\\t\\t\\r\\n\\t\\t\\t\\t\\t<div class=\\\"protect-article\\\">\\r\\n\\t\\t\\t\\t\\t\\t\\r\\n\\t\\t\\t\\t\\t\\t<h2 class=\\\"content__title\\\">\\r\\n\\t\\t\\t\\t\\t\\t\\t<span>\\u0422\\u043e\\u043d\\u0438\\u0440\\u043e\\u0432\\u043a\\u0430 \\u043e\\u043a\\u043e\\u043d \\u044d\\u043d\\u0435\\u0440\\u0433\\u043e\\u0441\\u0431\\u0435\\u0440\\u0435\\u0433\\u0430\\u044e\\u0449\\u0435\\u0439 \\u043f\\u043b\\u0435\\u043d\\u043a\\u043e\\u0439<\\/span>\\r\\n\\t\\t\\t\\t\\t\\t<\\/h2>\\r\\n\\t\\t\\t\\t\\t\\t\\r\\n\\t\\t\\t\\t\\t\\t<h4>\\r\\n\\t\\t\\t\\t\\t\\t\\t\\u041c\\u044b \\u043c\\u043e\\u0436\\u0435\\u043c \\u0437\\u0430\\u0442\\u043e\\u043d\\u0438\\u0440\\u043e\\u0432\\u0430\\u0442\\u044c \\u043e\\u043a\\u043d\\u0430 \\u0432 \\u0432\\u0430\\u0448\\u0435\\u0439 \\u043a\\u0432\\u0430\\u0440\\u0442\\u0438\\u0440\\u0435,\\r\\n\\t\\t\\t\\t\\t\\t\\t\\u043e\\u0444\\u0438\\u0441\\u0435, \\u043c\\u0430\\u0433\\u0430\\u0437\\u0438\\u043d\\u0435 \\u0438 \\u043d\\u0430 \\u0434\\u0430\\u0447\\u0435\\r\\n\\t\\t\\t\\t\\t\\t<\\/h4>\\r\\n\\t\\t\\t\\t\\t\\t\\r\\n\\t\\t\\t\\t\\t\\t<div class=\\\"let-us\\\">\\r\\n\\t\\t\\t\\t\\t\\t\\t<div class=\\\"row\\\">\\r\\n\\t\\t\\t\\t\\t\\t\\t\\t<div class=\\\"col-xs-24 col-sm-12\\\">\\r\\n\\t\\t\\t\\t\\t\\t\\t\\t\\t<div class=\\\"let-us__content\\\">\\r\\n\\t\\t\\t\\t\\t\\t\\t\\t\\t\\t<p>\\r\\n\\t\\t\\t\\t\\t\\t\\t\\t\\t\\t\\t\\u0421\\u0442\\u043e\\u0438\\u043c\\u043e\\u0441\\u0442\\u044c \\u043c\\u043e\\u043d\\u0442\\u0430\\u0436\\u0430  \\u043e\\u0442 1200 \\u0440\\u0443\\u0431.\\/\\u043c<sup>2<\\/sup>, \\u0432 \\u0446\\u0435\\u043d\\u0443 \\u0432\\u043a\\u043b\\u044e\\u0447\\u0435\\u043d\\u0430 \\u0440\\u0430\\u0431\\u043e\\u0442\\u0430 \\u0438 \\u043f\\u043b\\u0435\\u043d\\u043a\\u0430.\\r\\n\\t\\t\\t\\t\\t\\t\\t\\t\\t\\t\\t\\r\\n\\t\\t\\t\\t\\t\\t\\t\\t\\t\\t<\\/p>\\r\\n\\t\\t\\t\\t\\t\\t\\t\\t\\t<\\/div>\\r\\n\\t\\t\\t\\t\\t\\t\\t\\t<\\/div>\\r\\n\\t\\t\\t\\t\\t\\t\\t\\t<div class=\\\"col-xs-24 col-sm-12\\\">\\r\\n\\t\\t\\t\\t\\t\\t\\t\\t\\t<a class=\\\"price-list\\\" href=\\\"\\/tonirovka\\/\\\"><i class=\\\"icons icons--order\\\"><\\/i><span class=\\\"decorate\\\">\\u0417\\u0430\\u043f\\u043e\\u043b\\u043d\\u0438\\u0442\\u0435&nbsp;\\u0444\\u043e\\u0440\\u043c\\u0443 \\u0434\\u043b\\u044f \\u0437\\u0430\\u043a\\u0430\\u0437\\u0430<br \\/>\\u0442\\u043e\\u043d\\u0438\\u0440\\u043e\\u0432\\u043a\\u0438 \\u043e\\u043a\\u043e\\u043d \\u0442\\u0435\\u043f\\u043b\\u043e\\u0437\\u0430\\u0449\\u0438\\u0442\\u043d\\u043e\\u0439 \\u043f\\u043b\\u0435\\u043d\\u043a\\u0438<\\/span><\\/a>\\r\\n\\t\\t\\t\\t\\t\\t\\t\\t<\\/div>\\r\\n\\t\\t\\t\\t\\t\\t\\t<\\/div>\\r\\n\\t\\t\\t\\t\\t\\t<\\/div>\\r\\n\\t\\t\\t\\t\\t\\t\\r\\n\\t\\t\\t\\t\\t\\t<!--div class=\\\"protect-article__content\\\">\\r\\n\\t\\t\\t\\t\\t\\t\\t<h4>\\r\\n\\t\\t\\t\\t\\t\\t\\t\\t\\u041a\\u0430\\u043a \\u0432\\u044b\\u0431\\u0440\\u0430\\u0442\\u044c \\u044d\\u043d\\u0435\\u0440\\u0433\\u043e\\u0441\\u0431\\u0435\\u0440\\u0435\\u0433\\u0430\\u044e\\u0449\\u0443\\u044e \\u043f\\u043b\\u0435\\u043d\\u043a\\u0443 \\u0434\\u043b\\u044f \\u043e\\u043a\\u043e\\u043d?\\r\\n\\t\\t\\t\\t\\t\\t\\t<\\/h4>\\r\\n\\t\\t\\t\\t\\t\\t\\t\\r\\n\\t\\t\\t\\t\\t\\t\\t<p>\\r\\n\\t\\t\\t\\t\\t\\t\\t\\t\\u041f\\u0440\\u043e\\u0437\\u0440\\u0430\\u0447\\u043d\\u044b\\u0435 \\u044d\\u043d\\u0435\\u0440\\u0433\\u043e\\u0441\\u0431\\u0435\\u0440\\u0435\\u0433\\u0430\\u044e\\u0449\\u0438\\u0435 \\u043f\\u043b\\u0435\\u043d\\u043a\\u0438 \\u043e\\u0442\\u043b\\u0438\\u0447\\u0430\\u044e\\u0442\\u0441\\u044f \\u043f\\u0440\\u043e\\u0437\\u0440\\u0430\\u0447\\u043d\\u043e\\u0441\\u0442\\u044c\\u044e, \\u0442\\u0435\\u043f\\u043b\\u043e\\u043e\\u0442\\u0440\\u0430\\u0436\\u0435\\u043d\\u0438\\u0435 (\\u044d\\u043d\\u0435\\u0440\\u0433\\u043e\\u0441\\u0431\\u0435\\u0440\\u0435\\u0436\\u0435\\u043d\\u0438\\u0435\\u043c), \\u0446\\u0432\\u0435\\u0442\\u043e\\u043c \\u0438 \\u0434\\u0430\\u0436\\u0435 \\u0442\\u043e\\u043b\\u0449\\u0438\\u043d\\u043e\\u0439. \\u041c\\u044b \\u043f\\u0440\\u0435\\u0434\\u043b\\u0430\\u0433\\u0430\\u0435\\u043c \\u0434\\u0432\\u0435 \\u0432\\u044b\\u0441\\u043e\\u043a\\u043e\\u043a\\u0430\\u0447\\u0435\\u0441\\u0442\\u0432\\u0435\\u043d\\u043d\\u044b\\u0435 \\u043f\\u043b\\u0435\\u043d\\u043a\\u0438 \\u0441 \\u043e\\u0434\\u0438\\u043d\\u0430\\u043a\\u043e\\u0432\\u043e\\u0439 \\u043f\\u0440\\u043e\\u0437\\u0440\\u0430\\u0447\\u043d\\u043e\\u0441\\u0442\\u044c\\u044e \\u0441 \\u043d\\u0435\\u0431\\u043e\\u043b\\u044c\\u0448\\u0438\\u043c \\u0441\\u0438\\u043d\\u0435\\u0432\\u0430\\u0442\\u044b\\u043c \\u043e\\u0442\\u0442\\u0435\\u043d\\u043a\\u043e\\u043c. \\u0418\\u0445 \\u043e\\u0442\\u043b\\u0438\\u0447\\u0438\\u0435  \\u0432 \\u043a\\u043e\\u044d\\u0444\\u0444\\u0438\\u0446\\u0438\\u0435\\u043d\\u0442\\u0435 \\u0442\\u0435\\u043f\\u043b\\u043e\\u043e\\u0442\\u0440\\u0430\\u0436\\u0435\\u043d\\u0438\\u044f. <a href =\\\"\\/product\\/ircut7080se.htm.htm\\\">Solarblock IR-cut 7080<\\/a> \\u043e\\u0442\\u0440\\u0430\\u0436\\u0430\\u0435\\u0442 80 % \\u0442\\u0435\\u043f\\u043b\\u043e\\u0432\\u043e\\u0439 \\u044d\\u043d\\u0435\\u0440\\u0433\\u0438\\u0438 \\u0438 \\u0441\\u043e\\u0445\\u0440\\u0430\\u043d\\u0438\\u0442 \\u0432 \\u043a\\u043e\\u043c\\u043d\\u0430\\u0442\\u0435 \\u043e\\u043a\\u043e\\u043b\\u043e 5 - 7 &#8451;, \\u0430 \\u043f\\u043b\\u0435\\u043d\\u043a\\u0430 <a href =\\\"\\/product\\/ircut7060se.htm.htm\\\">Solarblock IR-cut 7060<\\/a> \\u043e\\u0442\\u0440\\u0430\\u0436\\u0430\\u0435\\u0442 66 % \\u0442\\u0435\\u043f\\u043b\\u043e\\u0432\\u043e\\u0439 \\u044d\\u043d\\u0435\\u0440\\u0433\\u0438\\u0438 \\u0438  \\u0441\\u043e\\u0445\\u0440\\u0430\\u043d\\u0438\\u0442 \\u0432 \\u043a\\u043e\\u043c\\u043d\\u0430\\u0442\\u0435 \\u043e\\u043a\\u043e\\u043b\\u043e 3 - 5 &#8451;.\\r\\n\\t\\r\\n\\t\\t\\t\\t\\t\\t\\t<\\/p>\\r\\n\\t\\t\\t\\t\\t\\t\\t\\r\\n\\t\\t\\t\\t\\t\\t<div -->\\r\\n\\t\\t\\t\\t\\t\\t\\r\\n\\t\\t\\t\\t\\t<div>\"}','Энергосберегающая пленка на окна. Купить. Наклеить.','Купить энергосберегающую пленку на окна. Заказать монтаж энергосберегающей пленки на окна.','Энергосберегающая пленка,  Наклеить на окна энергосберегающую пленку',2),(53,'Автомобильные пленка','',NULL,'/catalog/auto-tonirovka',27,1,'site/category',NULL,NULL,'{\"topmenu\":\"\",\"toprightmenu\":\"\",\"bottommenu\":\"\",\"category\":\"15\",\"columns\":\"image,name,artikul,w,v,i,t,price,price2\",\"text1\":\"<!--img class=\\\"protect__bg\\\" src=\\\"\\/img\\/inner-title-bg.png\\\" width=\\\"1150\\\" height=\\\"300\\\" alt=\\\"\\\" \\/-->\\r\\n\\t\\t\\t\\t\\t\\t\\r\\n\\t\\t\\t\\t\\t\\t<h1 class=\\\"protect__title\\\">\\r\\n\\t\\t\\t\\t\\t\\t\\t\\u043f\\u043b\\u0435\\u043d\\u043a\\u0430\\r\\n\\t\\t\\t\\t\\t\\t\\t<br \\/>\\r\\n\\t\\t\\t\\t\\t\\t\\t\\u0410\\u0432\\u0442\\u043e\\u043c\\u043e\\u0431\\u0438\\u043b\\u044c\\u043d\\u0430\\u044f\\r\\n\\t\\t\\t\\t\\t\\t<\\/h1>\\r\\n\\t\\t\\t\\t\\t\\r\\n\\t\\t\\t\\t\\t\\r\\n\\t\\t\\t\\t\\t\\t<div class=\\\"protect__comment\\\">\\r\\n\\t\\t\\t\\t\\t\\t\\t\\t<p>\\u0412\\u044b \\u043c\\u043e\\u0436\\u0435\\u0442\\u0435 \\u043a\\u0443\\u043f\\u0438\\u0442\\u044c \\u0430\\u0432\\u0442\\u043e\\u043c\\u043e\\u0431\\u0438\\u043b\\u044c\\u043d\\u0443\\u044e \\u043f\\u043b\\u0435\\u043d\\u043a\\u0443 \\u0434\\u043b\\u044f \\u0442\\u043e\\u043d\\u0438\\u0440\\u043e\\u0432\\u043a\\u0438 \\u0441\\u0442\\u0435\\u043a\\u043e\\u043b \\u0430\\u0432\\u0442\\u043e\\u043c\\u043e\\u0431\\u0438\\u043b\\u044f. \\u041a\\u0430\\u0447\\u0435\\u0441\\u0442\\u0432\\u0435\\u043d\\u043d\\u044b\\u0435 \\u043a\\u043e\\u0440\\u0435\\u0439\\u0441\\u043a\\u0438\\u0435 \\u043f\\u043b\\u0435\\u043d\\u043a\\u0438 \\u0434\\u043b\\u044f \\u0442\\u043e\\u043d\\u0438\\u0440\\u043e\\u0432\\u043a\\u0438 \\u0441\\u0442\\u0435\\u043a\\u043e\\u043b \\u0430\\u0432\\u0442\\u043e. \\r\\n<\\/p>\\r\\n<p>\\r\\n\\t\\t\\t\\t\\t\\t\\t\\t\\u041c\\u044b \\u043f\\u0440\\u043e\\u0434\\u0430\\u0435\\u043c \\u043f\\u043b\\u0435\\u043d\\u043a\\u0443 \\u0446\\u0435\\u043b\\u044b\\u043c\\u0438 \\u0440\\u0443\\u043b\\u043e\\u043d\\u0430\\u043c\\u0438 (\\u0448\\u0438\\u0440\\u0438\\u043d\\u0430 \\u0440\\u0443\\u043b\\u043e\\u043d\\u0430: 1,5 \\u043c, \\u0434\\u043b\\u0438\\u043d\\u0430: 30 \\u043c, \\u043f\\u043b\\u043e\\u0449\\u0430\\u0434\\u044c: 45 \\u043c2)\\r\\n\\t\\t\\t\\t\\t\\t\\t\\t\\u0438 \\u043e\\u0442\\u0440\\u0435\\u0437\\u0430\\u0435\\u043c \\u043d\\u0443\\u0436\\u043d\\u043e\\u0435 \\u0432\\u0430\\u043c \\u043a\\u043e\\u043b\\u0438\\u0447\\u0435\\u0441\\u0442\\u0432\\u043e \\u043f\\u043e\\u0433\\u043e\\u043d\\u043d\\u044b\\u0445 \\u043c\\u0435\\u0442\\u0440\\u043e\\u0432 (\\u043f\\u043e\\u0441\\u043c\\u043e\\u0442\\u0440\\u0438\\u0442\\u0435 <a href =\\\"https:\\/\\/youtu.be\\/E6UzQCT9Z7U\\\" target =blank><u>\\u0432\\u0438\\u0434\\u0435\\u043e \\u043e \\u0431\\u0435\\u0440\\u0435\\u0436\\u043d\\u043e\\u0439 \\u0443\\u043f\\u0430\\u043a\\u043e\\u0432\\u043a\\u0435 \\u043f\\u043b\\u0435\\u043d\\u043a\\u0438<\\/u><\\/a>)\\r\\n\\t\\t\\t\\t\\t\\t\\t<\\/p>\\r\\n\\t\\t\\t\\t\\t\\t<\\/div>\",\"text2\":\"\"}','Автомобильные пленки NDFOS для тонировки стекол','Купить автомобильную пленку ndfos от 1 пм в Москве.','Купить автомобильную пленку для тонировки стекол',2),(54,'Доставка и оплата','',NULL,'/dostavka/',NULL,0,'site/text',NULL,NULL,'{\"topmenu\":\"\",\"toprightmenu\":\"\",\"bottommenu\":\"\",\"text\":\"<div class=\\\"smart-films\\\">\\r\\n\\t<h1 class=\\\"tools__title\\\">\\r\\n\\t\\u0414\\u043e\\u0441\\u0442\\u0430\\u0432\\u043a\\u0430 \\u0438 \\u043e\\u043f\\u043b\\u0430\\u0442\\u0430\\r\\n\\t<\\/h1>\\r\\n\\t<div class=\\\"smart-films__item\\\">\\r\\n\\t\\t<h4 class=\\\"smart-films__item__subtitle\\\">\\r\\n\\t\\t\\u041c\\u044b \\u043f\\u0440\\u043e\\u0434\\u0430\\u0435\\u043c \\u043f\\u043b\\u0435\\u043d\\u043a\\u0443 \\u0440\\u0443\\u043b\\u043e\\u043d\\u0430 \\u0438 \\u043f\\u043e\\u0433\\u043e\\u043d\\u043d\\u044b\\u043c\\u0438 \\u043c\\u0435\\u0442\\u0440\\u0430\\u043c\\u0438. \\u0414\\u043e\\u0441\\u0442\\u0430\\u0432\\u043b\\u044f\\u0435\\u043c \\u0437\\u0430\\u043a\\u0430\\u0437\\u044b \\u043f\\u043e \\u041c\\u043e\\u0441\\u043a\\u0432\\u0435 \\u043a\\u0443\\u0440\\u044c\\u0435\\u0440\\u043e\\u043c \\u0438 \\u0442\\u0440\\u0430\\u043d\\u0441\\u043f\\u043e\\u0440\\u0442\\u043d\\u044b\\u043c\\u0438 \\u043a\\u043e\\u043c\\u043f\\u0430\\u043d\\u0438\\u044f\\u043c\\u0438 \\u043f\\u043e \\u0420\\u043e\\u0441\\u0441\\u0438\\u0438. \\r\\n\\t\\t<\\/h4>\\r\\n\\t\\t<div class=\\\"smart-films__item__content\\\">\\r\\n\\t\\t\\t<p>\\u0414\\u043b\\u044f \\u041c\\u043e\\u0441\\u043a\\u0432\\u044b:\\r\\n\\t\\t\\t<\\/p>\\r\\n\\t\\t\\t<p>- \\u041e\\u043f\\u043b\\u0430\\u0442\\u0430 \\u043f\\u043e \\u0431\\u0435\\u0437\\u043d\\u0430\\u043b\\u0438\\u0447\\u043d\\u043e\\u043c\\u0443 \\u0440\\u0430\\u0441\\u0447\\u0435\\u0442, \\u043e\\u043f\\u043b\\u0430\\u0442\\u0430 \\u043d\\u0430 \\u0441\\u0430\\u0439\\u0442\\u0435 \\u043f\\u0440\\u0438 \\u043e\\u0444\\u043e\\u0440\\u043c\\u043b\\u0435\\u043d\\u0438\\u0438 \\u0437\\u0430\\u043a\\u0430\\u0437\\u0430 \\u0438\\u043b\\u0438 \\u043d\\u0430\\u043b\\u0438\\u0447\\u043d\\u044b\\u043c\\u0438 \\u043d\\u0430 \\u0441\\u043a\\u043b\\u0430\\u0434\\u0435 \\u0441\\u0430\\u043c\\u043e\\u0432\\u044b\\u0432\\u043e\\u0437\\u0430.\\r\\n\\t\\t\\t<\\/p>\\r\\n\\t\\t\\t<p>- \\u0414\\u043e\\u0441\\u0442\\u0430\\u0432\\u043a\\u0430 \\u043f\\u043e \\u041c\\u043e\\u0441\\u043a\\u0432\\u0435 390 \\u0440\\u0443\\u0431\\u043b\\u0435\\u0439 \\u0438\\u043b\\u0438 \\u0431\\u0435\\u0441\\u043f\\u043b\\u0430\\u0442\\u043d\\u043e\\u0435 \\u043f\\u043e\\u043b\\u0443\\u0447\\u0435\\u043d\\u0438\\u0435 \\u043d\\u0430 \\u0441\\u043a\\u043b\\u0430\\u0434\\u0435 \\u0441\\u0430\\u043c\\u043e\\u0432\\u044b\\u0432\\u043e\\u0437\\u0430 (\\u043c. \\u041b\\u0435\\u043d\\u0438\\u043d\\u0441\\u043a\\u0438\\u0439 \\u043f\\u0440\\u043e\\u0441\\u043f\\u0435\\u043a\\u0442, 2-\\u0439 \\u0414\\u043e\\u043d\\u0441\\u043a\\u043e\\u0439 \\u043f\\u0440. 9<span class=\\\"redactor-invisible-space\\\"> )<\\/span>.<br>\\r\\n\\t\\t\\t<\\/p>\\r\\n\\t\\t\\t<p><br>\\u0414\\u043b\\u044f \\u0440\\u0435\\u0433\\u0438\\u043e\\u043d\\u043e\\u0432:\\r\\n\\t\\t\\t<\\/p>\\r\\n\\t\\t\\t<p>- \\u041e\\u043f\\u043b\\u0430\\u0442\\u0430 \\u043f\\u043e \\u0431\\u0435\\u0437\\u043d\\u0430\\u043b\\u0438\\u0447\\u043d\\u043e\\u043c\\u0443 \\u0438\\u043b\\u0438 \\u043e\\u043f\\u043b\\u0430\\u0442\\u0430 \\u043d\\u0430 \\u0441\\u0430\\u0439\\u0442\\u0435 \\u043f\\u0440\\u0438 \\u043e\\u0444\\u043e\\u0440\\u043c\\u043b\\u0435\\u043d\\u0438\\u0438 \\u0437\\u0430\\u043a\\u0430\\u0437\\u0430.\\r\\n\\t\\t\\t<\\/p>\\r\\n\\t\\t\\t<p>- \\u0414\\u043e\\u0441\\u0442\\u0430\\u0432\\u043a\\u0430 \\u0434\\u043e \\u0422\\u0440\\u0430\\u043d\\u0441\\u043f\\u043e\\u0440\\u0442\\u043d\\u043e\\u0439 \\u043a\\u043e\\u043c\\u043f\\u0430\\u043d\\u0438\\u0438 \\u0431\\u0435\\u0441\\u043f\\u043b\\u0430\\u0442\\u043d\\u0430 \\u043f\\u0440\\u0438 \\u0437\\u0430\\u043a\\u0430\\u0437\\u0435 \\u0431\\u043e\\u043b\\u0435\\u0435 2 \\u0440\\u0443\\u043b\\u043e\\u043d\\u043e\\u0432.\\r\\n\\t\\t\\t<\\/p>\\r\\n\\t\\t\\t<p>- \\u0415\\u0441\\u043b\\u0438 \\u0432\\u044b \\u043a\\u0443\\u043f\\u0438\\u043b\\u0438 \\u043d\\u0435\\u0441\\u043a\\u043e\\u043b\\u044c\\u043a\\u043e \\u043f\\u043e\\u0433\\u043e\\u043d\\u043d\\u044b\\u043c \\u043c\\u0435\\u0442\\u0440\\u043e\\u0432, \\u0442\\u043e \\u043c\\u044b \\u0443\\u043f\\u0430\\u043a\\u0443\\u0435\\u043c \\u0438\\u0445 \\u0432 \\u043a\\u0430\\u0440\\u0442\\u043e\\u043d\\u043d\\u044b\\u0439 \\u0442\\u0443\\u0431\\u0443\\u0441, \\u043a\\u043e\\u0442\\u043e\\u0440\\u044b\\u0435 \\u0441\\u043e\\u0445\\u0440\\u0430\\u043d\\u0438\\u0442 \\u043f\\u043b\\u0435\\u043d\\u043a\\u0443 \\u043f\\u0440\\u0438 \\u0442\\u0440\\u0430\\u043d\\u0441\\u043f\\u043e\\u0440\\u0442\\u0438\\u0440\\u043e\\u0432\\u043a\\u0435.\\r\\n\\t\\t\\t<\\/p>\\r\\n\\t\\t\\t<p>\\u041f\\u043e \\u0420\\u043e\\u0441\\u0441\\u0438\\u0438 \\u043c\\u044b \\u0434\\u043e\\u0441\\u0442\\u0430\\u0432\\u043b\\u044f\\u0435\\u043c \\u0437\\u0430\\u043a\\u0430\\u0437\\u044b \\u0447\\u0435\\u0440\\u0435\\u0437 \\u0441\\u043b\\u0435\\u0434\\u0443\\u044e\\u0449\\u0438\\u0435 \\u0442\\u0440\\u0430\\u043d\\u0441\\u043f\\u043e\\u0440\\u0442\\u043d\\u044b\\u0435 \\u043a\\u043e\\u043c\\u043f\\u0430\\u043d\\u0438\\u0438: \\u0414\\u0435\\u043b\\u043e\\u0432\\u044b\\u0435 \\u043b\\u0438\\u043d\\u0438\\u0438, \\u041f\\u042d\\u041a, DPD, \\u0411\\u0430\\u0439\\u043a\\u0430\\u043b-\\u0421\\u0435\\u0440\\u0432\\u0438\\u0441, \\u0416\\u0435\\u043b\\u0414\\u043e\\u0440\\u042d\\u043a\\u0441\\u043f\\u0435\\u0434\\u0438\\u0446\\u0438\\u044f, \\u0421\\u0414\\u042d\\u041a, \\u042d\\u043d\\u0435\\u0440\\u0433\\u0438\\u044f.<br>\\r\\n\\t\\t\\t<\\/p>\\r\\n\\t\\t<\\/div>\\r\\n\\t<\\/div>\\r\\n\\t<br>\\r\\n<\\/div>\",\"alias\":\"\"}','Купить пленку с доставкой','Доставка пленки в регионы','Доставка пленки',2),(55,'Гарантийные обязательства на пленку','',NULL,'/guarantees/',NULL,0,'site/text',NULL,NULL,'{\"topmenu\":\"\",\"toprightmenu\":\"\",\"bottommenu\":\"\",\"text\":\"<div class=\\\"smart-films\\\">\\r\\n\\t<h1 class=\\\"tools__title\\\">\\r\\n\\t\\u0414\\u043e\\u0441\\u0442\\u0430\\u0432\\u043a\\u0430 \\u0438 \\u043e\\u043f\\u043b\\u0430\\u0442\\u0430\\r\\n\\t<\\/h1>\\r\\n\\t<div class=\\\"smart-films__item\\\">\\r\\n\\t\\t<h4 class=\\\"smart-films__item__subtitle\\\">\\r\\n\\t\\t\\u041c\\u044b \\u043f\\u0440\\u043e\\u0434\\u0430\\u0435\\u043c \\u043f\\u043b\\u0435\\u043d\\u043a\\u0443 \\u0440\\u0443\\u043b\\u043e\\u043d\\u0430 \\u0438 \\u043f\\u043e\\u0433\\u043e\\u043d\\u043d\\u044b\\u043c\\u0438 \\u043c\\u0435\\u0442\\u0440\\u0430\\u043c\\u0438. \\u0414\\u043e\\u0441\\u0442\\u0430\\u0432\\u043b\\u044f\\u0435\\u043c \\u0437\\u0430\\u043a\\u0430\\u0437\\u044b \\u043f\\u043e \\u041c\\u043e\\u0441\\u043a\\u0432\\u0435 \\u043a\\u0443\\u0440\\u044c\\u0435\\u0440\\u043e\\u043c \\u0438 \\u0442\\u0440\\u0430\\u043d\\u0441\\u043f\\u043e\\u0440\\u0442\\u043d\\u044b\\u043c\\u0438 \\u043a\\u043e\\u043c\\u043f\\u0430\\u043d\\u0438\\u044f\\u043c\\u0438 \\u043f\\u043e \\u0420\\u043e\\u0441\\u0441\\u0438\\u0438. \\r\\n\\t\\t<\\/h4>\\r\\n\\t\\t<div class=\\\"smart-films__item__content\\\">\\r\\n\\t\\t\\t<p>\\u0414\\u043b\\u044f \\u041c\\u043e\\u0441\\u043a\\u0432\\u044b:\\r\\n\\t\\t\\t<\\/p>\\r\\n\\t\\t\\t<p>- \\u041e\\u043f\\u043b\\u0430\\u0442\\u0430 \\u043f\\u043e \\u0431\\u0435\\u0437\\u043d\\u0430\\u043b\\u0438\\u0447\\u043d\\u043e\\u043c\\u0443 \\u0440\\u0430\\u0441\\u0447\\u0435\\u0442, \\u043e\\u043f\\u043b\\u0430\\u0442\\u0430 \\u043d\\u0430 \\u0441\\u0430\\u0439\\u0442\\u0435 \\u043f\\u0440\\u0438 \\u043e\\u0444\\u043e\\u0440\\u043c\\u043b\\u0435\\u043d\\u0438\\u0438 \\u0437\\u0430\\u043a\\u0430\\u0437\\u0430 \\u0438\\u043b\\u0438 \\u043d\\u0430\\u043b\\u0438\\u0447\\u043d\\u044b\\u043c\\u0438 \\u043d\\u0430 \\u0441\\u043a\\u043b\\u0430\\u0434\\u0435 \\u0441\\u0430\\u043c\\u043e\\u0432\\u044b\\u0432\\u043e\\u0437\\u0430.\\r\\n\\t\\t\\t<\\/p>\\r\\n\\t\\t\\t<p>- \\u0414\\u043e\\u0441\\u0442\\u0430\\u0432\\u043a\\u0430 \\u043f\\u043e \\u041c\\u043e\\u0441\\u043a\\u0432\\u0435 390 \\u0440\\u0443\\u0431\\u043b\\u0435\\u0439 \\u0438\\u043b\\u0438 \\u0431\\u0435\\u0441\\u043f\\u043b\\u0430\\u0442\\u043d\\u043e\\u0435 \\u043f\\u043e\\u043b\\u0443\\u0447\\u0435\\u043d\\u0438\\u0435 \\u043d\\u0430 \\u0441\\u043a\\u043b\\u0430\\u0434\\u0435 \\u0441\\u0430\\u043c\\u043e\\u0432\\u044b\\u0432\\u043e\\u0437\\u0430 (\\u043c. \\u041b\\u0435\\u043d\\u0438\\u043d\\u0441\\u043a\\u0438\\u0439 \\u043f\\u0440\\u043e\\u0441\\u043f\\u0435\\u043a\\u0442, 2-\\u0439 \\u0414\\u043e\\u043d\\u0441\\u043a\\u043e\\u0439 \\u043f\\u0440. 9<span class=\\\"redactor-invisible-space\\\"> )<\\/span>.<br>\\r\\n\\t\\t\\t<\\/p>\\r\\n\\t\\t\\t<p><br>\\u0414\\u043b\\u044f \\u0440\\u0435\\u0433\\u0438\\u043e\\u043d\\u043e\\u0432:\\r\\n\\t\\t\\t<\\/p>\\r\\n\\t\\t\\t<p>- \\u041e\\u043f\\u043b\\u0430\\u0442\\u0430 \\u043f\\u043e \\u0431\\u0435\\u0437\\u043d\\u0430\\u043b\\u0438\\u0447\\u043d\\u043e\\u043c\\u0443 \\u0438\\u043b\\u0438 \\u043e\\u043f\\u043b\\u0430\\u0442\\u0430 \\u043d\\u0430 \\u0441\\u0430\\u0439\\u0442\\u0435 \\u043f\\u0440\\u0438 \\u043e\\u0444\\u043e\\u0440\\u043c\\u043b\\u0435\\u043d\\u0438\\u0438 \\u0437\\u0430\\u043a\\u0430\\u0437\\u0430.\\r\\n\\t\\t\\t<\\/p>\\r\\n\\t\\t\\t<p>- \\u0414\\u043e\\u0441\\u0442\\u0430\\u0432\\u043a\\u0430 \\u0434\\u043e \\u0422\\u0440\\u0430\\u043d\\u0441\\u043f\\u043e\\u0440\\u0442\\u043d\\u043e\\u0439 \\u043a\\u043e\\u043c\\u043f\\u0430\\u043d\\u0438\\u0438 \\u0431\\u0435\\u0441\\u043f\\u043b\\u0430\\u0442\\u043d\\u0430 \\u043f\\u0440\\u0438 \\u0437\\u0430\\u043a\\u0430\\u0437\\u0435 \\u0431\\u043e\\u043b\\u0435\\u0435 2 \\u0440\\u0443\\u043b\\u043e\\u043d\\u043e\\u0432.\\r\\n\\t\\t\\t<\\/p>\\r\\n\\t\\t\\t<p>- \\u0415\\u0441\\u043b\\u0438 \\u0432\\u044b \\u043a\\u0443\\u043f\\u0438\\u043b\\u0438 \\u043d\\u0435\\u0441\\u043a\\u043e\\u043b\\u044c\\u043a\\u043e \\u043f\\u043e\\u0433\\u043e\\u043d\\u043d\\u044b\\u043c \\u043c\\u0435\\u0442\\u0440\\u043e\\u0432, \\u0442\\u043e \\u043c\\u044b \\u0443\\u043f\\u0430\\u043a\\u0443\\u0435\\u043c \\u0438\\u0445 \\u0432 \\u043a\\u0430\\u0440\\u0442\\u043e\\u043d\\u043d\\u044b\\u0439 \\u0442\\u0443\\u0431\\u0443\\u0441, \\u043a\\u043e\\u0442\\u043e\\u0440\\u044b\\u0435 \\u0441\\u043e\\u0445\\u0440\\u0430\\u043d\\u0438\\u0442 \\u043f\\u043b\\u0435\\u043d\\u043a\\u0443 \\u043f\\u0440\\u0438 \\u0442\\u0440\\u0430\\u043d\\u0441\\u043f\\u043e\\u0440\\u0442\\u0438\\u0440\\u043e\\u0432\\u043a\\u0435.\\r\\n\\t\\t\\t<\\/p>\\r\\n\\t\\t\\t<p>\\u041f\\u043e \\u0420\\u043e\\u0441\\u0441\\u0438\\u0438 \\u043c\\u044b \\u0434\\u043e\\u0441\\u0442\\u0430\\u0432\\u043b\\u044f\\u0435\\u043c \\u0437\\u0430\\u043a\\u0430\\u0437\\u044b \\u0447\\u0435\\u0440\\u0435\\u0437 \\u0441\\u043b\\u0435\\u0434\\u0443\\u044e\\u0449\\u0438\\u0435 \\u0442\\u0440\\u0430\\u043d\\u0441\\u043f\\u043e\\u0440\\u0442\\u043d\\u044b\\u0435 \\u043a\\u043e\\u043c\\u043f\\u0430\\u043d\\u0438\\u0438: \\u0414\\u0435\\u043b\\u043e\\u0432\\u044b\\u0435 \\u043b\\u0438\\u043d\\u0438\\u0438, \\u041f\\u042d\\u041a, DPD, \\u0411\\u0430\\u0439\\u043a\\u0430\\u043b-\\u0421\\u0435\\u0440\\u0432\\u0438\\u0441, \\u0416\\u0435\\u043b\\u0414\\u043e\\u0440\\u042d\\u043a\\u0441\\u043f\\u0435\\u0434\\u0438\\u0446\\u0438\\u044f, \\u0421\\u0414\\u042d\\u041a, \\u042d\\u043d\\u0435\\u0440\\u0433\\u0438\\u044f.<br>\\r\\n\\t\\t\\t<\\/p>\\r\\n\\t\\t<\\/div>\\r\\n\\t<\\/div>\\r\\n\\t<br>\\r\\n<\\/div>\",\"alias\":\"\"}','Гарантия качества пленки','Правила гаратнии на пленку для окон','Гарантийные обязательства на пленку',2),(56,'Результаты поиска','',NULL,'/search',1,1,'site/search',NULL,NULL,'{\"topmenu\":\"\",\"toprightmenu\":\"\",\"bottommenu\":\"\",\"text\":\"\"}','','','',1),(57,'Результаты поиска','',NULL,'/search',27,1,'site/search',NULL,NULL,'{\"topmenu\":\"\",\"toprightmenu\":\"\",\"bottommenu\":\"\",\"text\":\"\"}','Результаты поиска','','',2),(58,'Оплата прошла успешно','',NULL,'/cart/payment-success',12,3,'cart/payment-success',NULL,NULL,'{\"topmenu\":\"\",\"toprightmenu\":\"\",\"bottommenu\":\"\",\"text\":\"\"}','','','',1),(59,'Ошибка оплаты','',NULL,'/cart/payment-failed',12,3,'cart/payment-failed',NULL,NULL,'{\"topmenu\":\"\",\"toprightmenu\":\"\",\"bottommenu\":\"\",\"text\":\"\"}','','','',1);

--
-- Table structure for table `tool_images`
--

CREATE TABLE `tool_images` (
  `id` int(11) NOT NULL AUTO_INCREMENT,
  `tool_id` int(11) NOT NULL,
  `image` varchar(255) NOT NULL,
  PRIMARY KEY (`id`),
  KEY `FK_instrument_images_instruments` (`tool_id`),
  CONSTRAINT `FK_instrument_images_instruments` FOREIGN KEY (`tool_id`) REFERENCES `tools` (`id`) ON DELETE CASCADE ON UPDATE CASCADE
) ENGINE=InnoDB AUTO_INCREMENT=41 DEFAULT CHARSET=utf8;

--
-- Dumping data for table `tool_images`
--

INSERT INTO `tool_images` VALUES (4,3,'zerkalnaya__bronzovaya_plenka__bronza_10_na_-d.jpg'),(9,8,'zerkalnaya_plenka_gold_15_lgnxo.jpg'),(16,15,'broniruyuschaya_plenka_sf_200_cl__xpzep.png'),(26,11,'blue_blue__sinyaya_solntcezaschitnaya_plenka_edb6o.png'),(27,11,'blue_blue__sinyaya_solntcezaschitnaya_plenka_tsy1s.png'),(28,4,'ircut_7060_teplootrazhayuschaya_prozrachnaya_solntcezaschitnaya_plenka__kzycv.png'),(29,4,'ircut_7060_teplootrazhayuschaya_prozrachnaya_solntcezaschitnaya_plenka__52cbn.png'),(30,4,'ircut_7060_teplootrazhayuschaya_prozrachnaya_solntcezaschitnaya_plenka__beusk.png'),(31,4,'ircut_7060_teplootrazhayuschaya_prozrachnaya_solntcezaschitnaya_plenka__llblh.png'),(32,5,'silver_15_zerkalnaya_solntcezaschitnaya_cenra.png'),(33,5,'silver_15_zerkalnaya_solntcezaschitnaya_x1uf4.png'),(34,2,'silver_25_zerkalnaya_solntcezaschitnaya_plenka_wt8g1.png'),(35,2,'silver_25_zerkalnaya_solntcezaschitnaya_plenka_n-8wp.png'),(37,12,'vigonka_plastikovaya_trapetciya_10_sm_chgq_.png'),(38,14,'am07__nozh_dlya_zachistki_stekla_r1m4q.png'),(39,14,'am07__nozh_dlya_zachistki_stekla_a50x_.png'),(40,13,'tm48_nozh_raskroechnij_e5lc4.png');

--
-- Table structure for table `tools`
--

CREATE TABLE `tools` (
  `id` int(11) NOT NULL AUTO_INCREMENT,
  `name` varchar(255) DEFAULT NULL,
  `artikul` varchar(255) DEFAULT NULL,
  `image` varchar(255) DEFAULT NULL,
  `alias` varchar(255) DEFAULT NULL,
  `descr` varchar(255) DEFAULT NULL,
  `text` text,
  `price` decimal(10,2) DEFAULT NULL,
  `seo_title` varchar(255) DEFAULT NULL,
  `seo_desc` varchar(255) DEFAULT NULL,
  `seo_keywords` varchar(255) DEFAULT NULL,
  `pos` int(11) NOT NULL,
  `without_discount` tinyint(1) NOT NULL,
  `volume` decimal(10,2) NOT NULL,
  `weight` decimal(10,2) NOT NULL,
  `site` int(11) NOT NULL,
  PRIMARY KEY (`id`)
) ENGINE=InnoDB AUTO_INCREMENT=17 DEFAULT CHARSET=utf8;

--
-- Dumping data for table `tools`
--

INSERT INTO `tools` VALUES (2,'ТМ-01 Pro - держатель с полиуретановой выгонкой (15 см.)','ТМ-01','silver_25_zerkalnaya_solntcezaschitnaya_plenka_wt8g1.png','tm-01','Профессиональная выгонка для больших площадей монтажа и типов пленки. \r\n','<p>Профессиональный инструмент.  Предназначена для выгона воды из под пленки. Широкая и прочная выгонка для работы со всеми типами пленки от декоративной до бронирующей в 300 мкм.<br> </p><p><a href=\"/tools/tm-55.htm\">Купить сменную полиуритановую насадку ТМ-55</a> для ручки ТМ-01</p>',825.00,'Купить ТМ -1 широкий профессиональный держатель с полиуретановой выгонкой (15 см.)','Купить профессиональный широкий держатель с полиуретановой выгонкой (15 см.)','Купить профессиональный держатель с полиуретановой выгонкой,  купить профессиональную выгонку.',40,1,0.01,0.10,1),(3,'ТМ-55 - cменная полиуретановая  выгонка для ТМ-01 (15 см.)','ТМ-55','zerkalnaya__bronzovaya_plenka__bronza_10_na_-d.jpg','tm-55','Сменная выгонка для ТМ-01. Подходит для всех типов пленки.','<p>Сменная выгонка шириной 15 см из полиуретана для держателя ТМ-01.  Полиаретан мягкий и прочный, не оставляет  царапин на пленке. Подходит под все типы пленки от декоративной до бронирующей 300 микронной пленки. </p><p><a href=\"/tools/tm-01.htm\">Купить держатель  ТМ-01 для выгонки</a>.</p>',330.00,'Купить ТМ-55 выгонка полиуретановая для ТМ-01 (15 см.)','Купить сменную выгонку полиуретановая для ТМ-01 (15 см.)','Купить сменную выгонку для ТМ-01, купить насадку на ТМ-01, купить полиуретановую насадку на выгонку,  купить сменную выгонку из полиуретана.',45,1,0.01,0.10,1),(4,'ТМ-15 металлический держатель для резиновой выгонки (12 см)','ТМ-15','ircut_7060_teplootrazhayuschaya_prozrachnaya_solntcezaschitnaya_plenka__kzycv.png','tm-15','Прочный держатель для выгонки. Подходит для всех типов пленки.','<p>ТМ-15 металлический держатель для резиновой выгонки (12 см). Прочный и надежный инструмент для самостоятельного монтажа пленки. Подходит для всех типов пленки.</p><p><a href=\"/tools/tm-59.htm\">Купить сменную насадку ТМ-59 выгонку резиновая</a><a href=\"/tools/tm-59.htm\">ТМ-59 выгонку резиновая</a> для ТМ-15 (12 см.).</p><p><br></p>',495.00,'Купить ТМ-15 металлический держатель для выгонки.','Купить металлический держатель для резиновой выгонки.','Купить металлический держатель для выгонки, купить выгонку для самостоятельного монтажа пленки, не дорогая выгонка с металической ручкой',20,1,0.01,0.10,1),(5,'ТМ-59 выгонка резиновая для ТМ-15 (12 см.)','ТМ-59','silver_15_zerkalnaya_solntcezaschitnaya_cenra.png','tm-59','Сменная выгонка для ТМ-15. Подходит для всех типов пленки.','<p>Сменная выгонка шириной 12 см из резины для держателя ТМ-15. Мягкий и достаточно прочная выгонка, не оставляет царапин на пленке, оптимальное решение для самостоятельного монтажа пленки. Подходит под все типы пленки от декоративной до бронирующей 300 микронной пленки.\r\n</p><p><a href=\"/tools/tm-15.htm\">Купить держатель ТМ-15</a> для выгонки.\r\n</p>',255.00,'Купить ТМ-59 резиновую выгонку для ТМ-15 (12 см.)','Купить выгонку для ТМ-15 (12 см.)','Купить выгонку для самостоятельного монтажа пленки, купить не дорогую выгонку, купить сменную насадку для  ТМ-15,  купить сменную выгонку',25,1,0.01,0.10,1),(8,'ТМ-52 запасные лезвия для ТМ-48','ТМ-52','zerkalnaya_plenka_gold_15_lgnxo.jpg','tm-52','Комплект из 10 лезвий для раскроечного ножа ТМ-52','<p>Качественный сменные лезвия для раскроечного ножа. Предназначены для всех типов пленки. Позволяют точнее делать раскрой пленки и сократить ошибки при нарезке. </p>',375.00,'Купить ТМ-52 запасные лезвия для ТМ-48 (10 шт.)','Купить запасные лезвия для ТМ-48 (10 шт.)','Запасные лезвия для ТМ-48 (10 шт.)',65,1,0.01,0.10,1),(11,'ТМ-92 спрейер автоматический (1,5 литра)','ТМ-92','blue_blue__sinyaya_solntcezaschitnaya_plenka_edb6o.png','tm-92','Для распыления воды на стекло.','<p>Профессиональный водный спрейер позволяющий быстро и равномерно наносить воду на стекло. </p>',495.00,'Купить ТМ-92 спрейер автоматический (1,5 литра)','Купить спрейер автоматический (1,5 литра)','Спрейер автоматический (1,5 литра)',5,1,0.01,0.10,1),(12,'Выгонка пластиковая трапеция (10 см.)','ТМ-18','vigonka_plastikovaya_trapetciya_10_sm_chgq_.png','tm-18','Пластиковая выгонка для воды.','<p>Оптимальная по цене выгонка для самостоятельного монтажа пленки. Предназначена для всех типов пленки. <span></span></p>',65.00,'Купить пластиковую выгонку (10 см.)','Купить выгонка пластиковая трапеция (10 см.)','Выгонка пластиковая трапеция (10 см.)',50,1,0.01,0.10,1),(13,'ТМ-48 нож раскроечный','ТМ-48','tm48_nozh_raskroechnij_e5lc4.png','tm-48','Для раскроя(нарезки) всех типов пленки.','<p>Прочный раскроечный нож с качественными лезвиями. Предназначен для работы со всеми типами пленок от декоративных до бронирующих 300 микрон.</p>',275.00,'Купить ТМ-48 нож раскроечный','Купить нож раскроечный','Нож раскроечный, купить нож для пленки, купить нож для нарезки пленки, чем нарезать пленку, раскроечный нож для пленки',60,1,0.01,0.10,1),(14,'АМ-07 - нож для зачистки стекла','AM-07','am07__nozh_dlya_zachistki_stekla_r1m4q.png','am-07','Для удаления пятен и старой пленки со стекла','<p>Металический нож для очистки стекла  от пятен краски, клея, мастики и удаления старой пленки при демонтаже. Нож состоит из ручки и сменного лезвия.</p>',275.00,'Купить АМ-07 металический нож для зачистки стекла','Купить нож, скребок для очистки стекла от пятен','Купить скребок am-07, купить скребок для очистки стекла, скребок для стекла, скребок для очистки стекла',10,1,0.01,0.10,1),(15,'АМ-08 (лезвия к АМ-07)','АМ-08','broniruyuschaya_plenka_sf_200_cl__xpzep.png','am-08','10 шт запасные лезвия к АМ-07.','<p>Качественные лезвия для ножа очищающего стекла.  Комплект из 10 шт. Лезвия для очистки стекла от пятен краски, клея, мастики и удаления старой пленки при демонтаже.\r\n</p><p><a href=\"/tools/am-07.htm\">Купить нож АМ-7</a> для очистки стекла</p>',130.00,'Купить лезвия АМ-08 для ножа АМ-07','Купить запасные ножи для ножа очищающего стекла, лезвия для ножа','Купить лезвия для ножа очищающего стекло,  купить лезвия для скребка, лезвия для скребка',15,1,0.01,0.10,1),(16,'Образцы пленки Solarblock','Solarblock lite sample ','teplootrazhayuschaya_plenka__usb_sky_blue_vwxeu.png','samplesolarblock','Пленка нарезана листами формата  А4.','<p>Если вы покупаете у нас рулон пленки, то попросите нас отправить  Вам образцы пленки  Solarblock  и мы бесплатно отправил его вам.<br>Вы можете получить образцы и без покупки пленки. Для этого оплатите карточкой 150 рублей и сообщите нам почтовый адрес. Мы отправит пленку Почтой России.</p><p><span></span></p>',1.00,'Получить образецы пленки solarblock','Получить бесплатно или купить образцы пленки solarblock','образцы пленки solarblock',100,1,0.01,0.10,1);

--
-- Table structure for table `user`
--

CREATE TABLE `user` (
  `id` int(11) NOT NULL AUTO_INCREMENT,
  `username` varchar(255) NOT NULL COMMENT 'Имя пользователя',
  `first_name` varchar(255) DEFAULT NULL COMMENT 'Имя',
  `last_name` varchar(255) DEFAULT NULL COMMENT 'Фамилия',
  `email` varchar(255) DEFAULT NULL COMMENT 'Email',
  `authKey` varchar(255) DEFAULT NULL,
  `password` varchar(255) NOT NULL,
  `access_token` varchar(255) DEFAULT NULL,
  `recovery_hash` varchar(255) DEFAULT NULL,
  `created_at` datetime DEFAULT NULL,
  `updated_at` datetime DEFAULT NULL,
  PRIMARY KEY (`id`)
) ENGINE=InnoDB AUTO_INCREMENT=7 DEFAULT CHARSET=utf8;

--
-- Dumping data for table `user`
--

INSERT INTO `user` VALUES (1,'admin','Admin','Adminoff',NULL,NULL,'$2y$13$sAQR71wHipwI96Pph4nlFeMKWb5oMmuKyuKD1o1aWim5EMLCuE2uO',NULL,NULL,'2016-07-13 13:43:35','2017-07-28 10:21:45'),(6,'operator','Иван','Петров',NULL,NULL,'$2y$13$CCvOPO4pJpQ9a7aLMSsujugQumY6fUcPx.g7PQZEuvVmbZ0pn/EfO',NULL,NULL,'2017-03-02 17:03:55','2017-07-28 10:32:05');


